009
CDUS43 KDLH 150623
CLIINL


CLIMATE REPORT
NATIONAL WEATHER SERVICE DULUTH MN
119 AM CDT SUN APR 15 2018


...................................

...THE INTERNATIONAL FALLS MN CLIMATE SUMMARY FOR APRIL 14 2018...

CLIMATE NORMAL PERIOD 1981 TO 2010
CLIMATE RECORD PERIOD 1895 TO 2018


WEATHER ITEM   OBSERVED TIME   RECORD YEAR NORMAL DEPARTURE LAST
                VALUE   (LST)  VALUE       VALUE  FROM      YEAR
                                                  NORMAL
..................................................................
TEMPERATURE (F)
 YESTERDAY
  MAXIMUM         33    452 PM  77    1958  51    -18       67
  MINIMUM         19    727 AM   0    1926  27     -8       34
  AVERAGE         26                        39    -13       51

PRECIPITATION (IN)
  YESTERDAY        0.00          1.11 1991   0.05  -0.05     0.00
  MONTH TO DATE    0.06                      0.63  -0.57      T
  SINCE MAR 1      0.41                      1.58  -1.17     0.68
  SINCE JAN 1      2.10                      2.77  -0.67     3.43

SNOWFALL (IN)
  YESTERDAY        0.0           3.6  1991   0.2   -0.2      0.0
  MONTH TO DATE    1.5                       3.8   -2.3      0.0
  SINCE MAR 1      5.7                      11.4   -5.7      4.5
  SINCE JUL 1     60.3                      68.2   -7.9     67.8
  SNOW DEPTH       8

DEGREE DAYS
 HEATING
  YESTERDAY       39                        26     13       14
  MONTH TO DATE  635                       415    220      316
  SINCE MAR 1   1906                      1698    208     1573
  SINCE JUL 1   9686                      9281    405     8047

 COOLING
  YESTERDAY        0                         0      0        0
  MONTH TO DATE    0                         0      0        0
  SINCE MAR 1      0                         0      0        0
  SINCE JAN 1      0                         0      0        0
..................................................................


WIND (MPH)
  HIGHEST WIND SPEED    21   HIGHEST WIND DIRECTION     E (90)
  HIGHEST GUST SPEED    29   HIGHEST GUST DIRECTION     E (70)
  AVERAGE WIND SPEED    11.5


SKY COVER
  AVERAGE SKY COVER 0.0


WEATHER CONDITIONS
 THE FOLLOWING WEATHER WAS RECORDED YESTERDAY.
  NO SIGNIFICANT WEATHER WAS OBSERVED.


RELATIVE HUMIDITY (PERCENT)
 HIGHEST    52           300 AM
 LOWEST     29           300 PM
 AVERAGE    41

..........................................................


THE INTERNATIONAL FALLS MN CLIMATE NORMALS FOR TODAY
                         NORMAL    RECORD    YEAR
 MAXIMUM TEMPERATURE (F)   51        78      1913
 MINIMUM TEMPERATURE (F)   27         5      2014


SUNRISE AND SUNSET
APRIL 15 2018.........SUNRISE   623 AM CDT   SUNSET   805 PM CDT
APRIL 16 2018.........SUNRISE   621 AM CDT   SUNSET   806 PM CDT


-  INDICATES NEGATIVE NUMBERS.
R  INDICATES RECORD WAS SET OR TIED.
MM INDICATES DATA IS MISSING.
T  INDICATES TRACE AMOUNT.




$$
