000
CDUS43 KDLH 132225
CLIINL


CLIMATE REPORT
NATIONAL WEATHER SERVICE DULUTH MN
522 PM CDT SUN MAY 13 2018


...................................

...THE INTERNATIONAL FALLS CLIMATE SUMMARY FOR MAY 13 2018...
VALID TODAY AS OF 0500 PM LOCAL TIME.

CLIMATE NORMAL PERIOD 1981 TO 2010
CLIMATE RECORD PERIOD 1895 TO 2018


WEATHER ITEM   OBSERVED TIME   RECORD YEAR NORMAL DEPARTURE LAST
                VALUE   (LST)  VALUE       VALUE  FROM      YEAR
                                                  NORMAL
..................................................................
TEMPERATURE (F)
 TODAY
  MAXIMUM         76    326 PM  87    1977  64     12       61
  MINIMUM         39    405 AM  22    1997  38      1       40
                                      1953
  AVERAGE         58                        51      7       51

PRECIPITATION (IN)
  TODAY            0.00          0.80 1924   0.09  -0.09      T
  MONTH TO DATE    0.58                      1.07  -0.49     0.19
  SINCE MAR 1      1.29                      3.55  -2.26     2.45
  SINCE JAN 1      2.98                      4.74  -1.76     5.20

SNOWFALL (IN)
  TODAY            0.0           T           0.0    0.0      0.0
  MONTH TO DATE    0.0                       0.2   -0.2      0.0
  SINCE JUL 1     62.2                      71.0   -8.8     70.4
  SNOW DEPTH       0

DEGREE DAYS
 HEATING
  TODAY            7                        14     -7       14
  MONTH TO DATE  197                       213    -16      237
  SINCE MAR 1   2479                      2268    211     2243
  SINCE JUL 1  10259                      9851    408     8717

 COOLING
  TODAY            0                         0      0        0
  MONTH TO DATE    0                         0      0        0
  SINCE MAR 1      1                         1      0        0
  SINCE JAN 1      1                         1      0        0
..................................................................


WIND (MPH)
  HIGHEST WIND SPEED    18   HIGHEST WIND DIRECTION     W (270)
  HIGHEST GUST SPEED    27   HIGHEST GUST DIRECTION     W (250)


SKY COVER
  AVERAGE SKY COVER 0.1


WEATHER CONDITIONS
 THE FOLLOWING WEATHER WAS RECORDED TODAY.
  NO SIGNIFICANT WEATHER WAS OBSERVED.


RELATIVE HUMIDITY (PERCENT)
 HIGHEST    76          1200 AM
 LOWEST     26          1100 AM
 AVERAGE    51

..........................................................


THE INTERNATIONAL FALLS CLIMATE NORMALS FOR TOMORROW
                         NORMAL    RECORD    YEAR
 MAXIMUM TEMPERATURE (F)   64        89      1991
 MINIMUM TEMPERATURE (F)   38        24      2004
                                             1921


SUNRISE AND SUNSET
MAY 13 2018...........SUNRISE   535 AM CDT   SUNSET   845 PM CDT
MAY 14 2018...........SUNRISE   534 AM CDT   SUNSET   847 PM CDT


-  INDICATES NEGATIVE NUMBERS.
R  INDICATES RECORD WAS SET OR TIED.
MM INDICATES DATA IS MISSING.
T  INDICATES TRACE AMOUNT.




$$
