847
CDUS43 KDLH 130636
CLIINL


CLIMATE REPORT
NATIONAL WEATHER SERVICE DULUTH MN
135 AM CDT FRI APR 13 2018


...................................

...THE INTERNATIONAL FALLS MN CLIMATE SUMMARY FOR APRIL 12 2018...

CLIMATE NORMAL PERIOD 1981 TO 2010
CLIMATE RECORD PERIOD 1895 TO 2018


WEATHER ITEM   OBSERVED TIME   RECORD YEAR NORMAL DEPARTURE LAST
                VALUE   (LST)  VALUE       VALUE  FROM      YEAR
                                                  NORMAL
..................................................................
TEMPERATURE (F)
 YESTERDAY
  MAXIMUM         40    438 PM  71    1918  50    -10       62
  MINIMUM         22   1153 PM   4    1950  26     -4       22
  AVERAGE         31                        38     -7       42

PRECIPITATION (IN)
  YESTERDAY        T             1.05 1916   0.05  -0.05     0.00
  MONTH TO DATE    0.06                      0.53  -0.47      T
  SINCE MAR 1      0.41                      1.48  -1.07     0.68
  SINCE JAN 1      2.10                      2.67  -0.57     3.43

SNOWFALL (IN)
  YESTERDAY        T             7.5  1972   0.3   -0.3      0.0
  MONTH TO DATE    1.5                       3.3   -1.8      0.0
  SINCE MAR 1      5.7                      10.9   -5.2      4.5
  SINCE JUL 1     60.3                      67.7   -7.4     67.8
  SNOW DEPTH      10

DEGREE DAYS
 HEATING
  YESTERDAY       34                        27      7       23
  MONTH TO DATE  558                       362    196      281
  SINCE MAR 1   1829                      1645    184     1538
  SINCE JUL 1   9609                      9228    381     8012

 COOLING
  YESTERDAY        0                         0      0        0
  MONTH TO DATE    0                         0      0        0
  SINCE MAR 1      0                         0      0        0
  SINCE JAN 1      0                         0      0        0
..................................................................


WIND (MPH)
  HIGHEST WIND SPEED    14   HIGHEST WIND DIRECTION     N (360)
  HIGHEST GUST SPEED    17   HIGHEST GUST DIRECTION    NE (30)
  AVERAGE WIND SPEED     5.8


SKY COVER
  AVERAGE SKY COVER 0.5


WEATHER CONDITIONS
 THE FOLLOWING WEATHER WAS RECORDED YESTERDAY.
  LIGHT SNOW
  FOG
  HAZE


RELATIVE HUMIDITY (PERCENT)
 HIGHEST    85           500 AM
 LOWEST     27           400 PM
 AVERAGE    56

..........................................................


THE INTERNATIONAL FALLS MN CLIMATE NORMALS FOR TODAY
                         NORMAL    RECORD    YEAR
 MAXIMUM TEMPERATURE (F)   50        77      1910
 MINIMUM TEMPERATURE (F)   26         7      1950


SUNRISE AND SUNSET
APRIL 13 2018.........SUNRISE   627 AM CDT   SUNSET   802 PM CDT
APRIL 14 2018.........SUNRISE   625 AM CDT   SUNSET   803 PM CDT


-  INDICATES NEGATIVE NUMBERS.
R  INDICATES RECORD WAS SET OR TIED.
MM INDICATES DATA IS MISSING.
T  INDICATES TRACE AMOUNT.




$$
