000
CDUS43 KDLH 031339
CLIINL


CLIMATE REPORT
NATIONAL WEATHER SERVICE DULUTH MN
835 AM CDT TUE APR 3 2018


...................................

...THE INTERNATIONAL FALLS MN CLIMATE SUMMARY FOR APRIL 2 2018...

CLIMATE NORMAL PERIOD 1981 TO 2010
CLIMATE RECORD PERIOD 1895 TO 2018


WEATHER ITEM   OBSERVED TIME   RECORD YEAR NORMAL DEPARTURE LAST
                VALUE   (LST)  VALUE       VALUE  FROM      YEAR
                                                  NORMAL
..................................................................
TEMPERATURE (F)
 YESTERDAY
  MAXIMUM         22    544 PM  72    2010  44    -22       61
  MINIMUM         10   1159 PM -12    1954  21    -11       32
  AVERAGE         16                        32    -16       47

PRECIPITATION (IN)
  YESTERDAY        T             1.35 1963   0.04  -0.04     0.00
  MONTH TO DATE    T                         0.08  -0.08      T
  SINCE MAR 1      0.35                      1.03  -0.68     0.68
  SINCE JAN 1      2.04                      2.22  -0.18     3.43

SNOWFALL (IN)
  YESTERDAY        T             3.1  1960   0.3   -0.3      0.0
  MONTH TO DATE    T                         0.6   -0.6      0.0
  SINCE MAR 1      4.2                       8.2   -4.0      4.5
  SINCE JUL 1     58.8                      65.0   -6.2     67.8
  SNOW DEPTH      10

DEGREE DAYS
 HEATING
  YESTERDAY       49                        33     16       18
  MONTH TO DATE   96                        66     30       43
  SINCE MAR 1   1367                      1349     18     1300
  SINCE JUL 1   9147                      8932    215     7774

 COOLING
  YESTERDAY        0                         0      0        0
  MONTH TO DATE    0                         0      0        0
  SINCE MAR 1      0                         0      0        0
  SINCE JAN 1      0                         0      0        0
..................................................................


WIND (MPH)
  HIGHEST WIND SPEED    12   HIGHEST WIND DIRECTION     N (360)
  HIGHEST GUST SPEED    17   HIGHEST GUST DIRECTION    SW (240)
  AVERAGE WIND SPEED     6.1


SKY COVER
  AVERAGE SKY COVER 0.3


WEATHER CONDITIONS
 THE FOLLOWING WEATHER WAS RECORDED YESTERDAY.
  NO SIGNIFICANT WEATHER WAS OBSERVED.


RELATIVE HUMIDITY (PERCENT)
 HIGHEST    88           400 AM
 LOWEST     39           600 PM
 AVERAGE    64

..........................................................


THE INTERNATIONAL FALLS MN CLIMATE NORMALS FOR TODAY
                         NORMAL    RECORD    YEAR
 MAXIMUM TEMPERATURE (F)   44        74      1910
 MINIMUM TEMPERATURE (F)   22       -14      1954


SUNRISE AND SUNSET
APRIL  3 2018.........SUNRISE   647 AM CDT   SUNSET   747 PM CDT
APRIL  4 2018.........SUNRISE   645 AM CDT   SUNSET   749 PM CDT


-  INDICATES NEGATIVE NUMBERS.
R  INDICATES RECORD WAS SET OR TIED.
MM INDICATES DATA IS MISSING.
T  INDICATES TRACE AMOUNT.




$$
