968
CDUS43 KDLH 082257
CLIINL


CLIMATE REPORT
NATIONAL WEATHER SERVICE DULUTH MN
557 PM CDT TUE MAY 8 2018


...................................

...THE INTERNATIONAL FALLS CLIMATE SUMMARY FOR MAY 8 2018...
VALID TODAY AS OF 0500 PM LOCAL TIME.

CLIMATE NORMAL PERIOD 1981 TO 2010
CLIMATE RECORD PERIOD 1895 TO 2018


WEATHER ITEM   OBSERVED TIME   RECORD YEAR NORMAL DEPARTURE LAST
                VALUE   (LST)  VALUE       VALUE  FROM      YEAR
                                                  NORMAL
..................................................................
TEMPERATURE (F)
 TODAY
  MAXIMUM         66   1201 AM  89    1953  62      4       62
  MINIMUM         43    200 PM  21    2008  36      7       34
  AVERAGE         55                        49      6       48

PRECIPITATION (IN)
  TODAY            0.39          0.70 1895   0.09   0.30      T
  MONTH TO DATE    0.50                      0.63  -0.13     0.19
  SINCE MAR 1      1.21                      3.11  -1.90     2.45
  SINCE JAN 1      2.90                      4.30  -1.40     5.20

SNOWFALL (IN)
  TODAY            0.0           0.3         0.1   -0.1      0.0
  MONTH TO DATE    0.0                       0.2   -0.2      0.0
  SINCE JUL 1     62.2                      71.0   -8.8     70.4
  SNOW DEPTH       0

DEGREE DAYS
 HEATING
  TODAY           10                        16     -6       17
  MONTH TO DATE  111                       138    -27      145
  SINCE MAR 1   2393                      2193    200     2151
  SINCE JUL 1  10173                      9776    397     8625

 COOLING
  TODAY            0                         0      0        0
  MONTH TO DATE    0                         0      0        0
  SINCE MAR 1      1                         1      0        0
  SINCE JAN 1      1                         1      0        0
..................................................................


WIND (MPH)
  HIGHEST WIND SPEED    16   HIGHEST WIND DIRECTION     E (90)
  HIGHEST GUST SPEED    22   HIGHEST GUST DIRECTION     E (100)


SKY COVER
  AVERAGE SKY COVER 0.7


WEATHER CONDITIONS
 THE FOLLOWING WEATHER WAS RECORDED TODAY.
  RAIN
  LIGHT RAIN
  FOG


RELATIVE HUMIDITY (PERCENT)
 HIGHEST   100           100 PM
 LOWEST     45          1200 AM
 AVERAGE    73

..........................................................


THE INTERNATIONAL FALLS CLIMATE NORMALS FOR TOMORROW
                         NORMAL    RECORD    YEAR
 MAXIMUM TEMPERATURE (F)   63        85      2007
 MINIMUM TEMPERATURE (F)   36        17      1966


SUNRISE AND SUNSET
MAY  8 2018...........SUNRISE   543 AM CDT   SUNSET   838 PM CDT
MAY  9 2018...........SUNRISE   541 AM CDT   SUNSET   840 PM CDT


-  INDICATES NEGATIVE NUMBERS.
R  INDICATES RECORD WAS SET OR TIED.
MM INDICATES DATA IS MISSING.
T  INDICATES TRACE AMOUNT.




$$
