000
CDUS43 KDLH 201008
CLIINL


CLIMATE REPORT
NATIONAL WEATHER SERVICE DULUTH MN
506 AM CDT SUN MAY 20 2018


...................................

...THE INTERNATIONAL FALLS MN CLIMATE SUMMARY FOR MAY 19 2018...

CLIMATE NORMAL PERIOD 1981 TO 2010
CLIMATE RECORD PERIOD 1895 TO 2018


WEATHER ITEM   OBSERVED TIME   RECORD YEAR NORMAL DEPARTURE LAST
                VALUE   (LST)  VALUE       VALUE  FROM      YEAR
                                                  NORMAL
..................................................................
TEMPERATURE (F)
 YESTERDAY
  MAXIMUM         60    612 PM  89    1972  66     -6       62
  MINIMUM         34   1146 PM  20    1926  40     -6       25
                                      1924
  AVERAGE         47                        53     -6       44

PRECIPITATION (IN)
  YESTERDAY        0.24          2.19 2013   0.09   0.15     0.00
  MONTH TO DATE    2.43                      1.63   0.80     0.37
  SINCE MAR 1      3.14                      4.11  -0.97     2.63
  SINCE JAN 1      4.83                      5.30  -0.47     5.38

SNOWFALL (IN)
  YESTERDAY        0.0           0.1  1949   0.0    0.0      0.0
  MONTH TO DATE    0.0                       0.2   -0.2      0.0
  SINCE MAR 1      7.6                      14.2   -6.6      7.1
  SINCE JUL 1     62.2                      71.0   -8.8     70.4
  SNOW DEPTH       0

DEGREE DAYS
 HEATING
  YESTERDAY       18                        12      6       21
  MONTH TO DATE  267                       292    -25      318
  SINCE MAR 1   2549                      2347    202     2324
  SINCE JUL 1  10329                      9930    399     8798

 COOLING
  YESTERDAY        0                         0      0        0
  MONTH TO DATE    0                         0      0        0
  SINCE MAR 1      1                         1      0        0
  SINCE JAN 1      1                         1      0        0
..................................................................


WIND (MPH)
  HIGHEST WIND SPEED    21   HIGHEST WIND DIRECTION     N (10)
  HIGHEST GUST SPEED    28   HIGHEST GUST DIRECTION     N (10)
  AVERAGE WIND SPEED     9.8


SKY COVER
  AVERAGE SKY COVER 0.5


WEATHER CONDITIONS
 THE FOLLOWING WEATHER WAS RECORDED YESTERDAY.
  RAIN
  LIGHT RAIN
  FOG


RELATIVE HUMIDITY (PERCENT)
 HIGHEST   100          1200 AM
 LOWEST     36           400 PM
 AVERAGE    68

..........................................................


THE INTERNATIONAL FALLS MN CLIMATE NORMALS FOR TODAY
                         NORMAL    RECORD    YEAR
 MAXIMUM TEMPERATURE (F)   66        89      1994
                                             1975
 MINIMUM TEMPERATURE (F)   40        22      1967


SUNRISE AND SUNSET
MAY 20 2018...........SUNRISE   527 AM CDT   SUNSET   854 PM CDT
MAY 21 2018...........SUNRISE   526 AM CDT   SUNSET   855 PM CDT


-  INDICATES NEGATIVE NUMBERS.
R  INDICATES RECORD WAS SET OR TIED.
MM INDICATES DATA IS MISSING.
T  INDICATES TRACE AMOUNT.




$$
