000
CDUS43 KDLH 162302
CLIINL


CLIMATE REPORT
NATIONAL WEATHER SERVICE DULUTH MN
559 PM CDT MON APR 16 2018


...................................

...THE INTERNATIONAL FALLS CLIMATE SUMMARY FOR APRIL 16 2018...
VALID TODAY AS OF 0500 PM LOCAL TIME.

CLIMATE NORMAL PERIOD 1981 TO 2010
CLIMATE RECORD PERIOD 1895 TO 2018


WEATHER ITEM   OBSERVED TIME   RECORD YEAR NORMAL DEPARTURE LAST
                VALUE   (LST)  VALUE       VALUE  FROM      YEAR
                                                  NORMAL
..................................................................
TEMPERATURE (F)
 TODAY
  MAXIMUM         35    350 PM  85    1913  52    -17       47
  MINIMUM         22    635 AM  13    1953  28     -6       34
  AVERAGE         29                        40    -11       41

PRECIPITATION (IN)
  TODAY            0.21          0.98 1945   0.04   0.17     0.16
  MONTH TO DATE    0.28                      0.72  -0.44     0.44
  SINCE MAR 1      0.63                      1.67  -1.04     1.12
  SINCE JAN 1      2.32                      2.86  -0.54     3.87

SNOWFALL (IN)
  TODAY            1.8           5.8         0.2    1.6      0.0
  MONTH TO DATE    3.4                       4.3   -0.9      0.0
  SINCE JUL 1     62.2                      68.7   -6.5     67.8
  SNOW DEPTH      10

DEGREE DAYS
 HEATING
  TODAY           36                        25     11       24
  MONTH TO DATE  710                       466    244      355
  SINCE MAR 1   1981                      1749    232     1612
  SINCE JUL 1   9761                      9332    429     8086

 COOLING
  TODAY            0                         0      0        0
  MONTH TO DATE    0                         0      0        0
  SINCE MAR 1      0                         0      0        0
  SINCE JAN 1      0                         0      0        0
..................................................................


WIND (MPH)
  HIGHEST WIND SPEED    22   HIGHEST WIND DIRECTION     N (360)
  HIGHEST GUST SPEED    32   HIGHEST GUST DIRECTION     N (350)


SKY COVER
  AVERAGE SKY COVER 0.8


WEATHER CONDITIONS
 THE FOLLOWING WEATHER WAS RECORDED TODAY.
  LIGHT SNOW
  FOG
  HAZE


RELATIVE HUMIDITY (PERCENT)
 HIGHEST    96           300 AM
 LOWEST     61           100 PM
 AVERAGE    79

..........................................................


THE INTERNATIONAL FALLS CLIMATE NORMALS FOR TOMORROW
                         NORMAL    RECORD    YEAR
 MAXIMUM TEMPERATURE (F)   53        77      1911
 MINIMUM TEMPERATURE (F)   28        11      1953


SUNRISE AND SUNSET
APRIL 16 2018.........SUNRISE   621 AM CDT   SUNSET   806 PM CDT
APRIL 17 2018.........SUNRISE   619 AM CDT   SUNSET   808 PM CDT


-  INDICATES NEGATIVE NUMBERS.
R  INDICATES RECORD WAS SET OR TIED.
MM INDICATES DATA IS MISSING.
T  INDICATES TRACE AMOUNT.




$$
