000
CDUS43 KDLH 072229
CLIINL


CLIMATE REPORT
NATIONAL WEATHER SERVICE DULUTH MN
522 PM CDT SAT APR 7 2018


...................................

...THE INTERNATIONAL FALLS CLIMATE SUMMARY FOR APRIL 7 2018...
VALID TODAY AS OF 0500 PM LOCAL TIME.

CLIMATE NORMAL PERIOD 1981 TO 2010
CLIMATE RECORD PERIOD 1895 TO 2018


WEATHER ITEM   OBSERVED TIME   RECORD YEAR NORMAL DEPARTURE LAST
                VALUE   (LST)  VALUE       VALUE  FROM      YEAR
                                                  NORMAL
..................................................................
TEMPERATURE (F)
 TODAY
  MAXIMUM         25    359 PM  71    1987  47    -22       59
  MINIMUM          4    559 AM  -9    1982  23    -19       21
  AVERAGE         15                        35    -20       40

PRECIPITATION (IN)
  TODAY            0.00          1.24 2001   0.04  -0.04     0.00
  MONTH TO DATE    0.05                      0.29  -0.24      T
  SINCE MAR 1      0.40                      1.24  -0.84     0.68
  SINCE JAN 1      2.09                      2.43  -0.34     3.43

SNOWFALL (IN)
  TODAY            0.0           6.7         0.2   -0.2      0.0
  MONTH TO DATE    1.3                       1.9   -0.6      0.0
  SINCE JUL 1     60.1                      66.3   -6.2     67.8
  SNOW DEPTH      11

DEGREE DAYS
 HEATING
  TODAY           50                        30     20       25
  MONTH TO DATE  351                       221    130      168
  SINCE MAR 1   1622                      1504    118     1425
  SINCE JUL 1   9402                      9087    315     7899

 COOLING
  TODAY            0                         0      0        0
  MONTH TO DATE    0                         0      0        0
  SINCE MAR 1      0                         0      0        0
  SINCE JAN 1      0                         0      0        0
..................................................................


WIND (MPH)
  HIGHEST WIND SPEED    18   HIGHEST WIND DIRECTION     W (280)
  HIGHEST GUST SPEED    24   HIGHEST GUST DIRECTION     W (270)


SKY COVER
  AVERAGE SKY COVER 0.0


WEATHER CONDITIONS
 THE FOLLOWING WEATHER WAS RECORDED TODAY.
  NO SIGNIFICANT WEATHER WAS OBSERVED.


RELATIVE HUMIDITY (PERCENT)
 HIGHEST    86           600 AM
 LOWEST     36           300 PM
 AVERAGE    61

..........................................................


THE INTERNATIONAL FALLS CLIMATE NORMALS FOR TOMORROW
                         NORMAL    RECORD    YEAR
 MAXIMUM TEMPERATURE (F)   47        75      1987
 MINIMUM TEMPERATURE (F)   24         2      1989
                                             1950


SUNRISE AND SUNSET
APRIL  7 2018.........SUNRISE   639 AM CDT   SUNSET   753 PM CDT
APRIL  8 2018.........SUNRISE   637 AM CDT   SUNSET   755 PM CDT


-  INDICATES NEGATIVE NUMBERS.
R  INDICATES RECORD WAS SET OR TIED.
MM INDICATES DATA IS MISSING.
T  INDICATES TRACE AMOUNT.




$$
