146
CDUS43 KDLH 240640
CLIINL


CLIMATE REPORT
NATIONAL WEATHER SERVICE DULUTH MN
139 AM CDT THU MAY 24 2018


...................................

...THE INTERNATIONAL FALLS MN CLIMATE SUMMARY FOR MAY 23 2018...

CLIMATE NORMAL PERIOD 1981 TO 2010
CLIMATE RECORD PERIOD 1895 TO 2018


WEATHER ITEM   OBSERVED TIME   RECORD YEAR NORMAL DEPARTURE LAST
                VALUE   (LST)  VALUE       VALUE  FROM      YEAR
                                                  NORMAL
..................................................................
TEMPERATURE (F)
 YESTERDAY
  MAXIMUM         85    350 PM  91    1950  67     18       58
  MINIMUM         45    452 AM  24    1917  41      4       34
  AVERAGE         65                        54     11       46

PRECIPITATION (IN)
  YESTERDAY        0.00          2.67 1991   0.10  -0.10     0.08
  MONTH TO DATE    2.43                      2.02   0.41     0.78
  SINCE MAR 1      3.14                      4.50  -1.36     3.04
  SINCE JAN 1      4.83                      5.69  -0.86     5.79

SNOWFALL (IN)
  YESTERDAY        0.0           0.1  1992   0.0    0.0      0.0
  MONTH TO DATE    0.0                       0.2   -0.2      0.0
  SINCE MAR 1      7.6                      14.2   -6.6      7.1
  SINCE JUL 1     62.2                      71.0   -8.8     70.4
  SNOW DEPTH       0

DEGREE DAYS
 HEATING
  YESTERDAY        0                        11    -11       19
  MONTH TO DATE  294                       339    -45      398
  SINCE MAR 1   2576                      2394    182     2404
  SINCE JUL 1  10356                      9977    379     8878

 COOLING
  YESTERDAY        0                         0      0        0
  MONTH TO DATE    0                         0      0        0
  SINCE MAR 1      1                         1      0        0
  SINCE JAN 1      1                         1      0        0
..................................................................


WIND (MPH)
  HIGHEST WIND SPEED    12   HIGHEST WIND DIRECTION    SW (220)
  HIGHEST GUST SPEED    18   HIGHEST GUST DIRECTION    SE (140)
  AVERAGE WIND SPEED     3.2


SKY COVER
  AVERAGE SKY COVER 0.1


WEATHER CONDITIONS
 THE FOLLOWING WEATHER WAS RECORDED YESTERDAY.
  NO SIGNIFICANT WEATHER WAS OBSERVED.


RELATIVE HUMIDITY (PERCENT)
 HIGHEST   100           400 AM
 LOWEST     31           500 PM
 AVERAGE    66

..........................................................


THE INTERNATIONAL FALLS MN CLIMATE NORMALS FOR TODAY
                         NORMAL    RECORD    YEAR
 MAXIMUM TEMPERATURE (F)   67        89      1980
 MINIMUM TEMPERATURE (F)   41        25      1992
                                             1924


SUNRISE AND SUNSET
MAY 24 2018...........SUNRISE   522 AM CDT   SUNSET   859 PM CDT
MAY 25 2018...........SUNRISE   521 AM CDT   SUNSET   900 PM CDT


-  INDICATES NEGATIVE NUMBERS.
R  INDICATES RECORD WAS SET OR TIED.
MM INDICATES DATA IS MISSING.
T  INDICATES TRACE AMOUNT.




$$
