000
CDUS43 KDLH 112254
CLIINL


CLIMATE REPORT
NATIONAL WEATHER SERVICE DULUTH MN
553 PM CDT WED APR 11 2018


...................................

...THE INTERNATIONAL FALLS CLIMATE SUMMARY FOR APRIL 11 2018...
VALID TODAY AS OF 0500 PM LOCAL TIME.

CLIMATE NORMAL PERIOD 1981 TO 2010
CLIMATE RECORD PERIOD 1895 TO 2018


WEATHER ITEM   OBSERVED TIME   RECORD YEAR NORMAL DEPARTURE LAST
                VALUE   (LST)  VALUE       VALUE  FROM      YEAR
                                                  NORMAL
..................................................................
TEMPERATURE (F)
 TODAY
  MAXIMUM         42    253 PM  75    1968  49     -7       50
                                      1955
  MINIMUM         19    549 AM   6    1924  25     -6       18
  AVERAGE         31                        37     -6       34

PRECIPITATION (IN)
  TODAY            T             0.53 2001   0.05  -0.05     0.00
  MONTH TO DATE    0.06                      0.48  -0.42      T
  SINCE MAR 1      0.41                      1.43  -1.02     0.68
  SINCE JAN 1      2.10                      2.62  -0.52     3.43

SNOWFALL (IN)
  TODAY            T             1.4         0.3   -0.3      0.0
  MONTH TO DATE    1.5                       3.0   -1.5      0.0
  SINCE JUL 1     60.3                      67.4   -7.1     67.8
  SNOW DEPTH      10

DEGREE DAYS
 HEATING
  TODAY           34                        28      6       31
  MONTH TO DATE  524                       335    189      258
  SINCE MAR 1   1795                      1618    177     1515
  SINCE JUL 1   9575                      9201    374     7989

 COOLING
  TODAY            0                         0      0        0
  MONTH TO DATE    0                         0      0        0
  SINCE MAR 1      0                         0      0        0
  SINCE JAN 1      0                         0      0        0
..................................................................


WIND (MPH)
  HIGHEST WIND SPEED    10   HIGHEST WIND DIRECTION     W (270)
  HIGHEST GUST SPEED    15   HIGHEST GUST DIRECTION     W (270)


SKY COVER
  AVERAGE SKY COVER 0.0


WEATHER CONDITIONS
 THE FOLLOWING WEATHER WAS RECORDED TODAY.
  NO SIGNIFICANT WEATHER WAS OBSERVED.


RELATIVE HUMIDITY (PERCENT)
 HIGHEST    92           500 AM
 LOWEST     25           300 PM
 AVERAGE    59

..........................................................


THE INTERNATIONAL FALLS CLIMATE NORMALS FOR TOMORROW
                         NORMAL    RECORD    YEAR
 MAXIMUM TEMPERATURE (F)   50        71      1918
 MINIMUM TEMPERATURE (F)   26         4      1950


SUNRISE AND SUNSET
APRIL 11 2018.........SUNRISE   631 AM CDT   SUNSET   759 PM CDT
APRIL 12 2018.........SUNRISE   629 AM CDT   SUNSET   801 PM CDT


-  INDICATES NEGATIVE NUMBERS.
R  INDICATES RECORD WAS SET OR TIED.
MM INDICATES DATA IS MISSING.
T  INDICATES TRACE AMOUNT.




$$
