000
CDUS43 KDLH 160633
CLIINL


CLIMATE REPORT
NATIONAL WEATHER SERVICE DULUTH MN
132 AM CDT WED MAY 16 2018


...................................

...THE INTERNATIONAL FALLS MN CLIMATE SUMMARY FOR MAY 15 2018...

CLIMATE NORMAL PERIOD 1981 TO 2010
CLIMATE RECORD PERIOD 1895 TO 2018


WEATHER ITEM   OBSERVED TIME   RECORD YEAR NORMAL DEPARTURE LAST
                VALUE   (LST)  VALUE       VALUE  FROM      YEAR
                                                  NORMAL
..................................................................
TEMPERATURE (F)
 YESTERDAY
  MAXIMUM         77    541 PM  85    1991  65     12       74
                                      1977
  MINIMUM         30    449 AM  24    2004  38     -8       42
  AVERAGE         54                        52      2       58

PRECIPITATION (IN)
  YESTERDAY        0.00          1.58 1998   0.09  -0.09     0.00
  MONTH TO DATE    0.58                      1.25  -0.67     0.19
  SINCE MAR 1      1.29                      3.73  -2.44     2.45
  SINCE JAN 1      2.98                      4.92  -1.94     5.20

SNOWFALL (IN)
  YESTERDAY        0.0           0.6  1970   0.0    0.0      0.0
  MONTH TO DATE    0.0                       0.2   -0.2      0.0
  SINCE MAR 1      7.6                      14.2   -6.6      7.1
  SINCE JUL 1     62.2                      71.0   -8.8     70.4
  SNOW DEPTH       0

DEGREE DAYS
 HEATING
  YESTERDAY       11                        14     -3        7
  MONTH TO DATE  216                       241    -25      253
  SINCE MAR 1   2498                      2296    202     2259
  SINCE JUL 1  10278                      9879    399     8733

 COOLING
  YESTERDAY        0                         0      0        0
  MONTH TO DATE    0                         0      0        0
  SINCE MAR 1      1                         1      0        0
  SINCE JAN 1      1                         1      0        0
..................................................................


WIND (MPH)
  HIGHEST WIND SPEED    22   HIGHEST WIND DIRECTION    SW (240)
  HIGHEST GUST SPEED    32   HIGHEST GUST DIRECTION     W (260)
  AVERAGE WIND SPEED     8.1


SKY COVER
  AVERAGE SKY COVER 0.1


WEATHER CONDITIONS
 THE FOLLOWING WEATHER WAS RECORDED YESTERDAY.
  NO SIGNIFICANT WEATHER WAS OBSERVED.


RELATIVE HUMIDITY (PERCENT)
 HIGHEST    92           300 AM
 LOWEST     18           300 PM
 AVERAGE    55

..........................................................


THE INTERNATIONAL FALLS MN CLIMATE NORMALS FOR TODAY
                         NORMAL    RECORD    YEAR
 MAXIMUM TEMPERATURE (F)   65        87      1972
 MINIMUM TEMPERATURE (F)   39        23      1956


SUNRISE AND SUNSET
MAY 16 2018...........SUNRISE   531 AM CDT   SUNSET   849 PM CDT
MAY 17 2018...........SUNRISE   530 AM CDT   SUNSET   850 PM CDT


-  INDICATES NEGATIVE NUMBERS.
R  INDICATES RECORD WAS SET OR TIED.
MM INDICATES DATA IS MISSING.
T  INDICATES TRACE AMOUNT.




$$
