000
CDUS43 KDLH 100633
CLIINL


CLIMATE REPORT
NATIONAL WEATHER SERVICE DULUTH MN
130 AM CDT THU MAY 10 2018


...................................

...THE INTERNATIONAL FALLS MN CLIMATE SUMMARY FOR MAY 9 2018...

CLIMATE NORMAL PERIOD 1981 TO 2010
CLIMATE RECORD PERIOD 1895 TO 2018


WEATHER ITEM   OBSERVED TIME   RECORD YEAR NORMAL DEPARTURE LAST
                VALUE   (LST)  VALUE       VALUE  FROM      YEAR
                                                  NORMAL
..................................................................
TEMPERATURE (F)
 YESTERDAY
  MAXIMUM         63    458 PM  85    2007  63      0       64
  MINIMUM         39   1159 PM  17    1966  36      3       38
  AVERAGE         51                        50      1       51

PRECIPITATION (IN)
  YESTERDAY        0.01          0.71 1999   0.08  -0.07     0.00
  MONTH TO DATE    0.58                      0.71  -0.13     0.19
  SINCE MAR 1      1.29                      3.19  -1.90     2.45
  SINCE JAN 1      2.98                      4.38  -1.40     5.20

SNOWFALL (IN)
  YESTERDAY        0.0           T    2014   0.0    0.0      0.0
                                      2009
                                      1997
  MONTH TO DATE    0.0                       0.2   -0.2      0.0
  SINCE MAR 1      7.6                      14.2   -6.6      7.1
  SINCE JUL 1     62.2                      71.0   -8.8     70.4
  SNOW DEPTH       0

DEGREE DAYS
 HEATING
  YESTERDAY       14                        16     -2       14
  MONTH TO DATE  125                       154    -29      159
  SINCE MAR 1   2407                      2209    198     2165
  SINCE JUL 1  10187                      9792    395     8639

 COOLING
  YESTERDAY        0                         0      0        0
  MONTH TO DATE    0                         0      0        0
  SINCE MAR 1      1                         1      0        0
  SINCE JAN 1      1                         1      0        0
..................................................................


WIND (MPH)
  HIGHEST WIND SPEED    22   HIGHEST WIND DIRECTION    NW (330)
  HIGHEST GUST SPEED    28   HIGHEST GUST DIRECTION    NW (310)
  AVERAGE WIND SPEED     7.4


SKY COVER
  AVERAGE SKY COVER 0.6


WEATHER CONDITIONS
 THE FOLLOWING WEATHER WAS RECORDED YESTERDAY.
  LIGHT RAIN
  FOG


RELATIVE HUMIDITY (PERCENT)
 HIGHEST   100           600 AM
 LOWEST     49           900 PM
 AVERAGE    75

..........................................................


THE INTERNATIONAL FALLS MN CLIMATE NORMALS FOR TODAY
                         NORMAL    RECORD    YEAR
 MAXIMUM TEMPERATURE (F)   63        83      1992
                                             1991
 MINIMUM TEMPERATURE (F)   37        24      1981
                                             1909


SUNRISE AND SUNSET
MAY 10 2018...........SUNRISE   540 AM CDT   SUNSET   841 PM CDT
MAY 11 2018...........SUNRISE   538 AM CDT   SUNSET   842 PM CDT


-  INDICATES NEGATIVE NUMBERS.
R  INDICATES RECORD WAS SET OR TIED.
MM INDICATES DATA IS MISSING.
T  INDICATES TRACE AMOUNT.




$$
