000
CDUS43 KDLH 010636
CLIINL


CLIMATE REPORT
NATIONAL WEATHER SERVICE DULUTH MN
133 AM CDT SUN APR 1 2018


...................................

...THE INTERNATIONAL FALLS MN CLIMATE SUMMARY FOR MARCH 31 2018...

CLIMATE NORMAL PERIOD 1981 TO 2010
CLIMATE RECORD PERIOD 1895 TO 2018


WEATHER ITEM   OBSERVED TIME   RECORD YEAR NORMAL DEPARTURE LAST
                VALUE   (LST)  VALUE       VALUE  FROM      YEAR
                                                  NORMAL
..................................................................
TEMPERATURE (F)
 YESTERDAY
  MAXIMUM         19    422 PM  73    1963  43    -24       58
  MINIMUM          5    628 AM -21    1975  20    -15       24
  AVERAGE         12                        31    -19       41

PRECIPITATION (IN)
  YESTERDAY        0.00          0.67 2006   0.04  -0.04      T
  MONTH TO DATE    0.35                      0.95  -0.60     0.68
  SINCE MAR 1      0.35                      0.95  -0.60     0.68
  SINCE JAN 1      2.04                      2.14  -0.10     3.43

SNOWFALL (IN)
  YESTERDAY        0.0           7.4  2009   0.2   -0.2      0.0
  MONTH TO DATE    4.2                       7.6   -3.4      4.5
  SINCE MAR 1      4.2                       7.6   -3.4      4.5
  SINCE JUL 1     58.8                      64.4   -5.6     67.8
  SNOW DEPTH      10

DEGREE DAYS
 HEATING
  YESTERDAY       53                        34     19       24
  MONTH TO DATE 1271                      1280     -9     1257
  SINCE MAR 1   1271                      1283    -12     1257
  SINCE JUL 1   9051                      8866    185     7731

 COOLING
  YESTERDAY        0                         0      0        0
  MONTH TO DATE    0                         0      0        0
  SINCE MAR 1      0                         0      0        0
  SINCE JAN 1      0                         0      0        0
..................................................................


WIND (MPH)
  HIGHEST WIND SPEED    24   HIGHEST WIND DIRECTION    NW (320)
  HIGHEST GUST SPEED    32   HIGHEST GUST DIRECTION    NW (310)
  AVERAGE WIND SPEED    12.1


SKY COVER
  AVERAGE SKY COVER 0.4


WEATHER CONDITIONS
 THE FOLLOWING WEATHER WAS RECORDED YESTERDAY.
  NO SIGNIFICANT WEATHER WAS OBSERVED.


RELATIVE HUMIDITY (PERCENT)
 HIGHEST    73          1100 PM
 LOWEST     40          1100 AM
 AVERAGE    57

..........................................................


THE INTERNATIONAL FALLS MN CLIMATE NORMALS FOR TODAY
                         NORMAL    RECORD    YEAR
 MAXIMUM TEMPERATURE (F)   43        65      2015
 MINIMUM TEMPERATURE (F)   21        -8      1975


SUNRISE AND SUNSET
APRIL  1 2018.........SUNRISE   651 AM CDT   SUNSET   744 PM CDT
APRIL  2 2018.........SUNRISE   649 AM CDT   SUNSET   746 PM CDT


-  INDICATES NEGATIVE NUMBERS.
R  INDICATES RECORD WAS SET OR TIED.
MM INDICATES DATA IS MISSING.
T  INDICATES TRACE AMOUNT.




$$
