000
CDUS43 KDLH 290626
CLIINL


CLIMATE REPORT
NATIONAL WEATHER SERVICE DULUTH MN
125 AM CDT THU MAR 29 2018


...................................

...THE INTERNATIONAL FALLS MN CLIMATE SUMMARY FOR MARCH 28 2018...

CLIMATE NORMAL PERIOD 1981 TO 2010
CLIMATE RECORD PERIOD 1895 TO 2018


WEATHER ITEM   OBSERVED TIME   RECORD YEAR NORMAL DEPARTURE LAST
                VALUE   (LST)  VALUE       VALUE  FROM      YEAR
                                                  NORMAL
..................................................................
TEMPERATURE (F)
 YESTERDAY
  MAXIMUM         42    924 AM  61    1998  41      1       54
  MINIMUM         21   1159 PM -11    1970  19      2       34
  AVERAGE         32                        30      2       44

PRECIPITATION (IN)
  YESTERDAY        T             0.75 1999   0.03  -0.03     0.00
  MONTH TO DATE    0.35                      0.83  -0.48     0.68
  SINCE MAR 1      0.35                      0.83  -0.48     0.68
  SINCE JAN 1      2.04                      2.02   0.02     3.43

SNOWFALL (IN)
  YESTERDAY        T             4.3  1979   0.3   -0.3      0.0
  MONTH TO DATE    4.2                       7.0   -2.8      4.5
  SINCE MAR 1      4.2                       7.0   -2.8      4.5
  SINCE JUL 1     58.8                      63.8   -5.0     67.8
  SNOW DEPTH      11

DEGREE DAYS
 HEATING
  YESTERDAY       33                        35     -2       21
  MONTH TO DATE 1117                      1177    -60     1187
  SINCE MAR 1   1117                      1177    -60     1187
  SINCE JUL 1   8897                      8760    137     7661

 COOLING
  YESTERDAY        0                         0      0        0
  MONTH TO DATE    0                         0      0        0
  SINCE MAR 1      0                         0      0        0
  SINCE JAN 1      0                         0      0        0
..................................................................


WIND (MPH)
  HIGHEST WIND SPEED    23   HIGHEST WIND DIRECTION     W (290)
  HIGHEST GUST SPEED    32   HIGHEST GUST DIRECTION     W (290)
  AVERAGE WIND SPEED    12.4


SKY COVER
  AVERAGE SKY COVER 0.9


WEATHER CONDITIONS
 THE FOLLOWING WEATHER WAS RECORDED YESTERDAY.
  LIGHT SNOW


RELATIVE HUMIDITY (PERCENT)
 HIGHEST    79          1000 AM
 LOWEST     62           900 AM
 AVERAGE    71

..........................................................


THE INTERNATIONAL FALLS MN CLIMATE NORMALS FOR TODAY
                         NORMAL    RECORD    YEAR
 MAXIMUM TEMPERATURE (F)   42        65      1986
 MINIMUM TEMPERATURE (F)   19       -11      1969


SUNRISE AND SUNSET
MARCH 29 2018.........SUNRISE   658 AM CDT   SUNSET   740 PM CDT
MARCH 30 2018.........SUNRISE   655 AM CDT   SUNSET   741 PM CDT


-  INDICATES NEGATIVE NUMBERS.
R  INDICATES RECORD WAS SET OR TIED.
MM INDICATES DATA IS MISSING.
T  INDICATES TRACE AMOUNT.




$$
