768
CDUS43 KDLH 080729
CLIINL


CLIMATE REPORT
NATIONAL WEATHER SERVICE DULUTH MN
229 AM CDT SUN APR 8 2018


...................................

...THE INTERNATIONAL FALLS MN CLIMATE SUMMARY FOR APRIL 7 2018...

CLIMATE NORMAL PERIOD 1981 TO 2010
CLIMATE RECORD PERIOD 1895 TO 2018


WEATHER ITEM   OBSERVED TIME   RECORD YEAR NORMAL DEPARTURE LAST
                VALUE   (LST)  VALUE       VALUE  FROM      YEAR
                                                  NORMAL
..................................................................
TEMPERATURE (F)
 YESTERDAY
  MAXIMUM         25    518 PM  71    1987  47    -22       59
  MINIMUM          3   1159 PM  -9    1982  23    -20       21
  AVERAGE         14                        35    -21       40

PRECIPITATION (IN)
  YESTERDAY        0.00          1.24 2001   0.04  -0.04     0.00
  MONTH TO DATE    0.05                      0.29  -0.24      T
  SINCE MAR 1      0.40                      1.24  -0.84     0.68
  SINCE JAN 1      2.09                      2.43  -0.34     3.43

SNOWFALL (IN)
  YESTERDAY        0.0           6.7  1948   0.2   -0.2      0.0
  MONTH TO DATE    1.3                       1.9   -0.6      0.0
  SINCE MAR 1      5.5                       9.5   -4.0      4.5
  SINCE JUL 1     60.1                      66.3   -6.2     67.8
  SNOW DEPTH      11

DEGREE DAYS
 HEATING
  YESTERDAY       51                        30     21       25
  MONTH TO DATE  352                       221    131      168
  SINCE MAR 1   1623                      1504    119     1425
  SINCE JUL 1   9403                      9087    316     7899

 COOLING
  YESTERDAY        0                         0      0        0
  MONTH TO DATE    0                         0      0        0
  SINCE MAR 1      0                         0      0        0
  SINCE JAN 1      0                         0      0        0
..................................................................


WIND (MPH)
  HIGHEST WIND SPEED    18   HIGHEST WIND DIRECTION     W (280)
  HIGHEST GUST SPEED    24   HIGHEST GUST DIRECTION     W (270)
  AVERAGE WIND SPEED     8.3


SKY COVER
  AVERAGE SKY COVER 0.0


WEATHER CONDITIONS
 THE FOLLOWING WEATHER WAS RECORDED YESTERDAY.
  NO SIGNIFICANT WEATHER WAS OBSERVED.


RELATIVE HUMIDITY (PERCENT)
 HIGHEST    91          1100 PM
 LOWEST     36           300 PM
 AVERAGE    64

..........................................................


THE INTERNATIONAL FALLS MN CLIMATE NORMALS FOR TODAY
                         NORMAL    RECORD    YEAR
 MAXIMUM TEMPERATURE (F)   47        75      1987
 MINIMUM TEMPERATURE (F)   24         2      1989
                                             1950


SUNRISE AND SUNSET
APRIL  8 2018.........SUNRISE   637 AM CDT   SUNSET   755 PM CDT
APRIL  9 2018.........SUNRISE   635 AM CDT   SUNSET   756 PM CDT


-  INDICATES NEGATIVE NUMBERS.
R  INDICATES RECORD WAS SET OR TIED.
MM INDICATES DATA IS MISSING.
T  INDICATES TRACE AMOUNT.




$$
