000
CDUS43 KDLH 230619
CLIINL


CLIMATE REPORT
NATIONAL WEATHER SERVICE DULUTH MN
119 AM CDT MON APR 23 2018


...................................

...THE INTERNATIONAL FALLS MN CLIMATE SUMMARY FOR APRIL 22 2018...

CLIMATE NORMAL PERIOD 1981 TO 2010
CLIMATE RECORD PERIOD 1895 TO 2018


WEATHER ITEM   OBSERVED TIME   RECORD YEAR NORMAL DEPARTURE LAST
                VALUE   (LST)  VALUE       VALUE  FROM      YEAR
                                                  NORMAL
..................................................................
TEMPERATURE (F)
 YESTERDAY
  MAXIMUM         64    419 PM  81    1990  55      9       64
  MINIMUM         29    534 AM  17    2004  30     -1       28
                                      1910
  AVERAGE         47                        43      4       46

PRECIPITATION (IN)
  YESTERDAY        0.00          0.81 2007   0.06  -0.06     0.11
  MONTH TO DATE    0.28                      1.03  -0.75     0.62
  SINCE MAR 1      0.63                      1.98  -1.35     1.30
  SINCE JAN 1      2.32                      3.17  -0.85     4.05

SNOWFALL (IN)
  YESTERDAY        0.0           4.0  1992   0.2   -0.2       T
  MONTH TO DATE    3.4                       5.4   -2.0       T
  SINCE MAR 1      7.6                      13.0   -5.4      4.5
  SINCE JUL 1     62.2                      69.8   -7.6     67.8
  SNOW DEPTH       T

DEGREE DAYS
 HEATING
  YESTERDAY       18                        22     -4       19
  MONTH TO DATE  857                       607    250      495
  SINCE MAR 1   2128                      1890    238     1752
  SINCE JUL 1   9908                      9473    435     8226

 COOLING
  YESTERDAY        0                         0      0        0
  MONTH TO DATE    0                         0      0        0
  SINCE MAR 1      0                         0      0        0
  SINCE JAN 1      0                         0      0        0
..................................................................


WIND (MPH)
  HIGHEST WIND SPEED    18   HIGHEST WIND DIRECTION    SW (210)
  HIGHEST GUST SPEED    26   HIGHEST GUST DIRECTION    SW (210)
  AVERAGE WIND SPEED     6.7


SKY COVER
  AVERAGE SKY COVER 0.0


WEATHER CONDITIONS
 THE FOLLOWING WEATHER WAS RECORDED YESTERDAY.
  NO SIGNIFICANT WEATHER WAS OBSERVED.


RELATIVE HUMIDITY (PERCENT)
 HIGHEST    78           600 AM
 LOWEST     25           300 PM
 AVERAGE    52

..........................................................


THE INTERNATIONAL FALLS MN CLIMATE NORMALS FOR TODAY
                         NORMAL    RECORD    YEAR
 MAXIMUM TEMPERATURE (F)   56        81      1990
 MINIMUM TEMPERATURE (F)   30         6      1909


SUNRISE AND SUNSET
APRIL 23 2018.........SUNRISE   608 AM CDT   SUNSET   817 PM CDT
APRIL 24 2018.........SUNRISE   606 AM CDT   SUNSET   818 PM CDT


-  INDICATES NEGATIVE NUMBERS.
R  INDICATES RECORD WAS SET OR TIED.
MM INDICATES DATA IS MISSING.
T  INDICATES TRACE AMOUNT.




$$
