000
CDUS43 KDLH 102228
CLIINL


CLIMATE REPORT
NATIONAL WEATHER SERVICE DULUTH MN
527 PM CDT TUE APR 10 2018


...................................

...THE INTERNATIONAL FALLS CLIMATE SUMMARY FOR APRIL 10 2018...
VALID TODAY AS OF 0500 PM LOCAL TIME.

CLIMATE NORMAL PERIOD 1981 TO 2010
CLIMATE RECORD PERIOD 1895 TO 2018


WEATHER ITEM   OBSERVED TIME   RECORD YEAR NORMAL DEPARTURE LAST
                VALUE   (LST)  VALUE       VALUE  FROM      YEAR
                                                  NORMAL
..................................................................
TEMPERATURE (F)
 TODAY
  MAXIMUM         33    226 PM  78    1955  49    -16       45
  MINIMUM         11    553 AM   3    1962  25    -14       26
  AVERAGE         22                        37    -15       36

PRECIPITATION (IN)
  TODAY            T             1.21 2011   0.05  -0.05     0.00
  MONTH TO DATE    0.05                      0.43  -0.38      T
  SINCE MAR 1      0.40                      1.38  -0.98     0.68
  SINCE JAN 1      2.09                      2.57  -0.48     3.43

SNOWFALL (IN)
  TODAY            T             2.5         0.2   -0.2      0.0
  MONTH TO DATE    1.3                       2.7   -1.4      0.0
  SINCE JUL 1     60.1                      67.1   -7.0     67.8
  SNOW DEPTH      10

DEGREE DAYS
 HEATING
  TODAY           43                        28     15       29
  MONTH TO DATE  490                       307    183      227
  SINCE MAR 1   1761                      1590    171     1484
  SINCE JUL 1   9541                      9173    368     7958

 COOLING
  TODAY            0                         0      0        0
  MONTH TO DATE    0                         0      0        0
  SINCE MAR 1      0                         0      0        0
  SINCE JAN 1      0                         0      0        0
..................................................................


WIND (MPH)
  HIGHEST WIND SPEED    13   HIGHEST WIND DIRECTION    SW (210)
  HIGHEST GUST SPEED    16   HIGHEST GUST DIRECTION    SW (220)


SKY COVER
  AVERAGE SKY COVER 0.6


WEATHER CONDITIONS
 THE FOLLOWING WEATHER WAS RECORDED TODAY.
  LIGHT SNOW
  HAZE


RELATIVE HUMIDITY (PERCENT)
 HIGHEST    92           400 AM
 LOWEST     62          1200 AM
 AVERAGE    77

..........................................................


THE INTERNATIONAL FALLS CLIMATE NORMALS FOR TOMORROW
                         NORMAL    RECORD    YEAR
 MAXIMUM TEMPERATURE (F)   49        75      1968
                                             1955
 MINIMUM TEMPERATURE (F)   25         6      1924


SUNRISE AND SUNSET
APRIL 10 2018.........SUNRISE   633 AM CDT   SUNSET   758 PM CDT
APRIL 11 2018.........SUNRISE   631 AM CDT   SUNSET   759 PM CDT


-  INDICATES NEGATIVE NUMBERS.
R  INDICATES RECORD WAS SET OR TIED.
MM INDICATES DATA IS MISSING.
T  INDICATES TRACE AMOUNT.




$$
