552
CDUS43 KDLH 132244
CLIINL


CLIMATE REPORT
NATIONAL WEATHER SERVICE DULUTH MN
543 PM CDT FRI APR 13 2018


...................................

...THE INTERNATIONAL FALLS CLIMATE SUMMARY FOR APRIL 13 2018...
VALID TODAY AS OF 0500 PM LOCAL TIME.

CLIMATE NORMAL PERIOD 1981 TO 2010
CLIMATE RECORD PERIOD 1895 TO 2018


WEATHER ITEM   OBSERVED TIME   RECORD YEAR NORMAL DEPARTURE LAST
                VALUE   (LST)  VALUE       VALUE  FROM      YEAR
                                                  NORMAL
..................................................................
TEMPERATURE (F)
 TODAY
  MAXIMUM         34    359 PM  77    1910  50    -16       64
  MINIMUM         20    609 AM   7    1950  26     -6       24
  AVERAGE         27                        38    -11       44

PRECIPITATION (IN)
  TODAY            0.00          0.69 1964   0.05  -0.05     0.00
  MONTH TO DATE    0.06                      0.58  -0.52      T
  SINCE MAR 1      0.41                      1.53  -1.12     0.68
  SINCE JAN 1      2.10                      2.72  -0.62     3.43

SNOWFALL (IN)
  TODAY            0.0           3.8         0.3   -0.3      0.0
  MONTH TO DATE    1.5                       3.6   -2.1      0.0
  SINCE JUL 1     60.3                      68.0   -7.7     67.8
  SNOW DEPTH       9

DEGREE DAYS
 HEATING
  TODAY           38                        27     11       21
  MONTH TO DATE  596                       389    207      302
  SINCE MAR 1   1867                      1672    195     1559
  SINCE JUL 1   9647                      9255    392     8033

 COOLING
  TODAY            0                         0      0        0
  MONTH TO DATE    0                         0      0        0
  SINCE MAR 1      0                         0      0        0
  SINCE JAN 1      0                         0      0        0
..................................................................


WIND (MPH)
  HIGHEST WIND SPEED    17   HIGHEST WIND DIRECTION    NE (40)
  HIGHEST GUST SPEED    23   HIGHEST GUST DIRECTION    NE (40)


SKY COVER
  AVERAGE SKY COVER 0.0


WEATHER CONDITIONS
 THE FOLLOWING WEATHER WAS RECORDED TODAY.
  NO SIGNIFICANT WEATHER WAS OBSERVED.


RELATIVE HUMIDITY (PERCENT)
 HIGHEST    65          1200 AM
 LOWEST     33          1200 PM
 AVERAGE    49

..........................................................


THE INTERNATIONAL FALLS CLIMATE NORMALS FOR TOMORROW
                         NORMAL    RECORD    YEAR
 MAXIMUM TEMPERATURE (F)   51        77      1958
 MINIMUM TEMPERATURE (F)   27         0      1926


SUNRISE AND SUNSET
APRIL 13 2018.........SUNRISE   627 AM CDT   SUNSET   802 PM CDT
APRIL 14 2018.........SUNRISE   625 AM CDT   SUNSET   803 PM CDT


-  INDICATES NEGATIVE NUMBERS.
R  INDICATES RECORD WAS SET OR TIED.
MM INDICATES DATA IS MISSING.
T  INDICATES TRACE AMOUNT.




$$
