000
CDUS43 KDLH 112225
CLIINL


CLIMATE REPORT
NATIONAL WEATHER SERVICE DULUTH MN
522 PM CDT FRI MAY 11 2018


...................................

...THE INTERNATIONAL FALLS CLIMATE SUMMARY FOR MAY 11 2018...
VALID TODAY AS OF 0500 PM LOCAL TIME.

CLIMATE NORMAL PERIOD 1981 TO 2010
CLIMATE RECORD PERIOD 1895 TO 2018


WEATHER ITEM   OBSERVED TIME   RECORD YEAR NORMAL DEPARTURE LAST
                VALUE   (LST)  VALUE       VALUE  FROM      YEAR
                                                  NORMAL
..................................................................
TEMPERATURE (F)
 TODAY
  MAXIMUM         60    343 PM  83    1993  63     -3       60
                                      1991
  MINIMUM         23R   447 AM  24    1996  37    -14       25
                                      1953
  AVERAGE         42                        50     -8       43

PRECIPITATION (IN)
  TODAY            0.00          1.04 1985   0.09  -0.09     0.00
  MONTH TO DATE    0.58                      0.89  -0.31     0.19
  SINCE MAR 1      1.29                      3.37  -2.08     2.45
  SINCE JAN 1      2.98                      4.56  -1.58     5.20

SNOWFALL (IN)
  TODAY            0.0           0.1         0.0    0.0      0.0
  MONTH TO DATE    0.0                       0.2   -0.2      0.0
  SINCE JUL 1     62.2                      71.0   -8.8     70.4
  SNOW DEPTH       0

DEGREE DAYS
 HEATING
  TODAY           23                        15      8       22
  MONTH TO DATE  174                       184    -10      204
  SINCE MAR 1   2456                      2239    217     2210
  SINCE JUL 1  10236                      9822    414     8684

 COOLING
  TODAY            0                         0      0        0
  MONTH TO DATE    0                         0      0        0
  SINCE MAR 1      1                         1      0        0
  SINCE JAN 1      1                         1      0        0
..................................................................


WIND (MPH)
  HIGHEST WIND SPEED    10   HIGHEST WIND DIRECTION     N (20)
  HIGHEST GUST SPEED    15   HIGHEST GUST DIRECTION    NE (60)


SKY COVER
  AVERAGE SKY COVER 0.0


WEATHER CONDITIONS
 THE FOLLOWING WEATHER WAS RECORDED TODAY.
  NO SIGNIFICANT WEATHER WAS OBSERVED.


RELATIVE HUMIDITY (PERCENT)
 HIGHEST    92          1200 AM
 LOWEST     21           400 PM
 AVERAGE    57

..........................................................


THE INTERNATIONAL FALLS CLIMATE NORMALS FOR TOMORROW
                         NORMAL    RECORD    YEAR
 MAXIMUM TEMPERATURE (F)   64        86      1991
 MINIMUM TEMPERATURE (F)   37        22      2013
                                             1996


SUNRISE AND SUNSET
MAY 11 2018...........SUNRISE   538 AM CDT   SUNSET   842 PM CDT
MAY 12 2018...........SUNRISE   537 AM CDT   SUNSET   844 PM CDT


-  INDICATES NEGATIVE NUMBERS.
R  INDICATES RECORD WAS SET OR TIED.
MM INDICATES DATA IS MISSING.
T  INDICATES TRACE AMOUNT.




$$
