000
CDUS43 KDLH 060629
CLIINL


CLIMATE REPORT
NATIONAL WEATHER SERVICE DULUTH MN
123 AM CDT FRI APR 6 2018


...................................

...THE INTERNATIONAL FALLS MN CLIMATE SUMMARY FOR APRIL 5 2018...

CLIMATE NORMAL PERIOD 1981 TO 2010
CLIMATE RECORD PERIOD 1895 TO 2018


WEATHER ITEM   OBSERVED TIME   RECORD YEAR NORMAL DEPARTURE LAST
                VALUE   (LST)  VALUE       VALUE  FROM      YEAR
                                                  NORMAL
..................................................................
TEMPERATURE (F)
 YESTERDAY
  MAXIMUM         29    257 PM  75    1991  46    -17       47
  MINIMUM          3    452 AM  -5    1982  22    -19       22
  AVERAGE         16                        34    -18       35

PRECIPITATION (IN)
  YESTERDAY        0.00          0.54 1997   0.04  -0.04     0.00
  MONTH TO DATE    0.05                      0.20  -0.15      T
  SINCE MAR 1      0.40                      1.15  -0.75     0.68
  SINCE JAN 1      2.09                      2.34  -0.25     3.43

SNOWFALL (IN)
  YESTERDAY        0.0           2.9  1995   0.3   -0.3      0.0
  MONTH TO DATE    1.3                       1.4   -0.1      0.0
  SINCE MAR 1      5.5                       9.0   -3.5      4.5
  SINCE JUL 1     60.1                      65.8   -5.7     67.8
  SNOW DEPTH      11

DEGREE DAYS
 HEATING
  YESTERDAY       49                        31     18       30
  MONTH TO DATE  249                       161     88      115
  SINCE MAR 1   1520                      1444     76     1372
  SINCE JUL 1   9300                      9027    273     7846

 COOLING
  YESTERDAY        0                         0      0        0
  MONTH TO DATE    0                         0      0        0
  SINCE MAR 1      0                         0      0        0
  SINCE JAN 1      0                         0      0        0
..................................................................


WIND (MPH)
  HIGHEST WIND SPEED    18   HIGHEST WIND DIRECTION    NW (310)
  HIGHEST GUST SPEED    25   HIGHEST GUST DIRECTION    NW (330)
  AVERAGE WIND SPEED     8.2


SKY COVER
  AVERAGE SKY COVER 0.6


WEATHER CONDITIONS
 THE FOLLOWING WEATHER WAS RECORDED YESTERDAY.
  FOG
  FOG W/VISIBILITY <= 1/4 MILE


RELATIVE HUMIDITY (PERCENT)
 HIGHEST   100           600 AM
 LOWEST     42           300 PM
 AVERAGE    71

..........................................................


THE INTERNATIONAL FALLS MN CLIMATE NORMALS FOR TODAY
                         NORMAL    RECORD    YEAR
 MAXIMUM TEMPERATURE (F)   46        81      1991
 MINIMUM TEMPERATURE (F)   23       -11      1982


SUNRISE AND SUNSET
APRIL  6 2018.........SUNRISE   641 AM CDT   SUNSET   752 PM CDT
APRIL  7 2018.........SUNRISE   639 AM CDT   SUNSET   753 PM CDT


-  INDICATES NEGATIVE NUMBERS.
R  INDICATES RECORD WAS SET OR TIED.
MM INDICATES DATA IS MISSING.
T  INDICATES TRACE AMOUNT.




$$
