000
CDUS43 KDLH 062227
CLIINL


CLIMATE REPORT
NATIONAL WEATHER SERVICE DULUTH MN
526 PM CDT FRI APR 6 2018


...................................

...THE INTERNATIONAL FALLS CLIMATE SUMMARY FOR APRIL 6 2018...
VALID TODAY AS OF 0500 PM LOCAL TIME.

CLIMATE NORMAL PERIOD 1981 TO 2010
CLIMATE RECORD PERIOD 1895 TO 2018


WEATHER ITEM   OBSERVED TIME   RECORD YEAR NORMAL DEPARTURE LAST
                VALUE   (LST)  VALUE       VALUE  FROM      YEAR
                                                  NORMAL
..................................................................
TEMPERATURE (F)
 TODAY
  MAXIMUM         19    359 PM  81    1991  46    -27       49
  MINIMUM          6    721 AM -11    1982  23    -17       24
  AVERAGE         13                        34    -21       37

PRECIPITATION (IN)
  TODAY            T             0.58 1965   0.05  -0.05     0.00
  MONTH TO DATE    0.05                      0.25  -0.20      T
  SINCE MAR 1      0.40                      1.20  -0.80     0.68
  SINCE JAN 1      2.09                      2.39  -0.30     3.43

SNOWFALL (IN)
  TODAY            T             4.2         0.3   -0.3      0.0
  MONTH TO DATE    1.3                       1.7   -0.4      0.0
  SINCE JUL 1     60.1                      66.1   -6.0     67.8
  SNOW DEPTH      11

DEGREE DAYS
 HEATING
  TODAY           52                        30     22       28
  MONTH TO DATE  301                       191    110      143
  SINCE MAR 1   1572                      1474     98     1400
  SINCE JUL 1   9352                      9057    295     7874

 COOLING
  TODAY            0                         0      0        0
  MONTH TO DATE    0                         0      0        0
  SINCE MAR 1      0                         0      0        0
  SINCE JAN 1      0                         0      0        0
..................................................................


WIND (MPH)
  HIGHEST WIND SPEED    26   HIGHEST WIND DIRECTION    NW (300)
  HIGHEST GUST SPEED    34   HIGHEST GUST DIRECTION     W (280)


SKY COVER
  AVERAGE SKY COVER 0.6


WEATHER CONDITIONS
 THE FOLLOWING WEATHER WAS RECORDED TODAY.
  LIGHT SNOW
  HAZE


RELATIVE HUMIDITY (PERCENT)
 HIGHEST    69           600 AM
 LOWEST     49           100 AM
 AVERAGE    59

..........................................................


THE INTERNATIONAL FALLS CLIMATE NORMALS FOR TOMORROW
                         NORMAL    RECORD    YEAR
 MAXIMUM TEMPERATURE (F)   47        71      1987
 MINIMUM TEMPERATURE (F)   23        -9      1982


SUNRISE AND SUNSET
APRIL  6 2018.........SUNRISE   641 AM CDT   SUNSET   752 PM CDT
APRIL  7 2018.........SUNRISE   639 AM CDT   SUNSET   753 PM CDT


-  INDICATES NEGATIVE NUMBERS.
R  INDICATES RECORD WAS SET OR TIED.
MM INDICATES DATA IS MISSING.
T  INDICATES TRACE AMOUNT.




$$
