000
CDUS43 KDLH 182257
CLIINL


CLIMATE REPORT
NATIONAL WEATHER SERVICE DULUTH MN
556 PM CDT WED APR 18 2018


...................................

...THE INTERNATIONAL FALLS CLIMATE SUMMARY FOR APRIL 18 2018...
VALID TODAY AS OF 0500 PM LOCAL TIME.

CLIMATE NORMAL PERIOD 1981 TO 2010
CLIMATE RECORD PERIOD 1895 TO 2018


WEATHER ITEM   OBSERVED TIME   RECORD YEAR NORMAL DEPARTURE LAST
                VALUE   (LST)  VALUE       VALUE  FROM      YEAR
                                                  NORMAL
..................................................................
TEMPERATURE (F)
 TODAY
  MAXIMUM         47    359 PM  88    1987  53     -6       41
  MINIMUM         27    528 AM  15    2014  28     -1       28
                                      1963
  AVERAGE         37                        41     -4       35

PRECIPITATION (IN)
  TODAY            0.00          1.50 2005   0.05  -0.05     0.07
  MONTH TO DATE    0.28                      0.82  -0.54     0.51
  SINCE MAR 1      0.63                      1.77  -1.14     1.19
  SINCE JAN 1      2.32                      2.96  -0.64     3.94

SNOWFALL (IN)
  TODAY            0.0           0.9         0.2   -0.2      0.0
  MONTH TO DATE    3.4                       4.7   -1.3      0.0
  SINCE JUL 1     62.2                      69.1   -6.9     67.8
  SNOW DEPTH       7

DEGREE DAYS
 HEATING
  TODAY           28                        24      4       30
  MONTH TO DATE  766                       515    251      411
  SINCE MAR 1   2037                      1798    239     1668
  SINCE JUL 1   9817                      9381    436     8142

 COOLING
  TODAY            0                         0      0        0
  MONTH TO DATE    0                         0      0        0
  SINCE MAR 1      0                         0      0        0
  SINCE JAN 1      0                         0      0        0
..................................................................


WIND (MPH)
  HIGHEST WIND SPEED    17   HIGHEST WIND DIRECTION     N (20)
  HIGHEST GUST SPEED    23   HIGHEST GUST DIRECTION     N (20)


SKY COVER
  AVERAGE SKY COVER 0.0


WEATHER CONDITIONS
 THE FOLLOWING WEATHER WAS RECORDED TODAY.
  NO SIGNIFICANT WEATHER WAS OBSERVED.


RELATIVE HUMIDITY (PERCENT)
 HIGHEST    50           500 AM
 LOWEST     21           200 PM
 AVERAGE    36

..........................................................


THE INTERNATIONAL FALLS CLIMATE NORMALS FOR TOMORROW
                         NORMAL    RECORD    YEAR
 MAXIMUM TEMPERATURE (F)   54        83      1987
 MINIMUM TEMPERATURE (F)   29        15      1947


SUNRISE AND SUNSET
APRIL 18 2018.........SUNRISE   617 AM CDT   SUNSET   809 PM CDT
APRIL 19 2018.........SUNRISE   615 AM CDT   SUNSET   811 PM CDT


-  INDICATES NEGATIVE NUMBERS.
R  INDICATES RECORD WAS SET OR TIED.
MM INDICATES DATA IS MISSING.
T  INDICATES TRACE AMOUNT.




$$
