053
CDUS43 KDLH 152243
CLIINL


CLIMATE REPORT
NATIONAL WEATHER SERVICE DULUTH MN
543 PM CDT SUN APR 15 2018


...................................

...THE INTERNATIONAL FALLS CLIMATE SUMMARY FOR APRIL 15 2018...
VALID TODAY AS OF 0500 PM LOCAL TIME.

CLIMATE NORMAL PERIOD 1981 TO 2010
CLIMATE RECORD PERIOD 1895 TO 2018


WEATHER ITEM   OBSERVED TIME   RECORD YEAR NORMAL DEPARTURE LAST
                VALUE   (LST)  VALUE       VALUE  FROM      YEAR
                                                  NORMAL
..................................................................
TEMPERATURE (F)
 TODAY
  MAXIMUM         33    312 PM  78    1913  51    -18       64
  MINIMUM         19    653 AM   5    2014  27     -8       35
  AVERAGE         26                        39    -13       50

PRECIPITATION (IN)
  TODAY            0.00          0.72 1915   0.05  -0.05     0.28
  MONTH TO DATE    0.06                      0.68  -0.62     0.28
  SINCE MAR 1      0.41                      1.63  -1.22     0.96
  SINCE JAN 1      2.10                      2.82  -0.72     3.71

SNOWFALL (IN)
  TODAY            0.0           8.0         0.3   -0.3      0.0
  MONTH TO DATE    1.5                       4.1   -2.6      0.0
  SINCE JUL 1     60.3                      68.5   -8.2     67.8
  SNOW DEPTH      MM

DEGREE DAYS
 HEATING
  TODAY           39                        26     13       15
  MONTH TO DATE  674                       441    233      331
  SINCE MAR 1   1945                      1724    221     1588
  SINCE JUL 1   9725                      9307    418     8062

 COOLING
  TODAY            0                         0      0        0
  MONTH TO DATE    0                         0      0        0
  SINCE MAR 1      0                         0      0        0
  SINCE JAN 1      0                         0      0        0
..................................................................


WIND (MPH)
  HIGHEST WIND SPEED    17   HIGHEST WIND DIRECTION    NE (40)
  HIGHEST GUST SPEED    24   HIGHEST GUST DIRECTION    NE (30)


SKY COVER
  AVERAGE SKY COVER 0.2


WEATHER CONDITIONS
 THE FOLLOWING WEATHER WAS RECORDED TODAY.
  NO SIGNIFICANT WEATHER WAS OBSERVED.


RELATIVE HUMIDITY (PERCENT)
 HIGHEST    56           300 AM
 LOWEST     33           300 PM
 AVERAGE    45

..........................................................


THE INTERNATIONAL FALLS CLIMATE NORMALS FOR TOMORROW
                         NORMAL    RECORD    YEAR
 MAXIMUM TEMPERATURE (F)   52        85      1913
 MINIMUM TEMPERATURE (F)   28        13      1953


SUNRISE AND SUNSET
APRIL 15 2018.........SUNRISE   623 AM CDT   SUNSET   805 PM CDT
APRIL 16 2018.........SUNRISE   621 AM CDT   SUNSET   806 PM CDT


-  INDICATES NEGATIVE NUMBERS.
R  INDICATES RECORD WAS SET OR TIED.
MM INDICATES DATA IS MISSING.
T  INDICATES TRACE AMOUNT.




$$
