000
CDUS43 KDLH 170627
CLIINL


CLIMATE REPORT
NATIONAL WEATHER SERVICE DULUTH MN
126 AM CDT THU MAY 17 2018


...................................

...THE INTERNATIONAL FALLS MN CLIMATE SUMMARY FOR MAY 16 2018...

CLIMATE NORMAL PERIOD 1981 TO 2010
CLIMATE RECORD PERIOD 1895 TO 2018


WEATHER ITEM   OBSERVED TIME   RECORD YEAR NORMAL DEPARTURE LAST
                VALUE   (LST)  VALUE       VALUE  FROM      YEAR
                                                  NORMAL
..................................................................
TEMPERATURE (F)
 YESTERDAY
  MAXIMUM         71   1256 PM  87    1972  65      6       61
  MINIMUM         45   1159 PM  23    1956  39      6       44
  AVERAGE         58                        52      6       53

PRECIPITATION (IN)
  YESTERDAY        T             0.99 1962   0.10  -0.10     0.18
  MONTH TO DATE    0.58                      1.35  -0.77     0.37
  SINCE MAR 1      1.29                      3.83  -2.54     2.63
  SINCE JAN 1      2.98                      5.02  -2.04     5.38

SNOWFALL (IN)
  YESTERDAY        0.0           0.3  2009   0.0    0.0      0.0
  MONTH TO DATE    0.0                       0.2   -0.2      0.0
  SINCE MAR 1      7.6                      14.2   -6.6      7.1
  SINCE JUL 1     62.2                      71.0   -8.8     70.4
  SNOW DEPTH       0

DEGREE DAYS
 HEATING
  YESTERDAY        7                        13     -6       12
  MONTH TO DATE  223                       254    -31      265
  SINCE MAR 1   2505                      2309    196     2271
  SINCE JUL 1  10285                      9892    393     8745

 COOLING
  YESTERDAY        0                         0      0        0
  MONTH TO DATE    0                         0      0        0
  SINCE MAR 1      1                         1      0        0
  SINCE JAN 1      1                         1      0        0
..................................................................


WIND (MPH)
  HIGHEST WIND SPEED    17   HIGHEST WIND DIRECTION    NE (40)
  HIGHEST GUST SPEED    23   HIGHEST GUST DIRECTION    NE (50)
  AVERAGE WIND SPEED     8.8


SKY COVER
  AVERAGE SKY COVER 0.3


WEATHER CONDITIONS
 THE FOLLOWING WEATHER WAS RECORDED YESTERDAY.
  LIGHT RAIN


RELATIVE HUMIDITY (PERCENT)
 HIGHEST    71          1100 PM
 LOWEST     29          1200 PM
 AVERAGE    50

..........................................................


THE INTERNATIONAL FALLS MN CLIMATE NORMALS FOR TODAY
                         NORMAL    RECORD    YEAR
 MAXIMUM TEMPERATURE (F)   65        93      1972
 MINIMUM TEMPERATURE (F)   39         8      1926


SUNRISE AND SUNSET
MAY 17 2018...........SUNRISE   530 AM CDT   SUNSET   850 PM CDT
MAY 18 2018...........SUNRISE   529 AM CDT   SUNSET   852 PM CDT


-  INDICATES NEGATIVE NUMBERS.
R  INDICATES RECORD WAS SET OR TIED.
MM INDICATES DATA IS MISSING.
T  INDICATES TRACE AMOUNT.




$$
