000
CDUS43 KDLH 282224
CLIINL


CLIMATE REPORT
NATIONAL WEATHER SERVICE DULUTH MN
523 PM CDT SAT APR 28 2018


...................................

...THE INTERNATIONAL FALLS CLIMATE SUMMARY FOR APRIL 28 2018...
VALID TODAY AS OF 0500 PM LOCAL TIME.

CLIMATE NORMAL PERIOD 1981 TO 2010
CLIMATE RECORD PERIOD 1895 TO 2018


WEATHER ITEM   OBSERVED TIME   RECORD YEAR NORMAL DEPARTURE LAST
                VALUE   (LST)  VALUE       VALUE  FROM      YEAR
                                                  NORMAL
..................................................................
TEMPERATURE (F)
 TODAY
  MAXIMUM         56    347 PM  91    1952  58     -2       45
  MINIMUM         22    522 AM   9    1958  32    -10       24
  AVERAGE         39                        45     -6       35

PRECIPITATION (IN)
  TODAY            0.00          1.68 1895   0.07  -0.07     0.03
  MONTH TO DATE    0.36                      1.39  -1.03     1.58
  SINCE MAR 1      0.71                      2.34  -1.63     2.26
  SINCE JAN 1      2.40                      3.53  -1.13     5.01

SNOWFALL (IN)
  TODAY            0.0           1.6         0.1   -0.1      0.3
  MONTH TO DATE    3.4                       6.2   -2.8      2.6
  SINCE JUL 1     62.2                      70.6   -8.4     70.4
  SNOW DEPTH       0

DEGREE DAYS
 HEATING
  TODAY           26                        20      6       30
  MONTH TO DATE  997                       733    264      699
  SINCE MAR 1   2268                      2016    252     1956
  SINCE JUL 1  10048                      9599    449     8430

 COOLING
  TODAY            0                         0      0        0
  MONTH TO DATE    0                         0      0        0
  SINCE MAR 1      0                         0      0        0
  SINCE JAN 1      0                         0      0        0
..................................................................


WIND (MPH)
  HIGHEST WIND SPEED    12   HIGHEST WIND DIRECTION    SW (210)
  HIGHEST GUST SPEED    16   HIGHEST GUST DIRECTION    SE (150)


SKY COVER
  AVERAGE SKY COVER 0.0


WEATHER CONDITIONS
 THE FOLLOWING WEATHER WAS RECORDED TODAY.
  NO SIGNIFICANT WEATHER WAS OBSERVED.


RELATIVE HUMIDITY (PERCENT)
 HIGHEST    92           200 AM
 LOWEST     22           400 PM
 AVERAGE    57

..........................................................


THE INTERNATIONAL FALLS CLIMATE NORMALS FOR TOMORROW
                         NORMAL    RECORD    YEAR
 MAXIMUM TEMPERATURE (F)   59        89      1952
 MINIMUM TEMPERATURE (F)   33        10      1958


SUNRISE AND SUNSET
APRIL 28 2018.........SUNRISE   559 AM CDT   SUNSET   824 PM CDT
APRIL 29 2018.........SUNRISE   557 AM CDT   SUNSET   825 PM CDT


-  INDICATES NEGATIVE NUMBERS.
R  INDICATES RECORD WAS SET OR TIED.
MM INDICATES DATA IS MISSING.
T  INDICATES TRACE AMOUNT.




$$
