000
CDUS43 KDLH 242241
CLIINL


CLIMATE REPORT
NATIONAL WEATHER SERVICE DULUTH MN
540 PM CDT TUE APR 24 2018


...................................

...THE INTERNATIONAL FALLS CLIMATE SUMMARY FOR APRIL 24 2018...
VALID TODAY AS OF 0500 PM LOCAL TIME.

CLIMATE NORMAL PERIOD 1981 TO 2010
CLIMATE RECORD PERIOD 1895 TO 2018


WEATHER ITEM   OBSERVED TIME   RECORD YEAR NORMAL DEPARTURE LAST
                VALUE   (LST)  VALUE       VALUE  FROM      YEAR
                                                  NORMAL
..................................................................
TEMPERATURE (F)
 TODAY
  MAXIMUM         46   1146 AM  85    1990  56    -10       40
  MINIMUM         30    242 AM  10    1909  31     -1       31
  AVERAGE         38                        44     -6       36

PRECIPITATION (IN)
  TODAY            0.00          1.00 1925   0.06  -0.06     0.67
  MONTH TO DATE    0.28                      1.14  -0.86     1.29
  SINCE MAR 1      0.63                      2.09  -1.46     1.97
  SINCE JAN 1      2.32                      3.28  -0.96     4.72

SNOWFALL (IN)
  TODAY            0.0           2.8         0.2   -0.2      0.9
  MONTH TO DATE    3.4                       5.7   -2.3      0.9
  SINCE JUL 1     62.2                      70.1   -7.9     68.7
  SNOW DEPTH       T

DEGREE DAYS
 HEATING
  TODAY           27                        22      5       29
  MONTH TO DATE  899                       651    248      556
  SINCE MAR 1   2170                      1934    236     1813
  SINCE JUL 1   9950                      9517    433     8287

 COOLING
  TODAY            0                         0      0        0
  MONTH TO DATE    0                         0      0        0
  SINCE MAR 1      0                         0      0        0
  SINCE JAN 1      0                         0      0        0
..................................................................


WIND (MPH)
  HIGHEST WIND SPEED    23   HIGHEST WIND DIRECTION    NW (320)
  HIGHEST GUST SPEED    27   HIGHEST GUST DIRECTION    NW (320)


SKY COVER
  AVERAGE SKY COVER 0.4


WEATHER CONDITIONS
 THE FOLLOWING WEATHER WAS RECORDED TODAY.
  NO SIGNIFICANT WEATHER WAS OBSERVED.


RELATIVE HUMIDITY (PERCENT)
 HIGHEST    85           200 AM
 LOWEST     45          1100 AM
 AVERAGE    65

..........................................................


THE INTERNATIONAL FALLS CLIMATE NORMALS FOR TOMORROW
                         NORMAL    RECORD    YEAR
 MAXIMUM TEMPERATURE (F)   57        82      1990
 MINIMUM TEMPERATURE (F)   31        13      1909


SUNRISE AND SUNSET
APRIL 24 2018.........SUNRISE   606 AM CDT   SUNSET   818 PM CDT
APRIL 25 2018.........SUNRISE   604 AM CDT   SUNSET   820 PM CDT


-  INDICATES NEGATIVE NUMBERS.
R  INDICATES RECORD WAS SET OR TIED.
MM INDICATES DATA IS MISSING.
T  INDICATES TRACE AMOUNT.




$$
