000
CDUS43 KDLH 160621
CLIINL


CLIMATE REPORT
NATIONAL WEATHER SERVICE DULUTH MN
120 AM CDT MON APR 16 2018


...................................

...THE INTERNATIONAL FALLS MN CLIMATE SUMMARY FOR APRIL 15 2018...

CLIMATE NORMAL PERIOD 1981 TO 2010
CLIMATE RECORD PERIOD 1895 TO 2018


WEATHER ITEM   OBSERVED TIME   RECORD YEAR NORMAL DEPARTURE LAST
                VALUE   (LST)  VALUE       VALUE  FROM      YEAR
                                                  NORMAL
..................................................................
TEMPERATURE (F)
 YESTERDAY
  MAXIMUM         33    312 PM  78    1913  51    -18       64
  MINIMUM         19    653 AM   5    2014  27     -8       35
  AVERAGE         26                        39    -13       50

PRECIPITATION (IN)
  YESTERDAY        0.01          0.72 1915   0.05  -0.04     0.28
  MONTH TO DATE    0.07                      0.68  -0.61     0.28
  SINCE MAR 1      0.42                      1.63  -1.21     0.96
  SINCE JAN 1      2.11                      2.82  -0.71     3.71

SNOWFALL (IN)
  YESTERDAY        0.1           8.0  2001   0.3   -0.2      0.0
  MONTH TO DATE    1.6                       4.1   -2.5      0.0
  SINCE MAR 1      5.8                      11.7   -5.9      4.5
  SINCE JUL 1     60.4                      68.5   -8.1     67.8
  SNOW DEPTH       8

DEGREE DAYS
 HEATING
  YESTERDAY       39                        26     13       15
  MONTH TO DATE  674                       441    233      331
  SINCE MAR 1   1945                      1724    221     1588
  SINCE JUL 1   9725                      9307    418     8062

 COOLING
  YESTERDAY        0                         0      0        0
  MONTH TO DATE    0                         0      0        0
  SINCE MAR 1      0                         0      0        0
  SINCE JAN 1      0                         0      0        0
..................................................................


WIND (MPH)
  HIGHEST WIND SPEED    18   HIGHEST WIND DIRECTION     E (70)
  HIGHEST GUST SPEED    26   HIGHEST GUST DIRECTION    NE (60)
  AVERAGE WIND SPEED    10.9


SKY COVER
  AVERAGE SKY COVER 0.4


WEATHER CONDITIONS
 THE FOLLOWING WEATHER WAS RECORDED YESTERDAY.
  LIGHT SNOW
  FOG
  HAZE


RELATIVE HUMIDITY (PERCENT)
 HIGHEST    81          1000 PM
 LOWEST     33           300 PM
 AVERAGE    57

..........................................................


THE INTERNATIONAL FALLS MN CLIMATE NORMALS FOR TODAY
                         NORMAL    RECORD    YEAR
 MAXIMUM TEMPERATURE (F)   52        85      1913
 MINIMUM TEMPERATURE (F)   28        13      1953


SUNRISE AND SUNSET
APRIL 16 2018.........SUNRISE   621 AM CDT   SUNSET   806 PM CDT
APRIL 17 2018.........SUNRISE   619 AM CDT   SUNSET   808 PM CDT


-  INDICATES NEGATIVE NUMBERS.
R  INDICATES RECORD WAS SET OR TIED.
MM INDICATES DATA IS MISSING.
T  INDICATES TRACE AMOUNT.




$$
