000
CXUS56 KLOX 241155
CF6AVX
PRELIMINARY LOCAL CLIMATOLOGICAL DATA (WS FORM: F-6)
STATION: AVALON
MONTH: APRIL
YEAR: 2024
LATITUDE: 33 24 N
LONGITUDE: 118 25 W
TEMPERATURE IN F: :PCPN: SNOW: WIND :SUNSHINE: SKY :PK WND
================================================================================
1 2 3 4 5 6A 6B 7 8 9 10 11 12 13 14 15 16 17 18
12Z AVG MX 2MIN
DY MAX MIN AVG DEP HDD CDD WTR SNW DPTH SPD SPD DIR MIN PSBL S-S WX SPD DR
================================================================================
1 60 47 54 -2 11 0 0.00 M M 8.4 16 260 M M 2 12 21 260
2 69 51 60 4 5 0 0.00 M M 7.3 15 270 M M 0 20 280
3 69 50 60 4 5 0 0.00 M M 8.0 16 260 M M 2 128 20 240
4 56 46 51 -5 14 0 T M M 11.5 23 270 M M 10 128 29 270
5 53 43 48 -8 17 0 0.12 M M 17.4 29 280 M M 4 1 40 270
6 57 44 51 -5 14 0 0.00 M M 7.5 20 290 M M 1 25 280
7 58 48 53 -3 12 0 0.00 M M 6.3 17 260 M M 0 22 260
8 64 46 55 -1 10 0 0.00 M M 8.8 15 290 M M 0 1 23 280
9 74 57 66 10 0 1 0.00 M M 8.8 13 300 M M 0 19 90
10 76 61 69 13 0 4 0.00 M M 5.6 10 260 M M 0 14 250
11 77 62 70 14 0 5 0.00 M M 5.8 10 310 M M 0 M M
12 64 47 56 0 9 0 0.00 M M 5.1 10 140 M M 9 128 M M
13 56 46 51 -6 14 0 0.39 M M 11.1 22 270 M M 9 12 35 170
14 57 46 52 -5 13 0 0.03 M M 10.9 21 240 M M 8 128 31 240
15 62 47 55 -2 10 0 0.00 M M 6.2 13 320 M M 4 12 18 310
16 72 56 64 7 1 0 0.00 M M 7.0 15 260 M M 0 M M
17 70 59 65 8 0 0 0.00 M M 3.4 12 250 M M 0 15 240
18 67 50 59 2 6 0 0.00 M M 5.6 17 240 M M 4 128 23 250
19 60 50 55 -2 10 0 0.00 M M 5.5 15 250 M M 9 18 19 230
20 63 51 57 -1 8 0 0.00 M M 5.5 13 240 M M 7 128 18 230
21 72 51 62 4 3 0 0.00 M M 3.6 9 230 M M 5 128 12 90
22 60 51 56 -2 9 0 0.00 M M 3.9 12 230 M M 10 128 16 240
23 58 49 54 -4 11 0 0.00 M M 8.8 15 260 M M 8 12 20 260
================================================================================
SM 1474 1158 182 10 0.54 M 171.9 M 92
================================================================================
AV 64.1 50.3 7.5 FASTST M M 4 MAX(MPH)
MISC ----> 29 280 40 270
================================================================================
NOTES:
# LAST OF SEVERAL OCCURRENCES
COLUMN 17 PEAK WIND IN M.P.H.
PRELIMINARY LOCAL CLIMATOLOGICAL DATA (WS FORM: F-6) , PAGE 2
STATION: AVALON
MONTH: APRIL
YEAR: 2024
LATITUDE: 33 24 N
LONGITUDE: 118 25 W
[TEMPERATURE DATA] [PRECIPITATION DATA] SYMBOLS USED IN COLUMN 16
AVERAGE MONTHLY: 57.2 TOTAL FOR MONTH: 0.54 1 = FOG OR MIST
DPTR FM NORMAL: 0.6 DPTR FM NORMAL: -0.11 2 = FOG REDUCING VISIBILITY
HIGHEST: 77 ON 11 GRTST 24HR 0.42 ON 13-14 TO 1/4 MILE OR LESS
LOWEST: 43 ON 5 3 = THUNDER
SNOW, ICE PELLETS, HAIL 4 = ICE PELLETS
TOTAL MONTH: M 5 = HAIL
GRTST 24HR M ON M 6 = FREEZING RAIN OR DRIZZLE
GRTST DEPTH: M ON M 7 = DUSTSTORM OR SANDSTORM:
VSBY 1/2 MILE OR LESS
8 = SMOKE OR HAZE
[NO. OF DAYS WITH] [WEATHER - DAYS WITH] 9 = BLOWING SNOW
X = TORNADO
MAX 32 OR BELOW: 0 0.01 INCH OR MORE: 3
MAX 90 OR ABOVE: 0 0.10 INCH OR MORE: 2
MIN 32 OR BELOW: 0 0.50 INCH OR MORE: 0
MIN 0 OR BELOW: 0 1.00 INCH OR MORE: 0
[HDD (BASE 65) ]
TOTAL THIS MO. 182 CLEAR (SCALE 0-3) 11
DPTR FM NORMAL -26 PTCLDY (SCALE 4-7) 7
TOTAL FM JUL 1 1487 CLOUDY (SCALE 8-10) 5
DPTR FM NORMAL -339
[CDD (BASE 65) ]
TOTAL THIS MO. 10
DPTR FM NORMAL -1 [PRESSURE DATA]
TOTAL FM JAN 1 18 HIGHEST SLP M ON M
DPTR FM NORMAL -33 LOWEST SLP 29.83 ON 1
[REMARKS]