000
CXUS53 KLMK 290710
CF6BWG
PRELIMINARY LOCAL CLIMATOLOGICAL DATA (WS FORM: F-6)
STATION: BOWLING GREEN KY
MONTH: MARCH
YEAR: 2024
LATITUDE: 36 58 N
LONGITUDE: 86 26 W
TEMPERATURE IN F: :PCPN: SNOW: WIND :SUNSHINE: SKY :PK WND
================================================================================
1 2 3 4 5 6A 6B 7 8 9 10 11 12 13 14 15 16 17 18
12Z AVG MX 2MIN
DY MAX MIN AVG DEP HDD CDD WTR SNW DPTH SPD SPD DIR MIN PSBL S-S WX SPD DR
================================================================================
1 48 36 42 -3 23 0 0.18 0.0 0 3.6 10 130 M M 9 1 13 130
2 58 41 50 5 15 0 T 0.0 0 2.4 9 290 M M 8 1 12 280
3 71 35 53 8 12 0 0.00 0.0 0 6.2 17 180 M M 4 12 25 190
4 80 54 67 21 0 2 0.00 0.0 0 8.2 18 190 M M 3 1 26 240
5 68 59 64 18 1 0 0.63 0.0 0 7.4 17 180 M M 8 1 24 180
6 65 55 60 14 5 0 0.03 0.0 0 4.7 13 300 M M 10 18 22 280
7 62 54 58 12 7 0 T 0.0 0 4.3 9 100 M M 8 18 12 110
8 64 54 59 12 6 0 0.34 0.0 0 5.7 16 190 M M 10 1 23 190
9 59 40 50 3 15 0 0.09 0.0 0 6.9 18 280 M M 9 1 25 290
10 53 34 44 -3 21 0 0.00 0.0 0 5.7 17 280 M M 0 25 280
11 60 27 44 -4 21 0 0.00 0.0 0 2.7 10 210 M M 0 14 220
12 70 33 52 4 13 0 0.00 0.0 0 3.8 16 210 M M 0 23 220
13 76 42 59 11 6 0 0.00 0.0 0 5.5 14 220 M M 3 19 180
14 82 58 70 22 0 5 0.26 0.0 0 10.5 25 200 M M 5 138 36 250
15 69 45 57 8 8 0 0.01 0.0 0 6.3 17 180 M M 6 18 23 180
16 67 38 53 4 12 0 0.00 0.0 0 4.4 17 230 M M 0 12 23 220
17 59 41 50 1 15 0 0.00 0.0 0 6.2 14 330 M M 1 24 290
18 44 30 37 -13 28 0 0.00 0.0 0 7.2 21 280 M M 6 29 290
19 57 27 42 -8 23 0 0.00 0.0 0 10.3 23 230 M M 0 37 220
20 68 43 56 6 9 0 0.00 0.0 0 5.6 15 290 M M 0 25 310
21 60 36 48 -3 17 0 0.00 0.0 0 8.6 16 40 M M 0 23 30
22 76 44 60 9 5 0 0.05 0.0 0 5.7 16 200 M M 8 22 210
23 58 38 48 -3 17 0 0.00 0.0 0 8.7 16 30 M M 2 28 10
24 66 32 49 -3 16 0 0.00 0.0 0 8.0 16 50 M M 0 20 70
25 69 54 62 10 3 0 0.25 0.0 0 13.7 26 140 M M 5 3 39 130
26 68 47 58 6 7 0 0.14 0.0 0 13.1 31 150 M M 4 1 42 130
27 56 39 48 -5 17 0 0.00 0.0 0 3.9 12 320 M M 1 17 290
28 63 33 48 -5 17 0 0.00 0.0 0 3.2 12 290 M M 0 16 290
================================================================================
SM 1796 1169 339 7 1.98 0.0 182.5 M 110
================================================================================
AV 64.1 41.8 6.5 FASTST M M 4 MAX(MPH)
MISC ----> 31 150 42 130
================================================================================
NOTES:
# LAST OF SEVERAL OCCURRENCES
COLUMN 17 PEAK WIND IN M.P.H.
PRELIMINARY LOCAL CLIMATOLOGICAL DATA (WS FORM: F-6) , PAGE 2
STATION: BOWLING GREEN KY
MONTH: MARCH
YEAR: 2024
LATITUDE: 36 58 N
LONGITUDE: 86 26 W
[TEMPERATURE DATA] [PRECIPITATION DATA] SYMBOLS USED IN COLUMN 16
AVERAGE MONTHLY: 52.9 TOTAL FOR MONTH: 1.98 1 = FOG OR MIST
DPTR FM NORMAL: 4.2 DPTR FM NORMAL: -2.11 2 = FOG REDUCING VISIBILITY
HIGHEST: 82 ON 14 GRTST 24HR 0.66 ON 5- 6 TO 1/4 MILE OR LESS
LOWEST: 27 ON 19,11 3 = THUNDER
SNOW, ICE PELLETS, HAIL 4 = ICE PELLETS
TOTAL MONTH: 0.0 INCH 5 = HAIL
GRTST 24HR 0.0 6 = FREEZING RAIN OR DRIZZLE
GRTST DEPTH: 0 7 = DUSTSTORM OR SANDSTORM:
VSBY 1/2 MILE OR LESS
8 = SMOKE OR HAZE
[NO. OF DAYS WITH] [WEATHER - DAYS WITH] 9 = BLOWING SNOW
X = TORNADO
MAX 32 OR BELOW: 0 0.01 INCH OR MORE: 10
MAX 90 OR ABOVE: 0 0.10 INCH OR MORE: 6
MIN 32 OR BELOW: 4 0.50 INCH OR MORE: 1
MIN 0 OR BELOW: 0 1.00 INCH OR MORE: 0
[HDD (BASE 65) ]
TOTAL THIS MO. 339 CLEAR (SCALE 0-3) 14
DPTR FM NORMAL -123 PTCLDY (SCALE 4-7) 10
TOTAL FM JUL 1 2995 CLOUDY (SCALE 8-10) 4
DPTR FM NORMAL -485
[CDD (BASE 65) ]
TOTAL THIS MO. 7
DPTR FM NORMAL 7 [PRESSURE DATA]
TOTAL FM JAN 1 9 HIGHEST SLP M ON M
DPTR FM NORMAL 8 LOWEST SLP 29.63 ON 26
[REMARKS]