000
CXUS56 KOTX 290910
CF6EAT
PRELIMINARY LOCAL CLIMATOLOGICAL DATA (WS FORM: F-6)
STATION: WENATCHEE WA PANGBORN FIELD
MONTH: MARCH
YEAR: 2024
LATITUDE: 47 23 N
LONGITUDE: 120 12 W
TEMPERATURE IN F: :PCPN: SNOW: WIND :SUNSHINE: SKY :PK WND
================================================================================
1 2 3 4 5 6A 6B 7 8 9 10 11 12 13 14 15 16 17 18
12Z AVG MX 2MIN
DY MAX MIN AVG DEP HDD CDD WTR SNW DPTH SPD SPD DIR MIN PSBL S-S WX SPD DR
================================================================================
1 44 32 38 -1 27 0 0.02 M M 7.1 25 150 M M 4 1 36 150
2 45 30 38 -1 27 0 0.03 M M 6.0 22 270 M M 5 12 29 270
3 43 26 35 -4 30 0 0.01 M M 5.3 20 150 M M 3 1 27 150
4 46 26 36 -4 29 0 0.00 M M 7.0 20 270 M M 1 26 290
5 47 25 36 -4 29 0 0.00 M M 6.5 16 300 M M 2 19 300
6 44 23 34 -6 31 0 0.00 M M 4.7 14 310 M M 1 17 300
7 46 25 36 -4 29 0 0.00 M M 5.2 10 310 M M 1 14 130
8 47 29 38 -3 27 0 0.00 M M 3.3 8 120 M M 5 M M
9 51 32 42 1 23 0 T M M 6.9 26 320 M M 2 40 280
10 52 36 44 2 21 0 T M M 8.7 21 120 M M 6 28 120
11 51 31 41 -1 24 0 0.01 M M 7.7 23 130 M M 5 29 130
12 55 33 44 2 21 0 0.00 M M 12.5 32 260 M M 1 44 270
13 55 36 46 4 19 0 0.00 M M 12.7 21 300 M M 0 27 290
14 57 31 44 1 21 0 0.00 M M 6.3 13 310 M M 0 18 330
15 64 34 49 6 16 0 0.00 M M 4.8 12 290 M M 0 15 310
16 68 37 53 10 12 0 0.00 M M 4.4 13 270 M M 0 14 280
17 71 41 56 12 9 0 0.00 M M 6.2 17 280 M M 0 21 280
18 70 42 56 12 9 0 0.00 M M 6.5 15 310 M M 0 18 310
19 72 41 57 13 8 0 0.00 M M 5.9 18 300 M M 0 23 300
20 69 47 58 14 7 0 0.00 M M 10.1 28 300 M M 0 34 300
21 63 44 54 9 11 0 0.00 M M 9.8 20 300 M M 1 25 300
22 54 42 48 3 17 0 0.01 M M 6.5 14 290 M M 5 17 270
23 51 43 47 2 18 0 0.43 M M 7.2 13 310 M M 8 1 15 310
24 60 42 51 6 14 0 0.01 M M 9.6 21 310 M M 4 28 310
25 55 33 44 -2 21 0 0.00 M M 7.1 15 300 M M 3 19 300
26 57 40 49 3 16 0 0.01 M M 9.4 26 300 M M 4 36 300
27 42 36 39 -7 26 0 0.04 M M 4.9 9 330 M M 8 1 12 270
28 51 35 43 -3 22 0 T M M 5.5 15 140 M M 5 1 20 120
================================================================================
SM 1530 972 564 0 0.57 M 197.8 M 74
================================================================================
AV 54.6 34.7 7.1 FASTST M M 3 MAX(MPH)
MISC ----> 32 260 44 270
================================================================================
NOTES:
# LAST OF SEVERAL OCCURRENCES
COLUMN 17 PEAK WIND IN M.P.H.
PRELIMINARY LOCAL CLIMATOLOGICAL DATA (WS FORM: F-6) , PAGE 2
STATION: WENATCHEE WA PANGBORN FIELD
MONTH: MARCH
YEAR: 2024
LATITUDE: 47 23 N
LONGITUDE: 120 12 W
[TEMPERATURE DATA] [PRECIPITATION DATA] SYMBOLS USED IN COLUMN 16
AVERAGE MONTHLY: 44.7 TOTAL FOR MONTH: 0.57 1 = FOG OR MIST
DPTR FM NORMAL: 2.0 DPTR FM NORMAL: -0.09 2 = FOG REDUCING VISIBILITY
HIGHEST: 72 ON 19 GRTST 24HR 0.44 ON 22-23 TO 1/4 MILE OR LESS
LOWEST: 23 ON 6 3 = THUNDER
SNOW, ICE PELLETS, HAIL 4 = ICE PELLETS
TOTAL MONTH: M 5 = HAIL
GRTST 24HR M ON M 6 = FREEZING RAIN OR DRIZZLE
GRTST DEPTH: M ON M 7 = DUSTSTORM OR SANDSTORM:
VSBY 1/2 MILE OR LESS
8 = SMOKE OR HAZE
[NO. OF DAYS WITH] [WEATHER - DAYS WITH] 9 = BLOWING SNOW
X = TORNADO
MAX 32 OR BELOW: 0 0.01 INCH OR MORE: 9
MAX 90 OR ABOVE: 0 0.10 INCH OR MORE: 1
MIN 32 OR BELOW: 11 0.50 INCH OR MORE: 0
MIN 0 OR BELOW: 0 1.00 INCH OR MORE: 0
[HDD (BASE 65) ]
TOTAL THIS MO. 564 CLEAR (SCALE 0-3) 15
DPTR FM NORMAL -62 PTCLDY (SCALE 4-7) 13
TOTAL FM JUL 1 4743 CLOUDY (SCALE 8-10) 0
DPTR FM NORMAL -356
[CDD (BASE 65) ]
TOTAL THIS MO. 0
DPTR FM NORMAL 0 [PRESSURE DATA]
TOTAL FM JAN 1 0 HIGHEST SLP M ON M
DPTR FM NORMAL 0 LOWEST SLP 29.29 ON 2
[REMARKS]