000
CXUS53 KGLD 011710
CLAHLC
CLIMATE REPORT
NATIONAL WEATHER SERVICE
1010 AM MST MON JAN 01 2024
...................................
...THE HILL CITY KS CLIMATE SUMMARY FOR THE YEAR OF 2023...
CLIMATE NORMAL PERIOD: 1991 TO 2020
CLIMATE RECORD PERIOD: 1896 TO 2023
WEATHER OBSERVED NORMAL DEPART LAST YEAR`S
VALUE DATE(S) VALUE FROM VALUE DATE(S)
NORMAL
................................................................
TEMPERATURE (F)
RECORD
HIGH 117 07/24/1936
LOW -26 12/22/1989
HIGHEST 107 08/20 106 1 111 07/10
08/21
08/23
LOWEST -5 01/31 -9 4 -11 12/22
AVG. MAXIMUM 69.7 67.6 2.1 70.3
AVG. MINIMUM 41.2 40.3 0.9 39.3
MEAN 55.4 53.9 1.5 54.8
DAYS MAX >= 90 75 68.6 6.4 89
DAYS MAX <= 32 13 22.1 -9.1 21
DAYS MIN <= 32 151 142.6 8.4 152
DAYS MIN <= 0 2 4.4 -2.4 9
PRECIPITATION (INCHES)
RECORD
MAXIMUM 36.31 2018
MINIMUM 10.53 2012
TOTALS 17.12 21.50 -4.38
DAYS >= .01 74 78.2 -4.2 61
DAYS >= .10 34 37.6 -3.6 25
DAYS >= .50 10 12.8 -2.8 6
DAYS >= 1.00 2 5.0 -3.0 4
GREATEST
24 HR. TOTAL 2.41 1.28
................................................................
- INDICATES NEGATIVE NUMBERS.
R INDICATES RECORD WAS SET OR TIED.
MM INDICATES DATA IS MISSING.
T INDICATES TRACE AMOUNT.
$$