000
CXUS53 KLBF 010837
CLMIML
CLIMATE REPORT
NATIONAL WEATHER SERVICE NORTH PLATTE NE
237 AM CST FRI MAR 01 2024
...................................
...THE IMPERIAL CLIMATE SUMMARY FOR THE MONTH OF FEBRUARY 2024...
CLIMATE NORMAL PERIOD 1991 TO 2020
CLIMATE RECORD PERIOD 1893 TO 2024
WEATHER OBSERVED NORMAL DEPART LAST YEAR`S
VALUE DATE(S) VALUE FROM VALUE DATE(S)
NORMAL
................................................................
TEMPERATURE (F)
RECORD
HIGH 78 02/02/2020
02/21/2017
02/22/1982
LOW -35 02/12/1899
HIGHEST 72 02/20 68 4 53 02/28
02/25
02/26
LOWEST 7 02/28 -2 9 -8 02/23
AVG. MAXIMUM 53.1 44.5 8.6 37.3
AVG. MINIMUM 25.2 18.6 6.6 14.7
MEAN 39.2 31.5 7.7 26.0
DAYS MAX >= 90 0 0.0 0.0 0
DAYS MAX <= 32 1 7.1 -6.1 6
DAYS MIN <= 32 23 27.1 -4.1 27
DAYS MIN <= 0 0 2.2 -2.2 4
PRECIPITATION (INCHES)
RECORD
MAXIMUM 2.75 1903
MINIMUM 0.00 1970
TOTALS 0.78 0.36 0.42 0.01
DAILY AVG. 0.03 NAN NAN 0.00
DAYS >= .01 6 3.9 2.1 1
DAYS >= .10 2 0.9 1.1 0
DAYS >= .50 0 0.1 -0.1 0
DAYS >= 1.00 0 0.1 -0.1 0
GREATEST
24 HR. TOTAL 0.53 02/03 TO 02/04 0.01 02/15 TO 02/15
SNOWFALL (INCHES)
TOTALS MM
DEGREE DAYS
HEATING TOTAL 742 936 -194 1085
SINCE 7/1 4079 4539 -460 MM
COOLING TOTAL 0 0 0 0
SINCE 1/1 0 0 0 MM
................................................................
WIND (MPH)
HIGHEST WIND SPEED/DIRECTION 36/270 DATE 02/26
HIGHEST GUST SPEED/DIRECTION 51/280 DATE 02/20
AVERAGE RH (PERCENT) 62
WEATHER CONDITIONS. NUMBER OF DAYS WITH
THUNDERSTORM 0 MIXED PRECIP 0
HEAVY RAIN 0 RAIN 1
LIGHT RAIN 5 FREEZING RAIN 0
LT FREEZING RAIN 0 HAIL 0
HEAVY SNOW 0 SNOW 0
LIGHT SNOW 5 SLEET 0
FOG 10 FOG W/VIS <= 1/4 MILE 3
HAZE 4
- INDICATES NEGATIVE NUMBERS.
R INDICATES RECORD WAS SET OR TIED.
MM INDICATES DATA IS MISSING.
T INDICATES TRACE AMOUNT.
$$