000
CXUS51 KBTV 010800
CF61V4
PRELIMINARY LOCAL CLIMATOLOGICAL DATA (WS FORM: F-6)
STATION: SAINT JOHNSBURY VT ASOS
MONTH: JANUARY
YEAR: 2022
LATITUDE: 44 25 N
LONGITUDE: 72 1 W
TEMPERATURE IN F: :PCPN: SNOW: WIND :SUNSHINE: SKY :PK WND
================================================================================
1 2 3 4 5 6A 6B 7 8 9 10 11 12 13 14 15 16 17 18
12Z AVG MX 2MIN
DY MAX MIN AVG DEP HDD CDD WTR SNW DPTH SPD SPD DIR MIN PSBL S-S WX SPD DR
================================================================================
1 37 34 36 17 29 0 0.00 M M M M M M M 0 M M
2 35 15 25 6 40 0 0.13 M M M M M M M 0 M M
3 16 2 9 -10 56 0 0.00 M M M M M M M 0 M M
4 19 -4 8 -10 57 0 0.00 M M M M M M M 0 M M
5 37 11 24 6 41 0 0.00 M M M M M M M 0 M M
6 32 24 28 10 37 0 0.00 M M M M M M M 0 M M
7 27 13 20 2 45 0 0.10 M M M M M M M 0 M M
8 17 0 9 -9 56 0 0.00 M M M M M M M 0 M M
9 36 6 21 3 44 0 0.11 M M M M M M M 0 M M
10 30 6 18 1 47 0 0.01 M M M M M M M 0 M M
11 5 -11 -3 -20 68 0 0.00 M M M M M M M 0 M M
12 21 -10 6 -11 59 0 0.00 M M M M M M M 0 M M
13 33 21 27 10 38 0 0.00 M M M M M M M 0 M M
14 32 -4 14 -3 51 0 0.00 M M M M M M M 0 M M
15 2 -14 -6 -23 71 0 0.00 M M M M M M M 0 M M
16 15 -19 -2 -19 67 0 0.00 M M M M M M M 0 M M
17 36 7 22 5 43 0 0.27 M M M M M M M 0 M M
18 26 -5 11 -5 54 0 0.01 M M M M M M M 0 M M
19 33 -9 12 -4 53 0 0.00 M M M M M M M 0 M M
20 30 -4 13 -3 52 0 0.00 M M M M M M M 0 M M
21 11 -15 -2 -18 67 0 0.00 M M M M M M M 0 M M
22 16 -19 -1 -17 66 0 0.00 M M M M M M M 0 M M
23 26 5 16 0 49 0 0.01 M M M M M M M 0 M M
24 19 -5 7 -9 58 0 0.03 M M M M M M M 0 M M
25 30 8 19 3 46 0 0.02 M M M M M M M 0 M M
26 11 -13 -1 -17 66 0 0.00 M M M M M M M 0 M M
27 19 -20 0 -16 65 0 0.00 M M M M M M M 0 M M
28 26 5 16 0 49 0 0.00 M M M M M M M 0 M M
29 7 1 4 -12 61 0 0.03 M M M M M M M 0 M M
30 18 -4 7 -9 58 0 0.00 M M M M M M M 0 M M
31 24 -10 7 -10 58 0 0.00 M M M M M M M 0 M M
================================================================================
SM 726 -8 1651 0 0.72 M M M 0
================================================================================
AV 23.4 -0.3 M FASTST M M 0 MAX(MPH)
MISC ----> M M M M
================================================================================
NOTES:
# LAST OF SEVERAL OCCURRENCES
COLUMN 17 PEAK WIND IN M.P.H.
PRELIMINARY LOCAL CLIMATOLOGICAL DATA (WS FORM: F-6) , PAGE 2
STATION: SAINT JOHNSBURY VT ASOS
MONTH: JANUARY
YEAR: 2022
LATITUDE: 44 25 N
LONGITUDE: 72 1 W
[TEMPERATURE DATA] [PRECIPITATION DATA] SYMBOLS USED IN COLUMN 16
AVERAGE MONTHLY: 11.6 TOTAL FOR MONTH: 0.72 1 = FOG OR MIST
DPTR FM NORMAL: -5.5 DPTR FM NORMAL: -1.80 2 = FOG REDUCING VISIBILITY
HIGHEST: 37 ON 5, 1 GRTST 24HR 0.27 ON 17-17 TO 1/4 MILE OR LESS
LOWEST: -20 ON 27 3 = THUNDER
SNOW, ICE PELLETS, HAIL 4 = ICE PELLETS
TOTAL MONTH: M 5 = HAIL
GRTST 24HR M ON M 6 = FREEZING RAIN OR DRIZZLE
GRTST DEPTH: M ON M 7 = DUSTSTORM OR SANDSTORM:
VSBY 1/2 MILE OR LESS
8 = SMOKE OR HAZE
[NO. OF DAYS WITH] [WEATHER - DAYS WITH] 9 = BLOWING SNOW
X = TORNADO
MAX 32 OR BELOW: 24 0.01 INCH OR MORE: 10
MAX 90 OR ABOVE: 0 0.10 INCH OR MORE: 4
MIN 32 OR BELOW: 30 0.50 INCH OR MORE: 0
MIN 0 OR BELOW: 17 1.00 INCH OR MORE: 0
[HDD (BASE 65) ]
TOTAL THIS MO. 1651 CLEAR (SCALE 0-3) 31
DPTR FM NORMAL 166 PTCLDY (SCALE 4-7) 0
TOTAL FM JUL 1 4254 CLOUDY (SCALE 8-10) 0
DPTR FM NORMAL -248
[CDD (BASE 65) ]
TOTAL THIS MO. 0
DPTR FM NORMAL 0 [PRESSURE DATA]
TOTAL FM JAN 1 0 HIGHEST SLP M ON M
DPTR FM NORMAL 0 LOWEST SLP M ON M
[REMARKS]
#FINAL-01-22#