000
CXUS55 KBOU 010900
CF620V
PRELIMINARY LOCAL CLIMATOLOGICAL DATA (WS FORM: F-6)
STATION: KREMMLING
MONTH: JULY
YEAR: 2023
LATITUDE: 40 3 N
LONGITUDE: 106 22 W
TEMPERATURE IN F: :PCPN: SNOW: WIND :SUNSHINE: SKY :PK WND
================================================================================
1 2 3 4 5 6A 6B 7 8 9 10 11 12 13 14 15 16 17 18
12Z AVG MX 2MIN
DY MAX MIN AVG DEP HDD CDD WTR SNW DPTH SPD SPD DIR MIN PSBL S-S WX SPD DR
================================================================================
1 79 37 58 M 7 0 M M M 3.4 16 40 M M 5 12 25 40
2 81 41 61 M 4 0 M M M 3.7 17 350 M M 3 23 350
3 82 37 60 M 5 0 M M M 4.1 21 240 M M 3 32 240
4 81 46 64 M 1 0 M M M 4.4 18 310 M M 2 31 310
5 79 48 64 M 1 0 M M M 3.5 9 250 M M 4 3 23 20
6 73 50 62 M 3 0 M M M 4.2 15 340 M M 3 21 340
7 81 37 59 M 6 0 M M M 5.5 18 340 M M 1 31 90
8 82 45 64 M 1 0 M M M 4.1 20 250 M M 2 46 150
9 86 39 63 M 2 0 M M M 2.9 12 300 M M 1 22 310
10 88 37 63 M 2 0 M M M 3.0 16 250 M M 3 24 0
11 88 41 65 M 0 0 M M M 4.0 20 260 M M 1 25 260
12 88 45 67 M 0 2 M M M 2.5 12 270 M M 4 21 250
13 88 46 67 M 0 2 M M M 2.9 10 100 M M 2 30 160
14 82 41 62 M 3 0 M M M 4.5 15 260 M M 0 27 300
15 82 37 60 M 5 0 M M M 3.9 16 360 M M 1 22 300
16 88 37 63 M 2 0 M M M 3.2 14 330 M M 0 23 40
17 93 41 67 M 0 2 M M M 3.1 14 270 M M 1 22 240
18 86 43 65 M 0 0 M M M 4.5 16 330 M M 3 25 350
19 79 55 67 M 0 2 M M M 2.8 12 340 M M 5 3 17 340
20 73 54 64 M 1 0 M M M 4.9 18 340 M M 6 3 30 340
21 81 45 63 M 2 0 M M M 2.8 16 30 M M 3 12 33 310
22 86 43 65 M 0 0 M M M 3.0 12 340 M M 1 M M
23 88 41 65 M 0 0 M M M 4.2 24 20 M M 1 32 20
24 90 46 68 M 0 3 M M M 2.2 14 30 M M 0 33 270
25 88 48 68 M 0 3 M M M 4.4 16 240 M M 2 3 29 240
26 86 50 68 M 0 3 M M M 5.0 17 40 M M 2 28 250
27 82 45 64 M 1 0 M M M 2.0 9 30 M M 2 3 22 30
28 82 54 68 M 0 3 M M M 3.9 15 70 M M 4 22 320
29 88 45 67 M 0 2 M M M 3.6 16 360 M M 2 24 10
30 86 50 68 M 0 3 M M M 4.2 20 200 M M 1 30 160
31 86 54 70 M 0 5 M M M 3.1 18 130 M M 4 3 25 130
================================================================================
SM 2602 1378 46 30 M M 113.5 M 72
================================================================================
AV 83.9 44.5 3.7 FASTST M M 2 MAX(MPH)
MISC ----> 24 20 46 150
================================================================================
NOTES:
# LAST OF SEVERAL OCCURRENCES
COLUMN 17 PEAK WIND IN M.P.H.
PRELIMINARY LOCAL CLIMATOLOGICAL DATA (WS FORM: F-6) , PAGE 2
STATION: KREMMLING
MONTH: JULY
YEAR: 2023
LATITUDE: 40 3 N
LONGITUDE: 106 22 W
[TEMPERATURE DATA] [PRECIPITATION DATA] SYMBOLS USED IN COLUMN 16
AVERAGE MONTHLY: 64.2 TOTAL FOR MONTH: M 1 = FOG OR MIST
DPTR FM NORMAL: 0.0 DPTR FM NORMAL: M 2 = FOG REDUCING VISIBILITY
HIGHEST: 93 ON 17 GRTST 24HR M ON M TO 1/4 MILE OR LESS
LOWEST: 37 ON 16, 1 3 = THUNDER
SNOW, ICE PELLETS, HAIL 4 = ICE PELLETS
TOTAL MONTH: M 5 = HAIL
GRTST 24HR M ON M 6 = FREEZING RAIN OR DRIZZLE
GRTST DEPTH: M ON M 7 = DUSTSTORM OR SANDSTORM:
VSBY 1/2 MILE OR LESS
8 = SMOKE OR HAZE
[NO. OF DAYS WITH] [WEATHER - DAYS WITH] 9 = BLOWING SNOW
X = TORNADO
MAX 32 OR BELOW: 0 0.01 INCH OR MORE: 0
MAX 90 OR ABOVE: 2 0.10 INCH OR MORE: 0
MIN 32 OR BELOW: 0 0.50 INCH OR MORE: 0
MIN 0 OR BELOW: 0 1.00 INCH OR MORE: 0
[HDD (BASE 65) ]
TOTAL THIS MO. 46 CLEAR (SCALE 0-3) 24
DPTR FM NORMAL M PTCLDY (SCALE 4-7) 7
TOTAL FM JUL 1 46 CLOUDY (SCALE 8-10) 0
DPTR FM NORMAL M
[CDD (BASE 65) ]
TOTAL THIS MO. 30
DPTR FM NORMAL M [PRESSURE DATA]
TOTAL FM JAN 1 30 HIGHEST SLP M ON M
DPTR FM NORMAL M LOWEST SLP M ON M
[REMARKS]
#FINAL-07-23#