000
CXUS55 KBOU 061345 CCA
CF620V
PRELIMINARY LOCAL CLIMATOLOGICAL DATA (WS FORM: F-6)
STATION: KREMMLING
MONTH: SEPTEMBER
YEAR: 2022
LATITUDE: 40 3 N
LONGITUDE: 106 22 W
TEMPERATURE IN F: :PCPN: SNOW: WIND :SUNSHINE: SKY :PK WND
================================================================================
1 2 3 4 5 6A 6B 7 8 9 10 11 12 13 14 15 16 17 18
12Z AVG MX 2MIN
DY MAX MIN AVG DEP HDD CDD WTR SNW DPTH SPD SPD DIR MIN PSBL S-S WX SPD DR
================================================================================
1 82 37 60 M 5 0 M M M 2.0 17 20 M M 1 23 20
2 88 41 65 M 0 0 M M M 2.3 10 100 M M 0 17 350
3 88 41 65 M 0 0 M M M 1.8 12 220 M M 0 20 100
4 88 37 63 M 2 0 M M M 2.3 12 260 M M 0 M M
5 90 37 64 M 1 0 M M M 1.2 8 330 M M 0 18 0
6 90 37 64 M 1 0 M M M 1.8 8 360 M M 0 18 360
7 90 37 64 M 1 0 M M M 0.9 7 80 M M 0 M M
8 88 37 63 M 2 0 M M M 2.9 12 320 M M 1 28 240
9 82 45 64 M 1 0 M M M 6.7 16 330 M M 1 26 200
10 73 37 55 M 10 0 M M M 3.5 15 340 M M 0 25 340
11 79 30 55 M 10 0 M M M 2.1 12 360 M M 0 16 360
12 81 30 56 M 9 0 M M M 1.2 6 130 M M 0 M M
13 81 30 56 M 9 0 M M M 4.0 17 250 M M 3 32 220
14 70 41 56 M 9 0 M M M 3.8 15 20 M M 8 24 270
15 64 37 51 M 14 0 M M M 4.8 20 250 M M 7 29 250
16 59 36 48 M 17 0 M M M 2.3 13 200 M M 7 12 18 210
17 73 41 57 M 8 0 M M M 4.2 16 260 M M 4 28 260
18 79 32 56 M 9 0 M M M 5.0 16 220 M M 0 30 210
19 81 32 57 M 8 0 M M M 3.7 16 250 M M 0 25 250
20 73 34 54 M 11 0 M M M 3.0 15 350 M M 6 25 350
21 72 41 57 M 8 0 M M M 3.1 16 200 M M 6 27 130
22 70 48 59 M 6 0 M M M 4.7 18 230 M M 6 24 240
23 70 36 53 M 12 0 M M M 4.8 14 320 M M 1 21 330
24 73 30 52 M 13 0 M M M 2.5 13 350 M M 0 20 350
25 73 28 51 M 14 0 M M M 1.9 10 360 M M 0 16 360
26 75 30 53 M 12 0 M M M 1.0 8 330 M M 0 M M
27 73 32 53 M 12 0 M M M 2.5 13 190 M M 4 20 130
28 75 32 54 M 11 0 M M M 1.3 9 260 M M 3 21 270
29 72 39 56 M 9 0 M M M 3.9 15 340 M M 5 23 230
30 59 37 48 M 17 0 M M M 3.8 15 350 M M 8 33 280
================================================================================
SM 2311 1082 241 0 M M 89.0 M 71
================================================================================
AV 77.0 36.1 3.0 FASTST M M 2 MAX(MPH)
MISC ----> 20 250 33 280
================================================================================
NOTES:
# LAST OF SEVERAL OCCURRENCES
COLUMN 17 PEAK WIND IN M.P.H.
PRELIMINARY LOCAL CLIMATOLOGICAL DATA (WS FORM: F-6) , PAGE 2
STATION: KREMMLING
MONTH: SEPTEMBER
YEAR: 2022
LATITUDE: 40 3 N
LONGITUDE: 106 22 W
[TEMPERATURE DATA] [PRECIPITATION DATA] SYMBOLS USED IN COLUMN 16
AVERAGE MONTHLY: 56.6 TOTAL FOR MONTH: M 1 = FOG OR MIST
DPTR FM NORMAL: M DPTR FM NORMAL: M 2 = FOG REDUCING VISIBILITY
HIGHEST: 90 ON 7, 6 GRTST 24HR M TO 1/4 MILE OR LESS
LOWEST: 28 ON 25 3 = THUNDER
SNOW, ICE PELLETS, HAIL 4 = ICE PELLETS
TOTAL MONTH: M 5 = HAIL
GRTST 24HR M ON M 6 = FREEZING RAIN OR DRIZZLE
GRTST DEPTH: M ON M 7 = DUSTSTORM OR SANDSTORM:
VSBY 1/2 MILE OR LESS
8 = SMOKE OR HAZE
[NO. OF DAYS WITH] [WEATHER - DAYS WITH] 9 = BLOWING SNOW
X = TORNADO
MAX 32 OR BELOW: 0 0.01 INCH OR MORE: M
MAX 90 OR ABOVE: 3 0.10 INCH OR MORE: 0
MIN 32 OR BELOW: 10 0.50 INCH OR MORE: 0
MIN 0 OR BELOW: 0 1.00 INCH OR MORE: 0
[HDD (BASE 65) ]
TOTAL THIS MO. 241 CLEAR (SCALE 0-3) 20
DPTR FM NORMAL M PTCLDY (SCALE 4-7) 10
TOTAL FM JUL 1 348 CLOUDY (SCALE 8-10) 0
DPTR FM NORMAL M
[CDD (BASE 65) ]
TOTAL THIS MO. 0
DPTR FM NORMAL M [PRESSURE DATA]
TOTAL FM JAN 1 67 HIGHEST SLP M ON M
DPTR FM NORMAL M LOWEST SLP M ON M
[REMARKS]
#FINAL-09-22#