000
CXUS55 KBOU 011000
CF620V
PRELIMINARY LOCAL CLIMATOLOGICAL DATA (WS FORM: F-6)
STATION: KREMMLING
MONTH: FEBRUARY
YEAR: 2021
LATITUDE: 40 3 N
LONGITUDE: 106 22 W
TEMPERATURE IN F: :PCPN: SNOW: WIND :SUNSHINE: SKY :PK WND
================================================================================
1 2 3 4 5 6A 6B 7 8 9 10 11 12 13 14 15 16 17 18
12Z AVG MX 2MIN
DY MAX MIN AVG DEP HDD CDD WTR SNW DPTH SPD SPD DIR MIN PSBL S-S WX SPD DR
================================================================================
1 30 0 15 M 50 0 0.00 M M 0.3 3 360 M M 2 M M
2 36 5 21 M 44 0 0.00 M M 1.1 7 190 M M 6 M M
3 45 21 33 M 32 0 0.00 M M 9.5 26 250 M M 9 45 290
4 30 10 20 M 45 0 0.02 M M 6.8 18 280 M M 8 24 280
5 27 18 23 M 42 0 0.00 M M 6.8 15 260 M M 10 22 250
6 34 19 27 M 38 0 0.02 M M 13.3 31 260 M M 10 43 260
7 37 27 32 M 33 0 0.00 M M 17.0 29 250 M M 3 38 250
8 41 23 32 M 33 0 0.00 M M 14.0 26 280 M M 2 38 280
9 41 23 32 M 33 0 0.00 M M 4.8 16 240 M M 8 25 270
10 39 30 35 M 30 0 0.01 M M 7.4 22 250 M M 8 31 250
11 37 27 32 M 33 0 0.00 M M 10.9 22 240 M M 8 33 240
12 37 30 34 M 31 0 0.02 M M 4.4 15 260 M M 10 23 250
13 36 27 32 M 33 0 0.17 M M 3.1 8 110 M M 9 M M
14 27 -4 12 M 53 0 0.04 M M 4.2 16 350 M M 5 8 24 350
15 25 -4 11 M 54 0 0.00 M M 2.3 8 250 M M 9 1 22 250
16 30 14 22 M 43 0 0.08 M M 4.9 16 240 M M 7 23 240
17 30 9 20 M 45 0 0.00 M M 2.6 10 330 M M 7 18 280
18 27 0 14 M 51 0 0.00 M M 2.5 12 330 M M 6 16 330
19 32 -4 14 M 51 0 0.00 M M 4.2 15 230 M M 9 22 160
20 37 19 28 M 37 0 0.00 M M 7.6 16 220 M M 8 24 300
21 30 5 18 M 47 0 0.00 M M 5.1 13 260 M M 9 25 260
22 37 16 27 M 38 0 0.00 M M 3.5 12 260 M M 6 M M
23 45 7 26 M 39 0 0.00 M M 6.7 20 340 M M 1 24 240
24 34 5 20 M 45 0 0.00 M M 3.8 14 330 M M 4 21 330
25 32 3 18 M 47 0 0.09 M M 1.5 6 140 M M 4 M M
26 34 0 17 M 48 0 0.00 M M 7.2 21 250 M M 7 32 250
27 30 -6 12 M 53 0 0.03 M M 5.2 12 330 M M 8 21 330
28 25 -6 10 M 55 0 0.00 M M 1.5 8 360 M M 4 M M
================================================================================
SM 945 314 1183 0 0.48 M 162.2 M 187
================================================================================
AV 33.8 11.2 5.8 FASTST M M 7 MAX(MPH)
MISC ----> 31 260 45 290
================================================================================
NOTES:
# LAST OF SEVERAL OCCURRENCES
COLUMN 17 PEAK WIND IN M.P.H.
PRELIMINARY LOCAL CLIMATOLOGICAL DATA (WS FORM: F-6) , PAGE 2
STATION: KREMMLING
MONTH: FEBRUARY
YEAR: 2021
LATITUDE: 40 3 N
LONGITUDE: 106 22 W
[TEMPERATURE DATA] [PRECIPITATION DATA] SYMBOLS USED IN COLUMN 16
AVERAGE MONTHLY: 22.5 TOTAL FOR MONTH: 0.48 1 = FOG OR MIST
DPTR FM NORMAL: 0.0 DPTR FM NORMAL: 0.48 2 = FOG REDUCING VISIBILITY
HIGHEST: 45 ON 23, 3 GRTST 24HR 0.17 ON 13-13 TO 1/4 MILE OR LESS
LOWEST: -6 ON 28,27 3 = THUNDER
SNOW, ICE PELLETS, HAIL 4 = ICE PELLETS
TOTAL MONTH: M 5 = HAIL
GRTST 24HR M ON M 6 = FREEZING RAIN OR DRIZZLE
GRTST DEPTH: M ON M 7 = DUSTSTORM OR SANDSTORM:
VSBY 1/2 MILE OR LESS
8 = SMOKE OR HAZE
[NO. OF DAYS WITH] [WEATHER - DAYS WITH] 9 = BLOWING SNOW
X = TORNADO
MAX 32 OR BELOW: 13 0.01 INCH OR MORE: 9
MAX 90 OR ABOVE: 0 0.10 INCH OR MORE: 1
MIN 32 OR BELOW: 28 0.50 INCH OR MORE: 0
MIN 0 OR BELOW: 8 1.00 INCH OR MORE: 0
[HDD (BASE 65) ]
TOTAL THIS MO. 1183 CLEAR (SCALE 0-3) 4
DPTR FM NORMAL M PTCLDY (SCALE 4-7) 14
TOTAL FM JUL 1 6451 CLOUDY (SCALE 8-10) 10
DPTR FM NORMAL M
[CDD (BASE 65) ]
TOTAL THIS MO. 0
DPTR FM NORMAL M [PRESSURE DATA]
TOTAL FM JAN 1 0 HIGHEST SLP M ON M
DPTR FM NORMAL M LOWEST SLP M ON M
[REMARKS]
#FINAL-02-21#