000
CXUS53 KABR 011503
CLA8D3
CLIMATE REPORT
NATIONAL WEATHER SERVICE ABERDEEN SD
903 AM CST SAT JAN 01 2022
...................................
...THE SISSETON SD CLIMATE SUMMARY FOR THE YEAR OF 2021...
CLIMATE NORMAL PERIOD 1991 TO 2020
CLIMATE RECORD PERIOD 1900 TO 2021
WEATHER OBSERVED NORMAL DEPART LAST YEAR`S
VALUE DATE(S) VALUE FROM VALUE DATE(S)
NORMAL
................................................................
TEMPERATURE (F)
RECORD
HIGH 113 07/06/1936
05/30/1934
LOW -37 01/24/1936
HIGHEST 101 06/05 MM MM 99 06/07
LOWEST -19 02/14 MM MM -21 01/11
AVG. MAXIMUM 59.1 54.7 4.4 55.8
AVG. MINIMUM 36.8 33.3 3.5 34.1
MEAN 48.0 44.0 4.0 44.9
DAYS MAX >= 90 30 12.7 17.3 15
DAYS MAX <= 32 55 79.5 -24.5 74
DAYS MIN <= 32 156 169.5 -13.5 180
DAYS MIN <= 0 20 34.3 -14.3 21
PRECIPITATION (INCHES)
RECORD
MAXIMUM 35.04 2019
MINIMUM 8.77 1976
TOTALS 28.98 22.94 6.04 13.59
DAILY AVG. 0.08
DAYS >= .01 92 108.3 -16.3 90
DAYS >= .10 43 46.6 -3.6 34
DAYS >= .50 18 12.8 5.2 8
DAYS >= 1.00 9 3.9 5.1 0
SNOWFALL (INCHES)
RECORDS
TOTAL MM MM
TOTALS 30.6 36.3 -5.7 28.0
SINCE 7/1 21.5 11.1 10.4 MM
DAYS >= TRACE 54 23.8 30.2 49
DAYS >= 1.0 7 12.5 -5.5 8
DEGREE DAYS
HEATING TOTAL 6931 8179 -1248 7916
SINCE 7/1 2600 3205 -605 MM
COOLING TOTAL 898 566 332 691
SINCE 1/1 898 567 331 691
................................................................
WIND (MPH)
AVERAGE WIND SPEED 10.3
HIGHEST WIND SPEED/DIRECTION 53/280 DATE 03/29
HIGHEST GUST SPEED/DIRECTION 72/290 DATE 03/29
- INDICATES NEGATIVE NUMBERS.
R INDICATES RECORD WAS SET OR TIED.
MM INDICATES DATA IS MISSING.
T INDICATES TRACE AMOUNT.
$$