000
CXUS56 KMFR 010930
CF6AAT
PRELIMINARY LOCAL CLIMATOLOGICAL DATA (WS FORM: F-6)
STATION: ALTURAS CA
MONTH: JULY
YEAR: 2022
LATITUDE: 41 29 N
LONGITUDE: 120 34 W
TEMPERATURE IN F: :PCPN: SNOW: WIND :SUNSHINE: SKY :PK WND
================================================================================
1 2 3 4 5 6A 6B 7 8 9 10 11 12 13 14 15 16 17 18
12Z AVG MX 2MIN
DY MAX MIN AVG DEP HDD CDD WTR SNW DPTH SPD SPD DIR MIN PSBL S-S WX SPD DR
================================================================================
1 87 40 64 -1 1 0 0.00 M M 6.2 22 270 M M 0 30 300
2 85 38 62 -4 3 0 0.00 M M 7.8 25 250 M M 0 39 240
3 75 44 60 -6 5 0 0.00 M M 8.5 23 250 M M 3 32 290
4 74 52 63 -3 2 0 0.00 M M 6.1 18 260 M M 8 26 240
5 77 43 60 -6 5 0 0.00 M M 6.5 21 260 M M 5 27 270
6 83 40 62 -5 3 0 0.00 M M 6.2 23 280 M M 3 35 280
7 84 41 63 -4 2 0 0.00 M M 6.5 22 270 M M 0 30 280
8 86 40 63 -4 2 0 0.00 M M 5.3 20 290 M M 0 26 290
9 86 42 64 -4 1 0 0.00 M M 6.2 22 270 M M 0 34 280
10 91 45 68 0 0 3 0.00 M M 4.6 14 10 M M 0 22 330
11 97 55 76 8 0 11 0.00 M M 4.1 10 180 M M 0 20 190
12 100 49 75 7 0 10 0.00 M M 7.4 26 270 M M 0 37 270
13 92 49 71 3 0 6 0.00 M M 6.1 26 260 M M 0 35 250
14 94 46 70 1 0 5 0.00 M M 5.3 22 280 M M 0 29 280
15 94 44 69 0 0 4 0.00 M M 5.3 21 270 M M 0 28 260
16 96 41 69 0 0 4 0.00 M M 6.1 23 270 M M 0 8 34 280
17 97 43 70 1 0 5 0.00 M M 6.7 25 270 M M 0 35 250
18 96 45 71 2 0 6 0.00 M M 6.9 26 280 M M 0 38 290
19 94 45 70 1 0 5 0.00 M M 6.4 24 260 M M 0 33 270
20 95 43 69 0 0 4 0.00 M M 6.2 25 260 M M 0 34 260
21 96 41 69 0 0 4 0.00 M M 5.7 21 280 M M 0 27 270
22 93 44 69 0 0 4 0.00 M M 5.1 22 260 M M 0 30 290
23 93 39 66 -3 0 1 0.00 M M 4.2 14 350 M M 0 19 350
24 96 46 71 2 0 6 0.00 M M 2.9 13 330 M M 0 18 350
25 100 47 74 5 0 9 0.00 M M 3.6 12 20 M M 0 17 330
26 104 49 77 8 0 12 0.00 M M 4.4 29 260 M M 0 36 270
27 102 59 81 12 0 16 0.00 M M 2.4 12 170 M M 0 18 160
28 102 54 78 9 0 13 0.00 M M 4.9 18 360 M M 0 30 350
29 103 52 78 9 0 13 0.00 M M 3.1 13 260 M M 0 18 270
30 101 52 77 8 0 12 0.00 M M 5.0 30 260 M M 0 55 250
31 102 64 83 14 0 18 0.00 M M 6.3 22 310 M M 0 32 130
================================================================================
SM 2875 1432 24 171 0.00 M 172.0 M 19
================================================================================
AV 92.7 46.2 5.5 FASTST M M 1 MAX(MPH)
MISC ----> 30 260 55 250
================================================================================
NOTES:
# LAST OF SEVERAL OCCURRENCES
COLUMN 17 PEAK WIND IN M.P.H.
PRELIMINARY LOCAL CLIMATOLOGICAL DATA (WS FORM: F-6) , PAGE 2
STATION: ALTURAS CA
MONTH: JULY
YEAR: 2022
LATITUDE: 41 29 N
LONGITUDE: 120 34 W
[TEMPERATURE DATA] [PRECIPITATION DATA] SYMBOLS USED IN COLUMN 16
AVERAGE MONTHLY: 69.5 TOTAL FOR MONTH: 0.00 1 = FOG OR MIST
DPTR FM NORMAL: 1.3 DPTR FM NORMAL: -0.29 2 = FOG REDUCING VISIBILITY
HIGHEST: 104 ON 26 GRTST 24HR 0.00 ON 1- 1 TO 1/4 MILE OR LESS
LOWEST: 38 ON 2 3 = THUNDER
SNOW, ICE PELLETS, HAIL 4 = ICE PELLETS
TOTAL MONTH: M 5 = HAIL
GRTST 24HR M ON M 6 = FREEZING RAIN OR DRIZZLE
GRTST DEPTH: M ON M 7 = DUSTSTORM OR SANDSTORM:
VSBY 1/2 MILE OR LESS
8 = SMOKE OR HAZE
[NO. OF DAYS WITH] [WEATHER - DAYS WITH] 9 = BLOWING SNOW
X = TORNADO
MAX 32 OR BELOW: 0 0.01 INCH OR MORE: 0
MAX 90 OR ABOVE: 22 0.10 INCH OR MORE: 0
MIN 32 OR BELOW: 0 0.50 INCH OR MORE: 0
MIN 0 OR BELOW: 0 1.00 INCH OR MORE: 0
[HDD (BASE 65) ]
TOTAL THIS MO. 24 CLEAR (SCALE 0-3) 28
DPTR FM NORMAL -1 PTCLDY (SCALE 4-7) 2
TOTAL FM JUL 1 24 CLOUDY (SCALE 8-10) 1
DPTR FM NORMAL 2
[CDD (BASE 65) ]
TOTAL THIS MO. 171
DPTR FM NORMAL 48 [PRESSURE DATA]
TOTAL FM JAN 1 193 HIGHEST SLP M ON M
DPTR FM NORMAL 44 LOWEST SLP 29.76 ON 2
[REMARKS]
#FINAL-07-22#