000
CXUS51 KPHI 040134
CF6ABE
PRELIMINARY LOCAL CLIMATOLOGICAL DATA (WS FORM: F-6)
STATION: ALLENTOWN PA
MONTH: SEPTEMBER
YEAR: 2022
LATITUDE: 40 39 N
LONGITUDE: 75 26 W
TEMPERATURE IN F: :PCPN: SNOW: WIND :SUNSHINE: SKY :PK WND
================================================================================
1 2 3 4 5 6A 6B 7 8 9 10 11 12 13 14 15 16 17 18
12Z AVG MX 2MIN
DY MAX MIN AVG DEP HDD CDD WTR SNW DPTH SPD SPD DIR MIN PSBL S-S WX SPD DR
================================================================================
1 83 59 71 0 0 6 0.00 0.0 0 8.0 17 300 M M 0 25 250
2 81 51 66 -5 0 1 0.00 0.0 0 4.4 12 150 M M 0 17 150
3 85 59 72 2 0 7 0.00 0.0 0 4.7 12 210 M M 4 16 210
4 89 66 78 8 0 13 0.00 0.0 0 5.1 12 50 M M 4 14 40
5 85 68 77 7 0 12 0.39 0.0 0 5.6 15 290 M M 6 1 21 290
6 75 66 71 1 0 6 1.03 0.0 0 6.4 14 80 M M 10 1 17 140
7 69 64 67 -2 0 2 0.06 0.0 0 7.9 15 70 M M 9 1 19 70
8 80 59 70 1 0 5 0.00 0.0 0 4.1 14 70 M M 4 28 80
9 82 55 69 0 0 4 0.00 0.0 0 4.0 12 90 M M 0 17 90
10 81 52 67 -1 0 2 0.00 0.0 0 2.9 10 190 M M 0 1 15 180
11 68 64 66 -2 0 1 0.70 0.0 0 4.6 12 70 M M 9 1 14 80
12 81 65 73 5 0 8 0.01 0.0 0 3.8 8 80 M M 9 13 11 70
13 79 58 69 2 0 4 0.09 0.0 0 6.8 21 220 M M 5 13 25 220
14 77 53 65 -2 0 0 0.00 0.0 0 7.0 15 260 M M 1 23 360
15 72 50 61 -6 4 0 0.00 0.0 0 7.4 17 330 M M 0 23 30
16 77 46 62 -4 3 0 0.00 0.0 0 2.7 9 250 M M 0 12 250
17 79 57 68 2 0 3 0.00 0.0 0 4.3 13 220 M M 3 17 180
18 82 55 69 3 0 4 0.00 0.0 0 5.0 17 250 M M 0 1 23 250
19 83 60 72 7 0 7 0.11 0.0 0 4.8 29 270 M M 4 13 38 260
20 77 57 67 2 0 2 0.00 0.0 0 6.0 16 330 M M 2 20 300
21 80 55 68 4 0 3 0.00 0.0 0 5.6 17 240 M M 0 22 230
22 70 53 62 -2 3 0 0.09 0.0 0 9.1 26 330 M M 4 13 35 320
23 62 45 54 -10 11 0 0.01 0.0 0 14.0 25 330 M M 2 34 330
24 68 40 54 -9 11 0 0.00 0.0 0 6.0 13 250 M M 0 17 310
25 65 51 58 -5 7 0 0.98 0.0 0 5.3 21 290 M M 7 13 27 300
26 72 50 61 -1 4 0 T 0.0 0 8.5 22 220 M M 2 1 28 240
27 66 45 56 -6 9 0 0.00 0.0 0 6.8 17 250 M M 3 22 240
28 69 43 56 -6 9 0 0.00 0.0 0 7.2 15 310 M M 5 20 310
29 66 44 55 -6 10 0 0.00 0.0 0 5.6 18 40 M M 0 23 40
30 61 42 52 -9 13 0 T 0.0 0 8.0 15 50 M M 1 20 50
================================================================================
SM 2264 1632 84 90 3.47 0.0 181.6 M 94
================================================================================
AV 75.5 54.4 6.1 FASTST M M 3 MAX(MPH)
MISC ----> 29 270 38 260
================================================================================
NOTES:
# LAST OF SEVERAL OCCURRENCES
COLUMN 17 PEAK WIND IN M.P.H.
PRELIMINARY LOCAL CLIMATOLOGICAL DATA (WS FORM: F-6) , PAGE 2
STATION: ALLENTOWN PA
MONTH: SEPTEMBER
YEAR: 2022
LATITUDE: 40 39 N
LONGITUDE: 75 26 W
[TEMPERATURE DATA] [PRECIPITATION DATA] SYMBOLS USED IN COLUMN 16
AVERAGE MONTHLY: 64.9 TOTAL FOR MONTH: 3.47 1 = FOG OR MIST
DPTR FM NORMAL: -1.4 DPTR FM NORMAL: -1.37 2 = FOG REDUCING VISIBILITY
HIGHEST: 89 ON 4 GRTST 24HR 1.42 ON 5- 6 TO 1/4 MILE OR LESS
LOWEST: 40 ON 24 3 = THUNDER
SNOW, ICE PELLETS, HAIL 4 = ICE PELLETS
TOTAL MONTH: 0.0 INCH 5 = HAIL
GRTST 24HR 0.0 6 = FREEZING RAIN OR DRIZZLE
GRTST DEPTH: 0 7 = DUSTSTORM OR SANDSTORM:
VSBY 1/2 MILE OR LESS
8 = SMOKE OR HAZE
[NO. OF DAYS WITH] [WEATHER - DAYS WITH] 9 = BLOWING SNOW
X = TORNADO
MAX 32 OR BELOW: 0 0.01 INCH OR MORE: 10
MAX 90 OR ABOVE: 0 0.10 INCH OR MORE: 5
MIN 32 OR BELOW: 0 0.50 INCH OR MORE: 3
MIN 0 OR BELOW: 0 1.00 INCH OR MORE: 1
[HDD (BASE 65) ]
TOTAL THIS MO. 84 CLEAR (SCALE 0-3) 16
DPTR FM NORMAL 15 PTCLDY (SCALE 4-7) 10
TOTAL FM JUL 1 84 CLOUDY (SCALE 8-10) 4
DPTR FM NORMAL 10
[CDD (BASE 65) ]
TOTAL THIS MO. 90
DPTR FM NORMAL -18 [PRESSURE DATA]
TOTAL FM JAN 1 982 HIGHEST SLP 30.40 ON 29
DPTR FM NORMAL 14 LOWEST SLP 29.60 ON 25
[REMARKS]
#FINAL-09-22#