000
CXUS51 KPHI 011230
CF6ABE
PRELIMINARY LOCAL CLIMATOLOGICAL DATA (WS FORM: F-6)
STATION: ALLENTOWN PA
MONTH: JULY
YEAR: 2023
LATITUDE: 40 39 N
LONGITUDE: 75 26 W
TEMPERATURE IN F: :PCPN: SNOW: WIND :SUNSHINE: SKY :PK WND
================================================================================
1 2 3 4 5 6A 6B 7 8 9 10 11 12 13 14 15 16 17 18
12Z AVG MX 2MIN
DY MAX MIN AVG DEP HDD CDD WTR SNW DPTH SPD SPD DIR MIN PSBL S-S WX SPD DR
================================================================================
1 82 67 75 0 0 10 T 0.0 0 5.5 13 170 M M 8 8 17 160
2 84 69 77 2 0 12 0.59 0.0 0 6.3 21 240 M M 7 138 27 250
3 87 68 78 3 0 13 T 0.0 0 5.4 15 250 M M 2 1 19 250
4 87 70 79 4 0 14 T 0.0 0 5.5 17 350 M M 5 1238 23 350
5 91 67 79 4 0 14 0.00 0.0 0 3.7 8 150 M M 0 1 15 40
6 90 68 79 4 0 14 0.05 0.0 0 3.3 17 280 M M 3 3 23 280
7 86 71 79 3 0 14 0.72 0.0 0 3.3 21 260 M M 5 138 28 260
8 89 69 79 3 0 14 0.00 0.0 0 2.7 10 180 M M 2 1 14 160
9 80 66 73 -3 0 8 2.10 0.0 0 4.6 20 220 M M 9 138 24 220
10 84 64 74 -2 0 9 0.03 0.0 0 6.3 15 300 M M 3 3 22 310
11 85 58 72 -4 0 7 0.00 0.0 0 4.7 12 240 M M 0 1 15 280
12 87 62 75 -1 0 10 0.00 0.0 0 4.4 15 220 M M 0 20 240
13 90 67 79 3 0 14 0.00 0.0 0 8.3 21 210 M M 2 29 160
14 88 69 79 3 0 14 0.03 0.0 0 6.7 15 30 M M 4 3 19 170
15 88 68 78 2 0 13 0.10 0.0 0 4.0 15 120 M M 5 13 20 120
16 82 70 76 0 0 11 1.08 0.0 0 2.4 12 130 M M 7 138 17 290
17 86 66 76 0 0 11 0.00 0.0 0 5.6 14 290 M M 1 18 22 300
18 84 66 75 -1 0 10 0.00 0.0 0 3.9 15 250 M M 2 8 21 250
19 81 66 74 -2 0 9 0.00 0.0 0 3.4 9 60 M M 4 18 15 160
20 85 64 75 -1 0 10 0.00 0.0 0 5.2 12 210 M M 3 8 23 160
21 81 64 73 -3 0 8 0.44 0.0 0 6.3 18 230 M M 6 13 27 230
22 82 61 72 -4 0 7 0.00 0.0 0 4.7 13 320 M M 1 17 320
23 86 59 73 -3 0 8 0.00 0.0 0 4.2 14 230 M M 1 17 230
24 86 63 75 -1 0 10 0.00 0.0 0 6.8 17 200 M M 2 23 220
25 83 63 73 -3 0 8 0.88 0.0 0 2.9 29 200 M M 4 13 34 180
26 86 60 73 -3 0 8 0.00 0.0 0 5.4 14 190 M M 1 12 21 230
27 89 71 80 4 0 15 0.25 0.0 0 8.8 22 240 M M 4 13 33 230
28 90 69 80 5 0 15 T 0.0 0 5.7 16 230 M M 1 1 20 210
29 87 67 77 2 0 12 T 0.0 0 9.5 21 320 M M 4 31 320
30 78 59 69 -6 0 4 0.00 0.0 0 6.6 16 330 M M 2 22 330
31 82 57 70 -5 0 5 0.00 0.0 0 4.0 10 350 M M 2 15 330
================================================================================
SM 2646 2028 0 331 6.27 0.0 160.1 M 100
================================================================================
AV 85.4 65.4 5.2 FASTST M M 3 MAX(MPH)
MISC ----> 29 200 34 180
================================================================================
NOTES:
# LAST OF SEVERAL OCCURRENCES
COLUMN 17 PEAK WIND IN M.P.H.
PRELIMINARY LOCAL CLIMATOLOGICAL DATA (WS FORM: F-6) , PAGE 2
STATION: ALLENTOWN PA
MONTH: JULY
YEAR: 2023
LATITUDE: 40 39 N
LONGITUDE: 75 26 W
[TEMPERATURE DATA] [PRECIPITATION DATA] SYMBOLS USED IN COLUMN 16
AVERAGE MONTHLY: 75.4 TOTAL FOR MONTH: 6.27 1 = FOG OR MIST
DPTR FM NORMAL: -0.2 DPTR FM NORMAL: 0.97 2 = FOG REDUCING VISIBILITY
HIGHEST: 91 ON 5 GRTST 24HR 2.10 ON 9- 9 TO 1/4 MILE OR LESS
LOWEST: 57 ON 31 3 = THUNDER
SNOW, ICE PELLETS, HAIL 4 = ICE PELLETS
TOTAL MONTH: 0.0 INCH 5 = HAIL
GRTST 24HR 0.0 6 = FREEZING RAIN OR DRIZZLE
GRTST DEPTH: 0 7 = DUSTSTORM OR SANDSTORM:
VSBY 1/2 MILE OR LESS
8 = SMOKE OR HAZE
[NO. OF DAYS WITH] [WEATHER - DAYS WITH] 9 = BLOWING SNOW
X = TORNADO
MAX 32 OR BELOW: 0 0.01 INCH OR MORE: 11
MAX 90 OR ABOVE: 4 0.10 INCH OR MORE: 8
MIN 32 OR BELOW: 0 0.50 INCH OR MORE: 5
MIN 0 OR BELOW: 0 1.00 INCH OR MORE: 2
[HDD (BASE 65) ]
TOTAL THIS MO. 0 CLEAR (SCALE 0-3) 16
DPTR FM NORMAL -1 PTCLDY (SCALE 4-7) 14
TOTAL FM JUL 1 0 CLOUDY (SCALE 8-10) 1
DPTR FM NORMAL 0
[CDD (BASE 65) ]
TOTAL THIS MO. 331
DPTR FM NORMAL 3 [PRESSURE DATA]
TOTAL FM JAN 1 454 HIGHEST SLP 30.15 ON 26
DPTR FM NORMAL -138 LOWEST SLP 29.67 ON 29
[REMARKS]
#FINAL-07-23#
ADDING MISSING SNOW DEPTH TO THE 28TH.
STAARMANN