000
CXUS53 KABR 011100
CF6ABR
PRELIMINARY LOCAL CLIMATOLOGICAL DATA (WS FORM: F-6)
STATION: ABERDEEN SD
MONTH: AUGUST
YEAR: 2023
LATITUDE: 45 27 N
LONGITUDE: 98 26 W
TEMPERATURE IN F: :PCPN: SNOW: WIND :SUNSHINE: SKY :PK WND
================================================================================
1 2 3 4 5 6A 6B 7 8 9 10 11 12 13 14 15 16 17 18
12Z AVG MX 2MIN
DY MAX MIN AVG DEP HDD CDD WTR SNW DPTH SPD SPD DIR MIN PSBL S-S WX SPD DR
================================================================================
1 90 69 80 8 0 15 0.00 0.0 0 10.1 17 90 M M 0 8 26 150
2 93 66 80 8 0 15 0.00 0.0 0 4.9 22 100 M M 1 8 26 110
3 94 67 81 9 0 16 0.00 0.0 0 4.8 10 60 M M 1 18 14 130
4 87 66 77 5 0 12 0.16 0.0 0 6.1 15 70 M M 3 13 21 70
5 73 65 69 -3 0 4 2.33 0.0 0 12.2 24 70 M M 9 138 30 80
6 79 62 71 -1 0 6 0.69 0.0 0 9.9 20 360 M M 6 1 26 360
7 81 54 68 -3 0 3 0.00 0.0 0 3.2 13 170 M M 1 13 17 160
8 82 53 68 -3 0 3 0.00 0.0 0 6.0 14 240 M M 0 1 21 220
9 85 55 70 -1 0 5 0.20 T 0 4.5 35 20 M M 4 1238 60 10
10 86 60 73 2 0 8 0.89 0.0 0 9.5 25 90 M M 2 123 42 160
11 84 60 72 1 0 7 0.00 0.0 0 8.9 21 310 M M 1 26 310
12 84 55 70 -1 0 5 0.01 0.0 0 5.5 13 320 M M 1 21 350
13 68 60 64 -6 1 0 2.39 0.0 0 10.4 23 10 M M 8 1 33 360
14 78 60 69 -1 0 4 0.01 0.0 0 8.4 16 360 M M 5 21 340
15 85 54 70 0 0 5 0.00 0.0 0 6.7 13 210 M M 0 17 210
16 87 63 75 5 0 10 0.00 0.0 0 12.7 28 330 M M 0 35 330
17 79 57 68 -2 0 3 0.00 0.0 0 8.8 16 320 M M 0 8 23 320
18 87 57 72 2 0 7 0.00 0.0 0 14.3 28 180 M M 0 8 36 180
19 89 62 76 7 0 11 T 0.0 0 9.9 25 360 M M 0 18 34 10
20 74 57 66 -3 0 1 0.00 0.0 0 9.7 18 30 M M 1 23 40
21 89 59 74 5 0 9 0.00 0.0 0 8.7 16 60 M M 6 1 22 60
22 95 71 83 14 0 18 0.00 0.0 0 7.2 16 20 M M 1 1 21 10
23 87 69 78 10 0 13 0.00 0.0 0 6.1 16 30 M M 7 128 24 20
24 88 64 76 8 0 11 T 0.0 0 3.7 12 360 M M 5 128 14 360
25 84 60 72 4 0 7 0.00 0.0 0 8.8 21 350 M M 2 12 27 350
26 76 53 65 -3 0 0 0.00 0.0 0 3.8 10 30 M M 5 18 16 30
27 87 50 69 1 0 4 0.00 0.0 0 8.2 21 180 M M 0 18 28 180
28 87 55 71 4 0 6 0.00 0.0 0 6.6 20 350 M M 1 18 27 350
29 84 56 70 3 0 5 0.00 0.0 0 6.4 18 330 M M 0 18 23 340
30 82 51 67 0 0 2 0.00 0.0 0 7.1 18 140 M M 1 128 27 160
31 87 64 76 10 0 11 0.03 0.0 0 13.3 26 160 M M 0 3 40 170
================================================================================
SM 2611 1854 1 226 6.71 T 246.4 M 71
================================================================================
AV 84.2 59.8 7.9 FASTST M M 2 MAX(MPH)
MISC ----> 35 20 60 10
================================================================================
NOTES:
# LAST OF SEVERAL OCCURRENCES
COLUMN 17 PEAK WIND IN M.P.H.
PRELIMINARY LOCAL CLIMATOLOGICAL DATA (WS FORM: F-6) , PAGE 2
STATION: ABERDEEN SD
MONTH: AUGUST
YEAR: 2023
LATITUDE: 45 27 N
LONGITUDE: 98 26 W
[TEMPERATURE DATA] [PRECIPITATION DATA] SYMBOLS USED IN COLUMN 16
AVERAGE MONTHLY: 72.0 TOTAL FOR MONTH: 6.71 1 = FOG OR MIST
DPTR FM NORMAL: 2.3 DPTR FM NORMAL: 4.47 2 = FOG REDUCING VISIBILITY
HIGHEST: 95 ON 22 GRTST 24HR 2.44 ON 5- 6 TO 1/4 MILE OR LESS
LOWEST: 50 ON 27 3 = THUNDER
SNOW, ICE PELLETS, HAIL 4 = ICE PELLETS
TOTAL MONTH: T 5 = HAIL
GRTST 24HR T ON 9- 9 6 = FREEZING RAIN OR DRIZZLE
GRTST DEPTH: 0 7 = DUSTSTORM OR SANDSTORM:
VSBY 1/2 MILE OR LESS
8 = SMOKE OR HAZE
[NO. OF DAYS WITH] [WEATHER - DAYS WITH] 9 = BLOWING SNOW
X = TORNADO
MAX 32 OR BELOW: 0 0.01 INCH OR MORE: 9
MAX 90 OR ABOVE: 4 0.10 INCH OR MORE: 6
MIN 32 OR BELOW: 0 0.50 INCH OR MORE: 4
MIN 0 OR BELOW: 0 1.00 INCH OR MORE: 2
[HDD (BASE 65) ]
TOTAL THIS MO. 1 CLEAR (SCALE 0-3) 22
DPTR FM NORMAL -25 PTCLDY (SCALE 4-7) 8
TOTAL FM JUL 1 14 CLOUDY (SCALE 8-10) 1
DPTR FM NORMAL -20
[CDD (BASE 65) ]
TOTAL THIS MO. 226
DPTR FM NORMAL 54 [PRESSURE DATA]
TOTAL FM JAN 1 800 HIGHEST SLP 30.30 ON 20
DPTR FM NORMAL 230 LOWEST SLP 29.54 ON 18
[REMARKS]
#FINAL-08-23#