000
CXUS52 KTAE 010800
CF6ABY
PRELIMINARY LOCAL CLIMATOLOGICAL DATA (WS FORM: F-6)
STATION: ALBANY
MONTH: SEPTEMBER
YEAR: 2022
LATITUDE: 31 31 N
LONGITUDE: 84 11 W
TEMPERATURE IN F: :PCPN: SNOW: WIND :SUNSHINE: SKY :PK WND
================================================================================
1 2 3 4 5 6A 6B 7 8 9 10 11 12 13 14 15 16 17 18
12Z AVG MX 2MIN
DY MAX MIN AVG DEP HDD CDD WTR SNW DPTH SPD SPD DIR MIN PSBL S-S WX SPD DR
================================================================================
1 91 73 82 1 0 17 0.00 0.0 0 3.5 18 350 M M 2 38 24 350
2 89 70 80 -1 0 15 0.51 0.0 0 5.3 14 130 M M 7 13 19 110
3 90 72 81 0 0 16 0.00 0.0 0 3.9 22 120 M M 4 27 130
4 89 75 82 2 0 17 0.16 0.0 M 4.8 22 190 M M 7 13 24 190
5 90 73 82 2 0 17 0.63 0.0 0 3.4 20 330 M M 5 138 25 330
6 91 73 82 2 0 17 0.00 0.0 0 3.4 12 270 M M 1 1 13 300
7 88 73 81 1 0 16 0.00 0.0 M 2.5 9 350 M M 0 1 12 340
8 87 72 80 0 0 15 0.56 M M 4.1 21 80 M M 3 13 25 90
9 82 72 77 -3 0 12 0.06 0.0 0 9.7 21 60 M M 9 1 24 50
10 79 71 75 -5 0 10 0.01 0.0 0 5.8 13 150 M M 7 1 16 150
11 83 69 76 -3 0 11 0.01 0.0 0 3.2 10 150 M M 3 12 13 290
12 88 72 80 1 0 15 0.11 0.0 0 3.2 15 290 M M 6 123 20 320
13 84 63 74 -5 0 9 0.00 0.0 0 3.5 10 300 M M 1 13 320
14 87 57 72 -7 0 7 0.00 0.0 0 3.4 12 20 M M 0 15 70
15 86 62 74 -4 0 9 0.00 0.0 0 4.5 16 70 M M 1 21 70
16 87 64 76 -2 0 11 0.00 M M 5.9 15 50 M M 2 20 90
17 89 67 78 0 0 13 0.00 M M 8.4 17 60 M M 4 21 90
18 89 65 77 -1 0 12 0.00 0.0 0 6.2 15 50 M M 1 20 20
19 90 68 79 1 0 14 0.00 0.0 0 6.5 16 50 M M 1 22 50
20 93 65 79 2 0 14 0.00 0.0 M 2.7 12 350 M M 0 18 20
21 94 69 82 5 0 17 0.00 0.0 0 2.7 15 80 M M 0 1 19 50
22 96 66 81 4 0 16 0.00 0.0 0 3.5 18 320 M M 0 1 23 300
23 85 64 75 -1 0 10 0.00 0.0 0 8.1 21 70 M M 0 25 60
24 86 56 71 -5 0 6 0.00 0.0 0 2.7 12 60 M M 0 26 40
25 89 59 74 -2 0 9 0.00 0.0 0 1.9 9 300 M M 0 14 290
26 91 63 77 1 0 12 0.00 0.0 0 3.8 10 280 M M 1 15 320
27 84 55 70 -5 0 5 0.00 0.0 0 5.9 14 50 M M 0 19 20
28 80 59 70 -5 0 5 0.00 0.0 0 13.2 25 60 M M 0 31 70
29 75 58 67 -8 0 2 0.00 0.0 0 14.5 26 30 M M 5 39 40
30 78 59 69 -5 0 4 0.00 0.0 0 6.9 16 360 M M 5 24 330
================================================================================
SM 2610 1984 0 353 2.05 0.0 157.1 M 75
================================================================================
AV 87.0 66.1 5.2 FASTST M M 3 MAX(MPH)
MISC ----> 26 30 39 40
================================================================================
NOTES:
# LAST OF SEVERAL OCCURRENCES
COLUMN 17 PEAK WIND IN M.P.H.
PRELIMINARY LOCAL CLIMATOLOGICAL DATA (WS FORM: F-6) , PAGE 2
STATION: ALBANY
MONTH: SEPTEMBER
YEAR: 2022
LATITUDE: 31 31 N
LONGITUDE: 84 11 W
[TEMPERATURE DATA] [PRECIPITATION DATA] SYMBOLS USED IN COLUMN 16
AVERAGE MONTHLY: 76.6 TOTAL FOR MONTH: 2.05 1 = FOG OR MIST
DPTR FM NORMAL: -1.5 DPTR FM NORMAL: -1.32 2 = FOG REDUCING VISIBILITY
HIGHEST: 96 ON 22 GRTST 24HR 0.71 ON 4- 5 TO 1/4 MILE OR LESS
LOWEST: 55 ON 27 3 = THUNDER
SNOW, ICE PELLETS, HAIL 4 = ICE PELLETS
TOTAL MONTH: 0.0 INCH 5 = HAIL
GRTST 24HR 0.0 6 = FREEZING RAIN OR DRIZZLE
GRTST DEPTH: 0 7 = DUSTSTORM OR SANDSTORM:
VSBY 1/2 MILE OR LESS
8 = SMOKE OR HAZE
[NO. OF DAYS WITH] [WEATHER - DAYS WITH] 9 = BLOWING SNOW
X = TORNADO
MAX 32 OR BELOW: 0 0.01 INCH OR MORE: 8
MAX 90 OR ABOVE: 9 0.10 INCH OR MORE: 5
MIN 32 OR BELOW: 0 0.50 INCH OR MORE: 3
MIN 0 OR BELOW: 0 1.00 INCH OR MORE: 0
[HDD (BASE 65) ]
TOTAL THIS MO. 0 CLEAR (SCALE 0-3) 20
DPTR FM NORMAL -1 PTCLDY (SCALE 4-7) 9
TOTAL FM JUL 1 0 CLOUDY (SCALE 8-10) 1
DPTR FM NORMAL 0
[CDD (BASE 65) ]
TOTAL THIS MO. 353
DPTR FM NORMAL -41 [PRESSURE DATA]
TOTAL FM JAN 1 2771 HIGHEST SLP 30.18 ON 16
DPTR FM NORMAL 291 LOWEST SLP 29.74 ON 8
[REMARKS]
#FINAL-09-22#