000
CXUS52 KTAE 010900
CF6ABY
PRELIMINARY LOCAL CLIMATOLOGICAL DATA (WS FORM: F-6)
STATION: ALBANY
MONTH: JANUARY
YEAR: 2024
LATITUDE: 31 31 N
LONGITUDE: 84 11 W
TEMPERATURE IN F: :PCPN: SNOW: WIND :SUNSHINE: SKY :PK WND
================================================================================
1 2 3 4 5 6A 6B 7 8 9 10 11 12 13 14 15 16 17 18
12Z AVG MX 2MIN
DY MAX MIN AVG DEP HDD CDD WTR SNW DPTH SPD SPD DIR MIN PSBL S-S WX SPD DR
================================================================================
1 68 34 51 0 14 0 0.00 0.0 0 6.7 20 300 M M 3 12 27 320
2 54 27 41 -10 24 0 0.00 0.0 0 3.5 13 80 M M 0 17 90
3 49 27 38 -13 27 0 0.12 0.0 0 3.4 9 70 M M 5 18 12 20
4 59 33 46 -5 19 0 0.00 0.0 0 4.6 12 340 M M 1 1 17 20
5 64 31 48 -2 17 0 0.07 M M 7.5 16 120 M M 1 1 23 140
6 72 48 60 10 5 0 0.86 0.0 0 9.0 18 110 M M 6 1 28 110
7 57 39 48 -2 17 0 0.00 0.0 0 6.7 17 330 M M 3 25 310
8 57 37 47 -3 18 0 0.24 0.0 0 8.3 16 90 M M 3 1 25 70
9 71 44 58 8 7 0 0.83 0.0 0 15.9 49 170 M M 8 13 70 180
10 55 35 45 -5 20 0 0.00 0.0 0 6.8 16 290 M M 0 24 250
11 60 38 49 -1 16 0 0.00 0.0 M 0.7 6 190 M M 0 7 120
12 69 39 54 4 11 0 0.52 0.0 M 8.8 23 180 M M 7 138 32 170
13 60 35 48 -2 17 0 0.00 0.0 M 7.5 20 310 M M 1 30 290
14 63 30 47 -3 18 0 0.00 0.0 M 1.3 8 280 M M 0 12 250
15 67 29 48 -2 17 0 0.00 0.0 M 2.4 14 190 M M 1 20 190
16 53 27 40 -10 25 0 0.04 0.0 0 9.7 20 320 M M 6 1 28 330
17 45 19 32 -18 33 0 0.00 0.0 M 5.2 15 330 M M 0 21 310
18 56 21 39 -11 26 0 0.00 0.0 0 3.1 12 290 M M 2 18 16 240
19 58 36 47 -3 18 0 0.09 0.0 0 8.6 18 320 M M 4 12 26 290
20 42 27 35 -15 30 0 0.00 0.0 0 9.2 18 330 M M 0 25 20
21 45 21 33 -17 32 0 0.00 0.0 M 6.7 14 80 M M 0 18 60
22 64 27 46 -4 19 0 T 0.0 0 8.0 16 130 M M 0 23 100
23 64 52 58 7 7 0 T 0.0 M 7.5 14 100 M M 7 8 19 90
24 80 59 70 19 0 5 0.11 0.0 M 6.5 18 170 M M 9 1 24 140
25 76 62 69 18 0 4 0.09 0.0 0 8.9 25 200 M M 9 1 32 200
26 76 58 67 16 0 2 0.00 0.0 0 2.1 12 300 M M 2 1 15 300
27 78 59 69 18 0 4 0.74 0.0 0 6.9 18 180 M M 7 123 24 180
28 64 48 56 5 9 0 T 0.0 0 11.5 22 320 M M 8 35 290
29 62 40 51 0 14 0 0.00 0.0 0 8.6 18 300 M M 4 27 300
30 63 32 48 -3 17 0 0.00 0.0 0 4.5 13 250 M M 0 16 240
31 62 36 49 -2 16 0 0.00 0.0 0 7.0 18 330 M M 0 25 330
================================================================================
SM 1913 1150 493 15 3.71 0.0 207.1 M 97
================================================================================
AV 61.7 37.1 6.7 FASTST M M 3 MAX(MPH)
MISC ----> 49 170 70 180
================================================================================
NOTES:
# LAST OF SEVERAL OCCURRENCES
COLUMN 17 PEAK WIND IN M.P.H.
PRELIMINARY LOCAL CLIMATOLOGICAL DATA (WS FORM: F-6) , PAGE 2
STATION: ALBANY
MONTH: JANUARY
YEAR: 2024
LATITUDE: 31 31 N
LONGITUDE: 84 11 W
[TEMPERATURE DATA] [PRECIPITATION DATA] SYMBOLS USED IN COLUMN 16
AVERAGE MONTHLY: 49.4 TOTAL FOR MONTH: 3.71 1 = FOG OR MIST
DPTR FM NORMAL: -1.1 DPTR FM NORMAL: -0.48 2 = FOG REDUCING VISIBILITY
HIGHEST: 80 ON 24 GRTST 24HR 0.86 ON 6- 6 TO 1/4 MILE OR LESS
LOWEST: 19 ON 17 3 = THUNDER
SNOW, ICE PELLETS, HAIL 4 = ICE PELLETS
TOTAL MONTH: 0.0 INCH 5 = HAIL
GRTST 24HR 0.0 6 = FREEZING RAIN OR DRIZZLE
GRTST DEPTH: 0 7 = DUSTSTORM OR SANDSTORM:
VSBY 1/2 MILE OR LESS
8 = SMOKE OR HAZE
[NO. OF DAYS WITH] [WEATHER - DAYS WITH] 9 = BLOWING SNOW
X = TORNADO
MAX 32 OR BELOW: 0 0.01 INCH OR MORE: 11
MAX 90 OR ABOVE: 0 0.10 INCH OR MORE: 7
MIN 32 OR BELOW: 12 0.50 INCH OR MORE: 4
MIN 0 OR BELOW: 0 1.00 INCH OR MORE: 0
[HDD (BASE 65) ]
TOTAL THIS MO. 493 CLEAR (SCALE 0-3) 18
DPTR FM NORMAL 37 PTCLDY (SCALE 4-7) 11
TOTAL FM JUL 1 1127 CLOUDY (SCALE 8-10) 2
DPTR FM NORMAL 6
[CDD (BASE 65) ]
TOTAL THIS MO. 15
DPTR FM NORMAL 6 [PRESSURE DATA]
TOTAL FM JAN 1 15 HIGHEST SLP 30.65 ON 21
DPTR FM NORMAL 6 LOWEST SLP 29.50 ON 9
[REMARKS]
#FINAL-01-24#