000
CXUS52 KTAE 010900
CF6ABY
PRELIMINARY LOCAL CLIMATOLOGICAL DATA (WS FORM: F-6)
STATION: ALBANY
MONTH: NOVEMBER
YEAR: 2023
LATITUDE: 31 31 N
LONGITUDE: 84 11 W
TEMPERATURE IN F: :PCPN: SNOW: WIND :SUNSHINE: SKY :PK WND
================================================================================
1 2 3 4 5 6A 6B 7 8 9 10 11 12 13 14 15 16 17 18
12Z AVG MX 2MIN
DY MAX MIN AVG DEP HDD CDD WTR SNW DPTH SPD SPD DIR MIN PSBL S-S WX SPD DR
================================================================================
1 59 37 48 -15 17 0 0.00 0.0 0 8.8 18 340 M M 0 30 350
2 66 32 49 -14 16 0 0.00 M M 7.7 18 50 M M 0 25 50
3 74 42 58 -4 7 0 0.00 0.0 M 6.6 14 40 M M 2 22 20
4 78 44 61 -1 4 0 0.00 0.0 M 3.6 13 350 M M 0 23 360
5 80 40 60 -2 5 0 0.00 0.0 M 3.5 16 340 M M 0 24 340
6 80 43 62 1 3 0 0.00 0.0 M 1.0 9 340 M M 0 8 13 320
7 82 46 64 3 1 0 0.00 0.0 0 2.0 12 350 M M 0 1 15 270
8 83 45 64 3 1 0 0.00 0.0 0 2.8 13 190 M M 0 1 17 180
9 81 54 68 8 0 3 0.00 0.0 0 2.6 10 190 M M 3 12 14 260
10 77 54 66 6 0 1 0.00 M M 3.5 15 330 M M 6 1 20 300
11 69 53 61 1 4 0 0.27 0.0 M 9.1 17 50 M M 10 1 23 50
12 60 53 57 -3 8 0 T 0.0 0 8.9 14 70 M M 10 1 20 50
13 66 56 61 2 4 0 0.00 0.0 0 7.6 17 50 M M 5 22 60
14 66 56 61 2 4 0 T 0.0 0 9.6 17 80 M M 8 23 80
15 62 52 57 -2 8 0 0.21 0.0 0 12.0 20 50 M M 10 18 28 50
16 73 54 64 6 1 0 T 0.0 0 9.4 16 50 M M 8 23 70
17 73 59 66 8 0 1 0.00 0.0 0 6.0 13 60 M M 8 1 17 60
18 78 54 66 8 0 1 0.00 0.0 0 4.6 14 310 M M 2 18 21 320
19 76 45 61 3 4 0 0.00 0.0 0 2.1 12 200 M M 0 15 210
20 78 48 63 6 2 0 0.00 0.0 0 4.9 16 130 M M 3 1 24 130
21 72 64 68 11 0 3 0.66 0.0 0 11.6 25 180 M M 9 18 39 170
22 64 48 56 -1 9 0 0.15 0.0 0 8.6 17 310 M M 8 1 26 310
23 60 39 50 -7 15 0 0.03 0.0 0 2.7 8 190 M M 2 14 220
24 68 46 57 1 8 0 0.01 0.0 0 2.4 9 290 M M 4 14 240
25 71 40 56 0 9 0 0.00 0.0 0 3.7 10 50 M M 0 14 90
26 54 49 52 -4 13 0 0.54 0.0 M 6.2 14 70 M M 8 1 17 70
27 59 44 52 -4 13 0 0.00 M M 7.0 15 330 M M 2 1 20 340
28 59 35 47 -9 18 0 0.00 0.0 M 7.1 18 330 M M 0 23 330
29 57 26 42 -13 23 0 0.00 0.0 M 2.0 12 340 M M 0 16 350
30 62 27 45 -10 20 0 0.00 0.0 M 3.4 12 110 M M 0 18 16 130
================================================================================
SM 2087 1385 217 9 1.87 0.0 171.0 M 108
================================================================================
AV 69.6 46.2 5.7 FASTST M M 4 MAX(MPH)
MISC ----> 25 180 39 170
================================================================================
NOTES:
# LAST OF SEVERAL OCCURRENCES
COLUMN 17 PEAK WIND IN M.P.H.
PRELIMINARY LOCAL CLIMATOLOGICAL DATA (WS FORM: F-6) , PAGE 2
STATION: ALBANY
MONTH: NOVEMBER
YEAR: 2023
LATITUDE: 31 31 N
LONGITUDE: 84 11 W
[TEMPERATURE DATA] [PRECIPITATION DATA] SYMBOLS USED IN COLUMN 16
AVERAGE MONTHLY: 57.9 TOTAL FOR MONTH: 1.87 1 = FOG OR MIST
DPTR FM NORMAL: -0.8 DPTR FM NORMAL: -1.07 2 = FOG REDUCING VISIBILITY
HIGHEST: 83 ON 8 GRTST 24HR 0.81 ON 21-22 TO 1/4 MILE OR LESS
LOWEST: 26 ON 29 3 = THUNDER
SNOW, ICE PELLETS, HAIL 4 = ICE PELLETS
TOTAL MONTH: 0.0 INCH 5 = HAIL
GRTST 24HR 0.0 6 = FREEZING RAIN OR DRIZZLE
GRTST DEPTH: 0 7 = DUSTSTORM OR SANDSTORM:
VSBY 1/2 MILE OR LESS
8 = SMOKE OR HAZE
[NO. OF DAYS WITH] [WEATHER - DAYS WITH] 9 = BLOWING SNOW
X = TORNADO
MAX 32 OR BELOW: 0 0.01 INCH OR MORE: 7
MAX 90 OR ABOVE: 0 0.10 INCH OR MORE: 5
MIN 32 OR BELOW: 3 0.50 INCH OR MORE: 2
MIN 0 OR BELOW: 0 1.00 INCH OR MORE: 0
[HDD (BASE 65) ]
TOTAL THIS MO. 217 CLEAR (SCALE 0-3) 18
DPTR FM NORMAL -4 PTCLDY (SCALE 4-7) 7
TOTAL FM JUL 1 252 CLOUDY (SCALE 8-10) 5
DPTR FM NORMAL -15
[CDD (BASE 65) ]
TOTAL THIS MO. 9
DPTR FM NORMAL -25 [PRESSURE DATA]
TOTAL FM JAN 1 2625 HIGHEST SLP 30.48 ON 2
DPTR FM NORMAL -55 LOWEST SLP 29.81 ON 18
[REMARKS]
#FINAL-11-23#