000
CXUS56 KEKA 011330
CF6ACV
PRELIMINARY LOCAL CLIMATOLOGICAL DATA (WS FORM: F-6)
STATION: ARCATA CA
MONTH: JANUARY
YEAR: 2024
LATITUDE: 40 58 N
LONGITUDE: 124 6 W
TEMPERATURE IN F: :PCPN: SNOW: WIND :SUNSHINE: SKY :PK WND
================================================================================
1 2 3 4 5 6A 6B 7 8 9 10 11 12 13 14 15 16 17 18
12Z AVG MX 2MIN
DY MAX MIN AVG DEP HDD CDD WTR SNW DPTH SPD SPD DIR MIN PSBL S-S WX SPD DR
================================================================================
1 57 41 49 1 16 0 0.00 M M 3.6 9 110 M M 1 18 13 120
2 57 45 51 3 14 0 0.56 M M 11.0 25 130 M M 8 1 38 170
3 52 44 48 0 17 0 0.49 M M 4.6 14 110 M M 9 18 23 120
4 56 44 50 2 15 0 0.13 M M 3.7 10 110 M M 10 18 15 100
5 53 40 47 -1 18 0 0.01 M M 2.5 7 110 M M 7 128 9 280
6 52 36 44 -4 21 0 0.74 M M 8.1 32 340 M M 7 13 49 330
7 48 31 40 -8 25 0 T M M 3.7 12 310 M M 6 1 16 300
8 51 41 46 -2 19 0 0.09 M M 5.8 14 130 M M 10 1 22 130
9 51 43 47 -1 18 0 1.06 M M 6.5 26 300 M M 10 1 36 310
10 51 34 43 -5 22 0 0.55 M M 9.4 28 330 M M 9 1 45 230
11 48 32 40 -8 25 0 0.02 M M 4.2 8 110 M M 5 18 12 80
12 50 41 46 -2 19 0 0.30 M M 7.7 17 110 M M 10 1 32 120
13 56 48 52 4 13 0 3.11 M M 12.7 30 200 M M 10 1 49 190
14 55 43 49 1 16 0 0.22 M M 3.5 10 230 M M 8 12 13 240
15 50 37 44 -4 21 0 0.01 M M 1.7 8 210 M M 8 128 11 220
16 54 42 48 0 17 0 0.27 M M 4.6 14 180 M M 9 1 23 120
17 56 50 53 4 12 0 0.14 M M 8.5 20 200 M M 9 18 26 200
18 62 48 55 6 10 0 0.00 M M 3.8 13 80 M M 3 1 16 90
19 68 46 57 8 8 0 0.02 M M 7.1 20 140 M M 5 1 30 160
20 59 51 55 6 10 0 1.63 M M 10.3 23 190 M M 10 1 36 170
21 58 51 55 6 10 0 0.65 M M 8.6 17 150 M M 10 1 26 140
22 59 52 56 7 9 0 0.44 M M 4.5 12 210 M M 9 18 17 210
23 55 49 52 3 13 0 0.17 M M 4.6 14 120 M M 9 18 22 120
24 58 51 55 6 10 0 0.35 M M 8.3 22 130 M M 10 1 32 130
25 57 48 53 4 12 0 0.05 M M 4.2 10 240 M M 6 18 14 240
26 62 50 56 7 9 0 0.12 M M 9.5 21 120 M M 10 1 32 140
27 65 55 60 11 5 0 0.30 M M 10.3 22 120 M M 10 1 34 120
28 74 51 63 14 2 0 0.00 M M 3.9 12 130 M M 2 8 18 120
29 68 50 59 10 6 0 0.00 M M 3.7 14 230 M M 0 18 21 280
30 71 52 62 13 3 0 T M M 9.9 28 140 M M 6 18 44 140
31 69 48 59 10 6 0 1.93 M M 13.2 33 140 M M 10 1 55 130
================================================================================
SM 1782 1394 421 0 13.36 M 203.7 M 236
================================================================================
AV 57.5 45.0 6.6 FASTST M M 8 MAX(MPH)
MISC ----> 33 140 55 130
================================================================================
NOTES:
# LAST OF SEVERAL OCCURRENCES
COLUMN 17 PEAK WIND IN M.P.H.
PRELIMINARY LOCAL CLIMATOLOGICAL DATA (WS FORM: F-6) , PAGE 2
STATION: ARCATA CA
MONTH: JANUARY
YEAR: 2024
LATITUDE: 40 58 N
LONGITUDE: 124 6 W
[TEMPERATURE DATA] [PRECIPITATION DATA] SYMBOLS USED IN COLUMN 16
AVERAGE MONTHLY: 51.2 TOTAL FOR MONTH: 13.36 1 = FOG OR MIST
DPTR FM NORMAL: 2.8 DPTR FM NORMAL: 5.84 2 = FOG REDUCING VISIBILITY
HIGHEST: 74 ON 28 GRTST 24HR 3.11 ON 13-13 TO 1/4 MILE OR LESS
LOWEST: 31 ON 7 3 = THUNDER
SNOW, ICE PELLETS, HAIL 4 = ICE PELLETS
TOTAL MONTH: M 5 = HAIL
GRTST 24HR M ON M 6 = FREEZING RAIN OR DRIZZLE
GRTST DEPTH: M ON M 7 = DUSTSTORM OR SANDSTORM:
VSBY 1/2 MILE OR LESS
8 = SMOKE OR HAZE
[NO. OF DAYS WITH] [WEATHER - DAYS WITH] 9 = BLOWING SNOW
X = TORNADO
MAX 32 OR BELOW: 0 0.01 INCH OR MORE: 25
MAX 90 OR ABOVE: 0 0.10 INCH OR MORE: 19
MIN 32 OR BELOW: 2 0.50 INCH OR MORE: 8
MIN 0 OR BELOW: 0 1.00 INCH OR MORE: 4
[HDD (BASE 65) ]
TOTAL THIS MO. 421 CLEAR (SCALE 0-3) 4
DPTR FM NORMAL -92 PTCLDY (SCALE 4-7) 10
TOTAL FM JUL 1 1977 CLOUDY (SCALE 8-10) 17
DPTR FM NORMAL -535
[CDD (BASE 65) ]
TOTAL THIS MO. 0
DPTR FM NORMAL 0 [PRESSURE DATA]
TOTAL FM JAN 1 0 HIGHEST SLP 30.45 ON 5
DPTR FM NORMAL 0 LOWEST SLP 29.47 ON 31
[REMARKS]
#FINAL-01-24#