000
CXUS51 KPHI 010915
CF6ACY
PRELIMINARY LOCAL CLIMATOLOGICAL DATA (WS FORM: F-6)
STATION: ATLANTIC CITY NJ
MONTH: OCTOBER
YEAR: 2020
LATITUDE: 39 27 N
LONGITUDE: 74 34 W
TEMPERATURE IN F: :PCPN: SNOW: WIND :SUNSHINE: SKY :PK WND
================================================================================
1 2 3 4 5 6A 6B 7 8 9 10 11 12 13 14 15 16 17 18
12Z AVG MX 2MIN
DY MAX MIN AVG DEP HDD CDD WTR SNW DPTH SPD SPD DIR MIN PSBL S-S WX SPD DR
================================================================================
1 78 58 68 7 0 3 0.00 0.0 0 5.8 14 300 M M 3 19 300
2 68 48 58 -3 7 0 T 0.0 0 7.1 16 310 M M 6 25 330
3 69 45 57 -3 8 0 0.00 0.0 0 4.6 12 330 M M 0 8 21 280
4 69 42 56 -4 9 0 0.00 0.0 0 4.2 15 70 M M 1 22 100
5 71 52 62 2 3 0 0.03 0.0 0 4.9 15 320 M M 6 19 320
6 71 44 58 -1 7 0 0.00 0.0 0 5.5 14 230 M M 2 20 220
7 79 57 68 9 0 3 0.00 0.0 0 10.7 23 240 M M 0 36 230
8 69 41 55 -4 10 0 0.00 0.0 0 10.4 22 310 M M 0 29 300
9 72 39 56 -2 9 0 0.00 0.0 0 5.6 15 200 M M 0 24 230
10 74 58 66 8 0 1 0.00 0.0 0 9.9 16 220 M M 1 24 240
11 70 62 66 8 0 1 0.35 0.0 0 9.9 18 70 M M 7 1 26 80
12 63 58 61 4 4 0 2.05 0.0 0 18.4 29 70 M M 10 1 42 50
13 66 54 60 3 5 0 0.13 0.0 0 11.5 17 350 M M 9 1 22 350
14 72 47 60 3 5 0 0.00 0.0 0 6.3 13 290 M M 0 17 280
15 73 48 61 5 4 0 0.00 0.0 0 10.3 20 180 M M 0 31 180
16 68 50 59 3 6 0 0.85 0.0 0 8.5 20 330 M M 9 1 28 340
17 61 38 50 -6 15 0 0.06 0.0 0 7.1 16 320 M M 2 21 340
18 67 36 52 -3 13 0 0.00 0.0 0 4.8 16 120 M M 2 23 140
19 69 45 57 2 8 0 T 0.0 0 4.8 13 110 M M 3 1 17 130
20 71 59 65 10 0 0 0.19 0.0 0 3.7 10 140 M M 9 12 13 130
21 75 57 66 12 0 1 T 0.0 0 3.5 12 170 M M 5 12 16 180
22 77 54 66 12 0 1 0.00 0.0 0 2.6 10 170 M M 2 12 15 120
23 67 59 63 9 2 0 0.00 0.0 0 4.1 9 150 M M 10 12 13 140
24 77 52 65 11 0 0 0.00 0.0 0 7.4 17 330 M M 8 23 330
25 58 47 53 0 12 0 0.04 0.0 0 8.9 15 50 M M 10 1 20 20
26 67 58 63 10 2 0 0.08 0.0 0 5.5 14 80 M M 10 1 19 80
27 65 57 61 8 4 0 0.00 0.0 0 4.6 13 350 M M 9 1 18 320
28 71 58 65 13 0 0 T 0.0 0 6.3 17 230 M M 9 1 25 220
29 65 51 58 6 7 0 2.42 0.0 0 9.0 22 20 M M 10 1 33 360
30 52 37 45 -7 20 0 0.69 0.0 0 11.1 24 10 M M 8 1 34 350
31 50 29 40 -12 25 0 0.00 0.0 0 4.2 9 10 M M 1 13 10
================================================================================
SM 2124 1540 185 10 6.89 0.0 221.2 M 152
================================================================================
AV 68.5 49.7 7.1 FASTST M M 5 MAX(MPH)
MISC ----> 29 70 42 50
================================================================================
NOTES:
# LAST OF SEVERAL OCCURRENCES
COLUMN 17 PEAK WIND IN M.P.H.
PRELIMINARY LOCAL CLIMATOLOGICAL DATA (WS FORM: F-6) , PAGE 2
STATION: ATLANTIC CITY NJ
MONTH: OCTOBER
YEAR: 2020
LATITUDE: 39 27 N
LONGITUDE: 74 34 W
[TEMPERATURE DATA] [PRECIPITATION DATA] SYMBOLS USED IN COLUMN 16
AVERAGE MONTHLY: 59.1 TOTAL FOR MONTH: 6.89 1 = FOG OR MIST
DPTR FM NORMAL: 3.0 DPTR FM NORMAL: 3.47 2 = FOG REDUCING VISIBILITY
HIGHEST: 79 ON 7 GRTST 24HR 2.83 ON 29-30 TO 1/4 MILE OR LESS
LOWEST: 29 ON 31 3 = THUNDER
SNOW, ICE PELLETS, HAIL 4 = ICE PELLETS
TOTAL MONTH: 0.0 INCH 5 = HAIL
GRTST 24HR 0.0 6 = FREEZING RAIN OR DRIZZLE
GRTST DEPTH: 0 7 = DUSTSTORM OR SANDSTORM:
VSBY 1/2 MILE OR LESS
8 = SMOKE OR HAZE
[NO. OF DAYS WITH] [WEATHER - DAYS WITH] 9 = BLOWING SNOW
X = TORNADO
MAX 32 OR BELOW: 0 0.01 INCH OR MORE: 11
MAX 90 OR ABOVE: 0 0.10 INCH OR MORE: 7
MIN 32 OR BELOW: 1 0.50 INCH OR MORE: 4
MIN 0 OR BELOW: 0 1.00 INCH OR MORE: 2
[HDD (BASE 65) ]
TOTAL THIS MO. 185 CLEAR (SCALE 0-3) 14
DPTR FM NORMAL -111 PTCLDY (SCALE 4-7) 6
TOTAL FM JUL 1 240 CLOUDY (SCALE 8-10) 11
DPTR FM NORMAL -118
[CDD (BASE 65) ]
TOTAL THIS MO. 10
DPTR FM NORMAL -10 [PRESSURE DATA]
TOTAL FM JAN 1 1345 HIGHEST SLP 30.55 ON 31
DPTR FM NORMAL 291 LOWEST SLP 29.32 ON 29
[REMARKS]
#FINAL-10-20#