000
CXUS54 KLCH 010930
CF6AEX
PRELIMINARY LOCAL CLIMATOLOGICAL DATA (WS FORM: F-6)
STATION: ALEXANDRIA
MONTH: FEBRUARY
YEAR: 2022
LATITUDE: 31 19 N
LONGITUDE: 92 33 W
TEMPERATURE IN F: :PCPN: SNOW: WIND :SUNSHINE: SKY :PK WND
================================================================================
1 2 3 4 5 6A 6B 7 8 9 10 11 12 13 14 15 16 17 18
12Z AVG MX 2MIN
DY MAX MIN AVG DEP HDD CDD WTR SNW DPTH SPD SPD DIR MIN PSBL S-S WX SPD DR
================================================================================
1 68 56 62 12 3 0 0.06 0.0 0 14.4 31 130 M M 9 18 40 130
2 75 61 68 18 0 3 0.03 0.0 M 5.1 12 110 M M 7 1 19 70
3 68 35 52 1 13 0 1.33 M M 12.4 32 300 M M 10 13 42 290
4 43 30 37 -14 28 0 0.00 0.0 M 12.7 22 350 M M 9 1 28 10
5 52 25 39 -12 26 0 0.00 0.0 M 4.1 10 360 M M 0 15 10
6 56 26 41 -10 24 0 0.00 0.0 M 0.5 6 250 M M 0 10 220
7 62 31 47 -4 18 0 0.00 0.0 M 3.8 14 340 M M 0 8 25 10
8 62 29 46 -5 19 0 0.00 0.0 M 1.4 7 170 M M 0 10 200
9 69 34 52 0 13 0 0.00 0.0 M 2.7 14 280 M M 0 8 19 280
10 72 40 56 4 9 0 0.00 0.0 M 4.5 10 210 M M 0 15 210
11 72 45 59 7 6 0 0.00 0.0 M 6.9 15 230 M M 0 20 240
12 62 35 49 -3 16 0 0.01 M M 9.9 22 360 M M 6 31 340
13 56 27 42 -10 23 0 0.00 0.0 M 4.5 14 310 M M 0 18 19 290
14 69 31 50 -3 15 0 0.00 0.0 M 3.7 12 230 M M 0 15 230
15 69 36 53 0 12 0 0.00 0.0 M 8.2 17 200 M M 2 18 27 190
16 78 55 67 14 0 2 0.09 0.0 M 15.4 29 170 M M 8 1 39 170
17 77 44 61 8 4 0 0.82 0.0 M 17.3 31 330 M M 9 13 44 320
18 55 37 46 -8 19 0 0.00 0.0 M 9.4 18 330 M M 5 26 340
19 65 30 48 -6 17 0 0.00 0.0 M 3.3 14 40 M M 0 18 19 40
20 60 35 48 -6 17 0 T M M 4.5 13 160 M M 5 17 160
21 79 58 69 15 0 4 0.05 0.0 M 12.9 24 220 M M 9 18 35 230
22 81 72 77 23 0 12 T 0.0 0 12.6 24 200 M M 9 36 190
23 73 43 58 3 7 0 0.04 0.0 0 8.4 17 320 M M 10 1 22 320
24 54 42 48 -7 17 0 0.04 M M 6.5 18 330 M M 10 1 26 330
25 44 39 42 -13 23 0 0.02 M M 10.5 17 20 M M 10 18 24 360
26 42 36 39 -17 26 0 0.02 M M 7.3 12 10 M M 10 18 19 50
27 55 36 46 -10 19 0 0.05 M M 7.6 14 10 M M 7 1 19 360
28 66 30 48 -8 17 0 0.00 0.0 M 2.7 12 20 M M 2 128 17 10
================================================================================
SM 1784 1098 391 21 2.56 0.0 213.2 M 137
================================================================================
AV 63.7 39.2 7.6 FASTST M M 5 MAX(MPH)
MISC ----> 32 300 44 320
================================================================================
NOTES:
# LAST OF SEVERAL OCCURRENCES
COLUMN 17 PEAK WIND IN M.P.H.
PRELIMINARY LOCAL CLIMATOLOGICAL DATA (WS FORM: F-6) , PAGE 2
STATION: ALEXANDRIA
MONTH: FEBRUARY
YEAR: 2022
LATITUDE: 31 19 N
LONGITUDE: 92 33 W
[TEMPERATURE DATA] [PRECIPITATION DATA] SYMBOLS USED IN COLUMN 16
AVERAGE MONTHLY: 51.5 TOTAL FOR MONTH: 2.56 1 = FOG OR MIST
DPTR FM NORMAL: -1.4 DPTR FM NORMAL: -1.66 2 = FOG REDUCING VISIBILITY
HIGHEST: 81 ON 22 GRTST 24HR 1.36 ON 2- 3 TO 1/4 MILE OR LESS
LOWEST: 25 ON 5 3 = THUNDER
SNOW, ICE PELLETS, HAIL 4 = ICE PELLETS
TOTAL MONTH: 0.0 INCH 5 = HAIL
GRTST 24HR 0.0 6 = FREEZING RAIN OR DRIZZLE
GRTST DEPTH: 0 7 = DUSTSTORM OR SANDSTORM:
VSBY 1/2 MILE OR LESS
8 = SMOKE OR HAZE
[NO. OF DAYS WITH] [WEATHER - DAYS WITH] 9 = BLOWING SNOW
X = TORNADO
MAX 32 OR BELOW: 0 0.01 INCH OR MORE: 12
MAX 90 OR ABOVE: 0 0.10 INCH OR MORE: 2
MIN 32 OR BELOW: 9 0.50 INCH OR MORE: 2
MIN 0 OR BELOW: 0 1.00 INCH OR MORE: 1
[HDD (BASE 65) ]
TOTAL THIS MO. 391 CLEAR (SCALE 0-3) 12
DPTR FM NORMAL 39 PTCLDY (SCALE 4-7) 6
TOTAL FM JUL 1 1341 CLOUDY (SCALE 8-10) 10
DPTR FM NORMAL -279
[CDD (BASE 65) ]
TOTAL THIS MO. 21
DPTR FM NORMAL 7 [PRESSURE DATA]
TOTAL FM JAN 1 32 HIGHEST SLP 30.59 ON 5
DPTR FM NORMAL 19 LOWEST SLP 29.71 ON 3
[REMARKS]
#FINAL-02-22#