000
CXUS52 KCAE 011400
CF6AGS
PRELIMINARY LOCAL CLIMATOLOGICAL DATA (WS FORM: F-6)
STATION: AUGUSTA BUSH FIELD GA
MONTH: MARCH
YEAR: 2023
LATITUDE: 33 22 N
LONGITUDE: 81 58 W
TEMPERATURE IN F: :PCPN: SNOW: WIND :SUNSHINE: SKY :PK WND
================================================================================
1 2 3 4 5 6A 6B 7 8 9 10 11 12 13 14 15 16 17 18
12Z AVG MX 2MIN
DY MAX MIN AVG DEP HDD CDD WTR SNW DPTH SPD SPD DIR MIN PSBL S-S WX SPD DR
================================================================================
1 80 47 64 10 1 0 0.00 0.0 0 2.6 12 190 M M 3 18 15 200
2 72 62 67 13 0 2 T 0.0 0 7.6 16 310 M M 8 8 22 310
3 82 54 68 14 0 3 0.06 0.0 0 11.5 30 190 M M 7 1 41 200
4 78 50 64 9 1 0 0.00 0.0 0 7.1 17 270 M M 1 22 250
5 74 45 60 5 5 0 0.00 0.0 0 3.7 15 80 M M 0 8 20 80
6 80 44 62 7 3 0 0.00 0.0 0 2.1 10 200 M M 2 1 14 210
7 84 52 68 12 0 3 0.00 0.0 0 8.7 20 340 M M 0 25 340
8 69 43 56 0 9 0 0.00 0.0 0 6.7 21 50 M M 0 26 30
9 71 48 60 4 5 0 T 0.0 0 4.3 14 260 M M 8 17 210
10 64 50 57 1 8 0 0.57 0.0 0 6.0 14 300 M M 7 1 19 290
11 63 36 50 -6 15 0 0.00 0.0 0 2.4 13 310 M M 0 19 300
12 52 45 49 -8 16 0 0.93 0.0 0 6.8 17 130 M M 9 1 22 120
13 64 42 53 -4 12 0 0.00 0.0 0 9.2 18 310 M M 6 1 24 310
14 57 34 46 -11 19 0 0.00 0.0 0 8.9 21 320 M M 0 27 320
15 62 25 44 -13 21 0 0.00 0.0 0 3.3 12 340 M M 0 19 300
16 71 27 49 -9 16 0 0.00 0.0 0 4.3 15 200 M M 0 128 23 190
17 75 47 61 3 4 0 0.58 0.0 0 9.2 28 200 M M 6 1 35 220
18 60 44 52 -6 13 0 0.06 0.0 0 9.4 17 290 M M 5 1 24 330
19 56 39 48 -10 17 0 0.00 0.0 0 9.4 18 320 M M 1 22 330
20 59 28 44 -14 21 0 0.00 0.0 0 4.6 15 30 M M 0 21 20
21 66 27 47 -12 18 0 0.00 0.0 0 2.5 13 80 M M 0 1 19 100
22 64 38 51 -8 14 0 T 0.0 0 2.1 9 120 M M 8 12 12 140
23 83 54 69 10 0 4 0.00 0.0 0 5.4 21 210 M M 4 128 28 220
24 85 48 67 8 0 2 0.00 0.0 0 6.2 21 190 M M 0 12 28 260
25 77 49 63 3 2 0 0.26 0.0 0 7.6 20 340 M M 2 13 24 200
26 72 62 67 7 0 2 0.70 0.0 0 4.6 22 320 M M 5 13 28 320
27 68 62 65 5 0 0 1.01 0.0 0 7.1 23 300 M M 8 13 28 280
28 77 53 65 5 0 0 0.00 0.0 0 5.1 14 200 M M 3 12 20 200
29 65 41 53 -7 12 0 0.00 0.0 0 6.5 20 30 M M 0 1 25 40
30 74 37 56 -5 9 0 0.00 0.0 0 3.9 14 150 M M 2 128 17 170
31 82 43 63 2 2 0 0.00 0.0 0 6.9 20 190 M M 1 18 25 230
================================================================================
SM 2186 1376 243 16 4.17 0.0 185.7 M 96
================================================================================
AV 70.5 44.4 6.0 FASTST M M 3 MAX(MPH)
MISC ----> 30 190 41 200
================================================================================
NOTES:
# LAST OF SEVERAL OCCURRENCES
COLUMN 17 PEAK WIND IN M.P.H.
PRELIMINARY LOCAL CLIMATOLOGICAL DATA (WS FORM: F-6) , PAGE 2
STATION: AUGUSTA BUSH FIELD GA
MONTH: MARCH
YEAR: 2023
LATITUDE: 33 22 N
LONGITUDE: 81 58 W
[TEMPERATURE DATA] [PRECIPITATION DATA] SYMBOLS USED IN COLUMN 16
AVERAGE MONTHLY: 57.5 TOTAL FOR MONTH: 4.17 1 = FOG OR MIST
DPTR FM NORMAL: 0.0 DPTR FM NORMAL: 0.09 2 = FOG REDUCING VISIBILITY
HIGHEST: 85 ON 24 GRTST 24HR 1.18 ON 26-27 TO 1/4 MILE OR LESS
LOWEST: 25 ON 15 3 = THUNDER
SNOW, ICE PELLETS, HAIL 4 = ICE PELLETS
TOTAL MONTH: 0.0 INCH 5 = HAIL
GRTST 24HR 0.0 6 = FREEZING RAIN OR DRIZZLE
GRTST DEPTH: 0 7 = DUSTSTORM OR SANDSTORM:
VSBY 1/2 MILE OR LESS
8 = SMOKE OR HAZE
[NO. OF DAYS WITH] [WEATHER - DAYS WITH] 9 = BLOWING SNOW
X = TORNADO
MAX 32 OR BELOW: 0 0.01 INCH OR MORE: 8
MAX 90 OR ABOVE: 0 0.10 INCH OR MORE: 6
MIN 32 OR BELOW: 4 0.50 INCH OR MORE: 5
MIN 0 OR BELOW: 0 1.00 INCH OR MORE: 1
[HDD (BASE 65) ]
TOTAL THIS MO. 243 CLEAR (SCALE 0-3) 18
DPTR FM NORMAL -13 PTCLDY (SCALE 4-7) 12
TOTAL FM JUL 1 1860 CLOUDY (SCALE 8-10) 1
DPTR FM NORMAL -216
[CDD (BASE 65) ]
TOTAL THIS MO. 16
DPTR FM NORMAL -10 [PRESSURE DATA]
TOTAL FM JAN 1 38 HIGHEST SLP 30.36 ON 21
DPTR FM NORMAL 2 LOWEST SLP 29.50 ON 3
[REMARKS]
#FINAL-03-23#