000
CXUS53 KGRB 011845
CF6AIG
PRELIMINARY LOCAL CLIMATOLOGICAL DATA (WS FORM: F-6)
STATION: ANTIGO AWOS
MONTH: APRIL
YEAR: 2022
LATITUDE: 45 9 N
LONGITUDE: 89 8 W
TEMPERATURE IN F: :PCPN: SNOW: WIND :SUNSHINE: SKY :PK WND
================================================================================
1 2 3 4 5 6A 6B 7 8 9 10 11 12 13 14 15 16 17 18
12Z AVG MX 2MIN
DY MAX MIN AVG DEP HDD CDD WTR SNW DPTH SPD SPD DIR MIN PSBL S-S WX SPD DR
================================================================================
1 41 23 32 -2 33 0 M M M 5.1 9 200 M M 4 M M
2 39 29 34 -1 31 0 0.02 M M 3.6 8 180 M M 10 M M
3 42 28 35 0 30 0 0.01 M M 4.9 13 130 M M 5 M M
4 38 29 34 -2 31 0 0.01 M M 4.1 10 120 M M 8 12 M M
5 35 28 32 -4 33 0 0.06 M M 10.5 22 120 M M 10 12 31 120
6 44 33 39 2 26 0 0.14 M M 13.5 26 120 M M 9 1 32 120
7 37 30 34 -3 31 0 M M M 7.5 21 360 M M 10 1 25 360
8 30 28 29 -9 36 0 M M M 14.0 18 340 M M 10 1 25 360
9 46 23 35 -3 30 0 M M M 7.1 13 350 M M 1 20 350
10 52 27 40 1 25 0 M M M 13.2 23 130 M M 2 32 120
11 54 34 44 5 21 0 M M M 13.3 27 270 M M 3 38 250
12 54 28 41 1 24 0 0.26 M M 11.3 32 100 M M 5 41 100
13 48 32 40 0 25 0 0.26 M M 10.8 24 80 M M 10 12 39 110
14 32 25 29 -12 36 0 M M M 18.4 36 230 M M 7 8 43 230
15 30 21 26 -15 39 0 M M M 16.7 23 270 M M 9 8 35 260
16 32 21 27 -15 38 0 M M M 13.1 21 290 M M 8 26 300
17 40 20 30 -12 35 0 M M M 6.8 12 130 M M 3 17 140
18 33 27 30 -13 35 0 0.12 1.0 1 9.1 14 330 M M 10 20 340
19 43 29 36 -7 29 0 M M M 9.2 16 350 M M 5 23 330
20 45 30 38 -6 27 0 0.20 M M 13.1 23 150 M M 10 1 31 140
21 52 34 43 -1 22 0 M M M 11.6 20 260 M M 5 1 30 280
22 45 30 38 -7 27 0 M M M 13.7 22 120 M M 6 12 30 120
23 69 40 55 10 10 0 0.11 M M 12.1 18 140 M M 10 12 24 140
24 63 44 54 9 11 0 0.14 M M 19.5 35 230 M M 7 43 230
25 44 32 38 -8 27 0 M M M 11.3 15 300 M M 10 8 25 250
26 32 25 29 -17 36 0 M M M 11.7 17 280 M M 9 23 280
27 46 23 35 -12 30 0 M M M 7.7 13 350 M M 3 16 350
28 50 24 37 -10 28 0 M M M 11.5 16 130 M M 5 21 130
29 59 37 48 1 17 0 M M M 13.4 21 120 M M 4 25 140
30 46 39 43 -5 22 0 0.50 M M 22.9 35 90 M M 10 44 90
================================================================================
SM 1321 873 845 0 1.83 1.0 340.8 M 208
================================================================================
AV 44.0 29.1 11.4 FASTST M M 7 MAX(MPH)
MISC ----> 36 230 44 90
================================================================================
NOTES:
# LAST OF SEVERAL OCCURRENCES
COLUMN 17 PEAK WIND IN M.P.H.
PRELIMINARY LOCAL CLIMATOLOGICAL DATA (WS FORM: F-6) , PAGE 2
STATION: ANTIGO AWOS
MONTH: APRIL
YEAR: 2022
LATITUDE: 45 9 N
LONGITUDE: 89 8 W
[TEMPERATURE DATA] [PRECIPITATION DATA] SYMBOLS USED IN COLUMN 16
AVERAGE MONTHLY: 36.6 TOTAL FOR MONTH: 1.83 1 = FOG OR MIST
DPTR FM NORMAL: -4.8 DPTR FM NORMAL: -0.55 2 = FOG REDUCING VISIBILITY
HIGHEST: 69 ON 23 GRTST 24HR 0.50 ON 30-30 TO 1/4 MILE OR LESS
LOWEST: 20 ON 17 3 = THUNDER
SNOW, ICE PELLETS, HAIL 4 = ICE PELLETS
TOTAL MONTH: 1.0 INCH 5 = HAIL
GRTST 24HR 1.0 ON 18-18 6 = FREEZING RAIN OR DRIZZLE
GRTST DEPTH: 1 ON 18 7 = DUSTSTORM OR SANDSTORM:
VSBY 1/2 MILE OR LESS
8 = SMOKE OR HAZE
[NO. OF DAYS WITH] [WEATHER - DAYS WITH] 9 = BLOWING SNOW
X = TORNADO
MAX 32 OR BELOW: 5 0.01 INCH OR MORE: 12
MAX 90 OR ABOVE: 0 0.10 INCH OR MORE: 8
MIN 32 OR BELOW: 23 0.50 INCH OR MORE: 1
MIN 0 OR BELOW: 0 1.00 INCH OR MORE: 0
[HDD (BASE 65) ]
TOTAL THIS MO. 845 CLEAR (SCALE 0-3) 5
DPTR FM NORMAL 134 PTCLDY (SCALE 4-7) 10
TOTAL FM JUL 1 8478 CLOUDY (SCALE 8-10) 15
DPTR FM NORMAL -97
[CDD (BASE 65) ]
TOTAL THIS MO. 0
DPTR FM NORMAL -1 [PRESSURE DATA]
TOTAL FM JAN 1 0 HIGHEST SLP M ON M
DPTR FM NORMAL -1 LOWEST SLP M ON M
[REMARKS]
#FINAL-04-22#