000
CXAK56 PAJK 011310
CF6AJN
PRELIMINARY LOCAL CLIMATOLOGICAL DATA (WS FORM: F-6)
STATION: JUNEAU
MONTH: MAY
YEAR: 2021
LATITUDE: 58 22 N
LONGITUDE: 134 35 W
TEMPERATURE IN F: :PCPN: SNOW: WIND :SUNSHINE: SKY :PK WND
================================================================================
1 2 3 4 5 6A 6B 7 8 9 10 11 12 13 14 15 16 17 18
12Z AVG MX 2MIN
DY MAX MIN AVG DEP HDD CDD WTR SNW DPTH SPD SPD DIR MIN PSBL S-S WX SPD DR
================================================================================
1 53 37 45 0 20 0 0.02 0.0 0 4.4 13 110 M M 8 1 16 300
2 54 33 44 -1 21 0 0.00 0.0 0 4.9 16 130 M M 8 2 19 130
3 49 40 45 -1 20 0 0.08 0.0 0 8.8 22 120 M M 10 28 140
4 47 42 45 -1 20 0 0.57 0.0 0 8.9 16 110 M M 9 1 21 110
5 55 39 47 1 18 0 0.00 0.0 0 5.2 12 240 M M 10 1 15 220
6 59 42 51 5 14 0 0.01 0.0 0 6.2 16 260 M M 9 21 260
7 50 45 48 1 17 0 0.34 0.0 0 8.5 18 110 M M 10 1 24 110
8 51 45 48 1 17 0 0.05 0.0 0 11.7 20 130 M M 9 26 130
9 50 42 46 -1 19 0 0.36 0.0 0 5.0 12 290 M M 10 1 15 70
10 54 40 47 -1 18 0 0.08 0.0 0 10.0 21 130 M M 9 1 25 150
11 51 44 48 0 17 0 0.38 0.0 0 7.4 14 110 M M 9 1 17 110
12 53 43 48 0 17 0 0.02 0.0 0 3.1 13 230 M M 9 14 230
13 47 43 45 -3 20 0 0.32 0.0 0 9.7 18 110 M M 10 1 22 100
14 48 42 45 -3 20 0 0.36 0.0 0 14.7 23 120 M M 10 1 29 130
15 51 40 46 -3 19 0 0.40 0.0 0 8.2 25 110 M M 9 1 31 110
16 48 38 43 -6 22 0 0.04 0.0 0 6.5 15 110 M M 8 20 110
17 55 36 46 -3 19 0 T 0.0 0 5.1 15 230 M M 6 18 280
18 63 33 48 -2 17 0 0.00 0.0 0 6.3 17 230 M M 2 19 230
19 61 35 48 -2 17 0 0.00 0.0 0 8.1 17 280 M M 4 21 290
20 63 41 52 2 13 0 0.00 0.0 0 5.0 15 110 M M 8 17 240
21 52 48 50 0 15 0 0.40 0.0 0 13.8 24 120 M M 10 1 30 120
22 49 44 47 -3 18 0 0.73 0.0 0 10.0 20 120 M M 10 1 24 110
23 56 41 49 -2 16 0 0.22 0.0 0 4.2 13 230 M M 8 1 18 270
24 58 42 50 -1 15 0 0.10 0.0 0 5.0 14 230 M M 8 1 17 230
25 62 41 52 1 13 0 0.04 0.0 0 8.0 23 120 M M 8 29 130
26 52 45 49 -2 16 0 0.13 0.0 0 7.1 20 120 M M 9 1 23 130
27 55 46 51 -1 14 0 0.01 0.0 0 4.8 15 270 M M 9 18 280
28 50 46 48 -4 17 0 0.23 0.0 0 11.4 18 110 M M 10 24 130
29 54 46 50 -2 15 0 0.12 0.0 0 10.6 20 120 M M 10 1 25 120
30 52 47 50 -2 15 0 0.42 0.0 0 10.4 16 110 M M 10 1 21 120
31 56 48 52 0 13 0 1.48 0.0 0 11.7 26 110 M M 10 1 34 120
================================================================================
SM 1658 1294 532 0 6.91 0.0 244.7 M 269
================================================================================
AV 53.5 41.7 7.9 FASTST M M 9 MAX(MPH)
MISC ----> 26 110 34 120
================================================================================
NOTES:
# LAST OF SEVERAL OCCURRENCES
COLUMN 17 PEAK WIND IN M.P.H.
PRELIMINARY LOCAL CLIMATOLOGICAL DATA (WS FORM: F-6) , PAGE 2
STATION: JUNEAU
MONTH: MAY
YEAR: 2021
LATITUDE: 58 22 N
LONGITUDE: 134 35 W
[TEMPERATURE DATA] [PRECIPITATION DATA] SYMBOLS USED IN COLUMN 16
AVERAGE MONTHLY: 47.6 TOTAL FOR MONTH: 6.91 1 = FOG OR MIST
DPTR FM NORMAL: -1.4 DPTR FM NORMAL: 3.40 2 = FOG REDUCING VISIBILITY
HIGHEST: 63 ON 20,18 GRTST 24HR 1.52 ON 30-31 TO 1/4 MILE OR LESS
LOWEST: 33 ON 18, 2 3 = THUNDER
SNOW, ICE PELLETS, HAIL 4 = ICE PELLETS
TOTAL MONTH: 0.0 INCH 5 = HAIL
GRTST 24HR 0.0 6 = FREEZING RAIN OR DRIZZLE
GRTST DEPTH: 0 7 = DUSTSTORM OR SANDSTORM:
VSBY 1/2 MILE OR LESS
8 = SMOKE OR HAZE
[NO. OF DAYS WITH] [WEATHER - DAYS WITH] 9 = BLOWING SNOW
X = TORNADO
MAX 32 OR BELOW: 0 0.01 INCH OR MORE: 25
MAX 90 OR ABOVE: 0 0.10 INCH OR MORE: 16
MIN 32 OR BELOW: 0 0.50 INCH OR MORE: 3
MIN 0 OR BELOW: 0 1.00 INCH OR MORE: 1
[HDD (BASE 65) ]
TOTAL THIS MO. 532 CLEAR (SCALE 0-3) 1
DPTR FM NORMAL 34 PTCLDY (SCALE 4-7) 7
TOTAL FM JUL 1 7856 CLOUDY (SCALE 8-10) 23
DPTR FM NORMAL -168
[CDD (BASE 65) ]
TOTAL THIS MO. 0
DPTR FM NORMAL 0 [PRESSURE DATA]
TOTAL FM JAN 1 0 HIGHEST SLP 30.32 ON 9
DPTR FM NORMAL 0 LOWEST SLP 29.58 ON 6
[REMARKS]
#FINAL-05-21#